000
CXUS52 KCAE 011723
CLMCUB
CLIMATE REPORT
NATIONAL WEATHER SERVICE COLUMBIA SC
123 PM EDT TUE AUG 01 2023
...................................
...THE HAMILTON - OWENS AIRPORT SC CLIMATE SUMMARY FOR THE MONTH OF JULY 2023...
CLIMATE NORMAL PERIOD: 1991 TO 2020
CLIMATE RECORD PERIOD: 9999 TO 9999
WEATHER OBSERVED NORMAL DEPART LAST YEAR`S
VALUE DATE(S) VALUE FROM VALUE
NORMAL
..............................................................
TEMPERATURE (F)
HIGHEST 96 07/20 MM MM
LOWEST 67 07/11 MM MM
AVG. MAXIMUM 92.0 93.2 -1.2
AVG. MINIMUM 73.5 73.3 0.2
MEAN 82.8 83.2 -0.4
DAYS MAX >= 90 27 23.6 3.4
DAYS MAX <= 32 0 0.0 0.0
DAYS MIN <= 32 0 0.0 0.0
DAYS MIN <= 0 0 0.0 0.0
PRECIPITATION (INCHES)
TOTALS 3.36R 4.80 -1.44
DAYS >= .01 11 11.7 -0.7
DAYS >= .10 7 7.4 -0.4
DAYS >= .50 2 3.2 -1.2
DAYS >= 1.00 0 1.1 -1.1
GREATEST
24 HR. TOTAL 0.82 07/09 TO 07/10
DAYS >= TRACE MM
DEGREE DAYS
HEATING TOTAL 0 0 0
SINCE 7/1 0 0 0
COOLING TOTAL 559 566 -7
SINCE 1/1 1202 1407 -205
..............................................................
WIND (MPH)
AVERAGE WIND SPEED 3.1
RESULTANT WIND SPEED/DIRECTION 1/200
HIGHEST WIND SPEED/DIRECTION 23/250 DATE 07/07
HIGHEST GUST SPEED/DIRECTION 35/360 DATE 07/21
SKY COVER
POSSIBLE SUNSHINE (PERCENT) MM
AVERAGE SKY COVER 0.22
NUMBER OF DAYS FAIR 25
NUMBER OF DAYS PC 6
NUMBER OF DAYS CLOUDY 0
AVERAGE RH (PERCENT) 72
WEATHER CONDITIONS. NUMBER OF DAYS WITH
THUNDERSTORM 18 MIXED PRECIP 0
HEAVY RAIN 7 RAIN 8
LIGHT RAIN 10 FREEZING RAIN 0
LT FREEZING RAIN 0 HAIL 0
HEAVY SNOW 0 SNOW 0
LIGHT SNOW 0 SLEET 0
FOG 22 FOG W/VIS <= 1/4 MILE 2
HAZE 10
- INDICATES NEGATIVE NUMBERS.
R INDICATES RECORD WAS SET OR TIED.
MM INDICATES DATA IS MISSING.
T INDICATES TRACE AMOUNT.
$$