000
CXUS51 KILN 012118
CLMCVG
CLIMATE REPORT
NATIONAL WEATHER SERVICE WILMINGTON OH
418 PM EST MON JAN 01 2024
...................................
...THE CINCINNATI OH CLIMATE SUMMARY FOR THE MONTH OF DECEMBER 2023...
CLIMATE NORMAL PERIOD: 1991 TO 2020
CLIMATE RECORD PERIOD: 1869 TO 2023
WEATHER OBSERVED NORMAL DEPART LAST YEAR`S
VALUE DATE(S) VALUE FROM VALUE DATE(S)
NORMAL
................................................................
TEMPERATURE (F)
RECORD
HIGH 75 12/03/1982
12/02/1982
LOW -20 12/22/1989
HIGHEST 61 12/08 42 19 65 12/30
12/24
LOWEST 17 12/19 26 -9 -8 12/23
AVG. MAXIMUM 49.1 43.3 5.8 43.2
AVG. MINIMUM 33.6 27.9 5.7 27.6
MEAN 41.4 35.6 5.8 35.4
DAYS MAX >= 90 0 0.0 0.0 0
DAYS MAX <= 32 0 5.9 -5.9 5
DAYS MIN <= 32 14 20.9 -6.9 19
DAYS MIN <= 0 0 0.2 -0.2 2
PRECIPITATION (INCHES)
TOTALS 1.97 3.73 -1.76 2.69
DAILY AVG. 0.06 0.12 -0.06 0.09
DAYS >= .01 13 12.4 0.6 12
DAYS >= .10 5 6.7 -1.7 5
DAYS >= .50 1 2.6 -1.6 2
DAYS >= 1.00 0 0.8 -0.8 0
GREATEST
24 HR. TOTAL 0.57 12/16 TO 12/17 1.01 12/14 TO 12/15
SNOWFALL (INCHES)
TOTALS 0.9 4.1 -3.2 5.6
SINCE 7/1 0.9 5.1 -4.2 7.2
DAYS >= TRACE 7 4.6 2.4 5
DAYS >= 1.0 0 1.4 -1.4 2
GREATEST
24 HR TOTAL 0.8 12/18 TO 12/18 3.6 12/22 TO 12/22
DEGREE DAYS
HEATING TOTAL 726 911 -185 910
SINCE 7/1 1562 1880 -318 1834
COOLING TOTAL 0 0 0 0
SINCE 1/1 1099 1161 -62 1324
................................................................
WIND (MPH)
AVERAGE WIND SPEED 7.8
RESULTANT WIND SPEED/DIRECTION 4/220
HIGHEST WIND SPEED/DIRECTION 31/310 DATE 12/18
HIGHEST GUST SPEED/DIRECTION 40/300 DATE 12/18
SKY COVER
AVERAGE SKY COVER 0.73
AVERAGE RH (PERCENT) 74
WEATHER CONDITIONS. NUMBER OF DAYS WITH
THUNDERSTORM 1 MIXED PRECIP 0
HEAVY RAIN 2 RAIN 5
LIGHT RAIN 15 FREEZING RAIN 0
LT FREEZING RAIN 0 HAIL 1
HEAVY SNOW 0 SNOW 1
LIGHT SNOW 6 SLEET 0
FOG 18 FOG W/VIS <= 1/4 MILE 2
HAZE 1
- INDICATES NEGATIVE NUMBERS.
R INDICATES RECORD WAS SET OR TIED.
MM INDICATES DATA IS MISSING.
T INDICATES TRACE AMOUNT.
$$