000
CXUS52 KCHS 010915
CF6CXM
PRELIMINARY LOCAL CLIMATOLOGICAL DATA (WS FORM: F-6)
STATION: DOWNTOWN CHARLESTON SC
MONTH: NOVEMBER
YEAR: 2021
LATITUDE: 32 46 N
LONGITUDE: 79 56 W
TEMPERATURE IN F: :PCPN: SNOW: WIND :SUNSHINE: SKY :PK WND
================================================================================
1 2 3 4 5 6A 6B 7 8 9 10 11 12 13 14 15 16 17 18
12Z AVG MX 2MIN
DY MAX MIN AVG DEP HDD CDD WTR SNW DPTH SPD SPD DIR MIN PSBL S-S WX SPD DR
================================================================================
1 71 57 64 0 1 0 0.00 M M 5.1 11 20 M M M 16 20
2 75 59 67 3 0 2 0.00 M M 3.2 8 360 M M M 10 360
3 64 54 59 -5 6 0 0.00 M M 12.5 18 10 M M M 23 20
4 63 48 56 -7 9 0 0.00 M M 13.2 19 20 M M M 23 20
5 51 47 49 -14 16 0 0.08 M M 17.1 23 20 M M M 30 20
6 53 47 50 -13 15 0 0.36 M M 21.4 27 360 M M M 40 350
7 63 52 58 -4 7 0 0.24 M M 14.3 24 360 M M M 33 360
8 69 49 59 -3 6 0 0.00 M M 7.6 16 10 M M M 21 10
9 71 52 62 0 3 0 0.00 M M 3.4 10 360 M M M 12 360
10 71 54 63 2 2 0 0.00 M M 2.7 7 130 M M M 8 280
11 71 58 65 4 0 0 0.02 M M 4.8 13 170 M M M 15 170
12 74 60 67 6 0 2 0.00 M M 4.3 10 340 M M M 15 330
13 72 54 63 2 2 0 0.00 M M 3.0 7 310 M M M 11 240
14 63 47 55 -5 10 0 0.00 M M 5.3 10 200 M M M 13 280
15 66 49 58 -2 7 0 0.00 M M 5.0 10 320 M M M 15 300
16 69 50 60 0 5 0 0.00 M M 3.4 13 170 M M M 14 170
17 74 54 64 4 1 0 0.00 M M 2.1 11 130 M M M 12 120
18 74 59 67 8 0 2 0.00 M M 2.4 11 170 M M M 14 170
19 65 50 58 -1 7 0 0.00 M M 12.0 23 10 M M M 28 10
20 61 45 53 -6 12 0 0.00 M M 12.2 19 30 M M M 24 20
21 71 47 59 0 6 0 0.00 M M 5.9 12 20 M M M 15 360
22 66 55 61 3 4 0 0.00 M M 4.3 13 20 M M M 16 20
23 55 42 49 -9 16 0 0.00 M M 11.3 22 360 M M M 28 360
24 56 40 48 -10 17 0 0.00 M M 6.1 11 20 M M M 12 20
25 64 45 55 -3 10 0 0.00 M M 4.3 7 210 M M M 10 170
26 65 50 58 1 7 0 0.00 M M 5.9 11 290 M M M 18 290
27 56 42 49 -8 16 0 0.00 M M 5.7 13 20 M M M 16 20
28 61 49 55 -2 10 0 0.00 M M 4.3 7 290 M M M 12 250
29 57 45 51 -6 14 0 0.00 M M 7.9 18 10 M M M 23 10
30 62 43 53 -4 12 0 0.00 M M 3.6 10 200 M M M 13 200
================================================================================
SM 1953 1503 221 6 0.70 M 214.3 M M
================================================================================
AV 65.1 50.1 7.1 FASTST M M M MAX(MPH)
MISC ----> 27 360 40 350
================================================================================
NOTES:
# LAST OF SEVERAL OCCURRENCES
COLUMN 17 PEAK WIND IN M.P.H.
PRELIMINARY LOCAL CLIMATOLOGICAL DATA (WS FORM: F-6) , PAGE 2
STATION: DOWNTOWN CHARLESTON SC
MONTH: NOVEMBER
YEAR: 2021
LATITUDE: 32 46 N
LONGITUDE: 79 56 W
[TEMPERATURE DATA] [PRECIPITATION DATA] SYMBOLS USED IN COLUMN 16
AVERAGE MONTHLY: 57.6 TOTAL FOR MONTH: 0.70 1 = FOG OR MIST
DPTR FM NORMAL: -2.5 DPTR FM NORMAL: -1.60 2 = FOG REDUCING VISIBILITY
HIGHEST: 75 ON 2 GRTST 24HR 0.36 ON 6- 6 TO 1/4 MILE OR LESS
LOWEST: 40 ON 24 3 = THUNDER
SNOW, ICE PELLETS, HAIL 4 = ICE PELLETS
TOTAL MONTH: M 5 = HAIL
GRTST 24HR M ON M 6 = FREEZING RAIN OR DRIZZLE
GRTST DEPTH: M ON M 7 = DUSTSTORM OR SANDSTORM:
VSBY 1/2 MILE OR LESS
8 = SMOKE OR HAZE
[NO. OF DAYS WITH] [WEATHER - DAYS WITH] 9 = BLOWING SNOW
X = TORNADO
MAX 32 OR BELOW: 0 0.01 INCH OR MORE: 4
MAX 90 OR ABOVE: 0 0.10 INCH OR MORE: 2
MIN 32 OR BELOW: 0 0.50 INCH OR MORE: 0
MIN 0 OR BELOW: 0 1.00 INCH OR MORE: 0
[HDD (BASE 65) ]
TOTAL THIS MO. 221 CLEAR (SCALE 0-3) 0
DPTR FM NORMAL 40 PTCLDY (SCALE 4-7) 0
TOTAL FM JUL 1 226 CLOUDY (SCALE 8-10) 30
DPTR FM NORMAL 11
[CDD (BASE 65) ]
TOTAL THIS MO. 6
DPTR FM NORMAL -28 [PRESSURE DATA]
TOTAL FM JAN 1 2795 HIGHEST SLP M ON M
DPTR FM NORMAL 354 LOWEST SLP 29.70 ON 7
[REMARKS]
#FINAL-11-21#