000
CXUS54 KHGX 020713
CF6CXO
PRELIMINARY LOCAL CLIMATOLOGICAL DATA (WS FORM: F-6)
STATION: CONROE
MONTH: MAY
YEAR: 2022
LATITUDE: 30 21 N
LONGITUDE: 95 25 W
TEMPERATURE IN F: :PCPN: SNOW: WIND :SUNSHINE: SKY :PK WND
================================================================================
1 2 3 4 5 6A 6B 7 8 9 10 11 12 13 14 15 16 17 18
12Z AVG MX 2MIN
DY MAX MIN AVG DEP HDD CDD WTR SNW DPTH SPD SPD DIR MIN PSBL S-S WX SPD DR
================================================================================
1 88 68 78 8 0 13 0.10 0.0 0 5.5 40 190 M M 5 13 55 190
2 89 70 80 9 0 15 0.00 0.0 0 11.2 24 170 M M 4 1 35 150
3 87 72 80 9 0 15 0.00 0.0 0 9.2 18 150 M M 6 18 24 160
4 87 71 79 8 0 14 T 0.0 0 9.6 20 150 M M 7 1 27 160
5 88 62 75 3 0 10 1.41 0.0 0 9.4 29 320 M M 7 13 47 320
6 86 57 72 0 0 7 0.00 0.0 0 3.7 9 170 M M 3 12 14 70
7 91 70 81 9 0 16 0.00 0.0 0 6.8 14 160 M M 5 12 19 140
8 94 74 84 12 0 19 0.00 0.0 0 11.0 20 150 M M 4 18 28 130
9 91 74 83 10 0 18 0.00 0.0 0 11.3 22 170 M M 4 29 140
10 90 71 81 8 0 16 0.00 0.0 0 8.2 17 170 M M 2 22 140
11 90 66 78 5 0 13 0.00 0.0 0 5.3 15 140 M M 4 18 21 140
12 90 61 76 2 0 11 0.00 0.0 0 4.4 15 150 M M 2 12 20 140
13 91 60 76 2 0 11 0.00 0.0 M 4.7 14 180 M M 1 20 190
14 89 67 78 4 0 13 0.00 0.0 0 4.1 12 150 M M 2 16 140
15 92 66 79 4 0 14 0.00 0.0 0 5.9 14 190 M M 2 1 23 220
16 91 68 80 5 0 15 0.00 0.0 0 3.2 17 200 M M 1 21 200
17 94 66 80 5 0 15 0.00 0.0 0 6.9 17 150 M M 1 18 24 150
18 97 73 85 9 0 20 0.00 0.0 0 12.6 20 160 M M 3 26 190
19 94 73 84 8 0 19 0.00 0.0 0 12.7 23 150 M M 3 30 140
20 95 74 85 9 0 20 0.00 0.0 0 15.8 28 170 M M 4 8 35 170
21 95 77 86 10 0 21 0.00 0.0 0 11.1 22 170 M M 7 18 30 170
22 82 66 74 -3 0 9 3.63 0.0 0 6.6 24 120 M M 6 13 36 120
23 80 65 73 -4 0 8 0.00 0.0 0 4.0 12 120 M M 7 1 17 110
24 79 68 74 -3 0 9 0.20 0.0 0 5.4 26 160 M M 7 13 37 160
25 81 59 70 -7 0 5 0.63 0.0 0 6.7 28 320 M M 3 13 41 320
26 91 54 73 -5 0 8 0.00 0.0 0 4.2 15 290 M M 0 23 280
27 93 63 78 0 0 13 0.00 0.0 0 4.6 14 300 M M 2 20 270
28 94 57 76 -2 0 11 0.00 0.0 0 5.6 13 140 M M 0 19 130
29 93 72 83 5 0 18 0.00 0.0 0 11.0 21 160 M M 4 29 160
30 92 75 84 6 0 19 T 0.0 0 14.7 22 150 M M 3 31 160
31 92 74 83 4 0 18 T 0.0 0 9.7 20 150 M M 3 26 140
================================================================================
SM 2786 2093 0 433 5.97 0.0 245.1 M 112
================================================================================
AV 89.9 67.5 7.9 FASTST M M 4 MAX(MPH)
MISC ----> 40 190 55 190
================================================================================
NOTES:
# LAST OF SEVERAL OCCURRENCES
COLUMN 17 PEAK WIND IN M.P.H.
PRELIMINARY LOCAL CLIMATOLOGICAL DATA (WS FORM: F-6) , PAGE 2
STATION: CONROE
MONTH: MAY
YEAR: 2022
LATITUDE: 30 21 N
LONGITUDE: 95 25 W
[TEMPERATURE DATA] [PRECIPITATION DATA] SYMBOLS USED IN COLUMN 16
AVERAGE MONTHLY: 78.7 TOTAL FOR MONTH: 5.97 1 = FOG OR MIST
DPTR FM NORMAL: 3.9 DPTR FM NORMAL: 1.18 2 = FOG REDUCING VISIBILITY
HIGHEST: 97 ON 18 GRTST 24HR 3.63 ON 22-22 TO 1/4 MILE OR LESS
LOWEST: 54 ON 26 3 = THUNDER
SNOW, ICE PELLETS, HAIL 4 = ICE PELLETS
TOTAL MONTH: 0.0 INCH 5 = HAIL
GRTST 24HR 0.0 6 = FREEZING RAIN OR DRIZZLE
GRTST DEPTH: 0 7 = DUSTSTORM OR SANDSTORM:
VSBY 1/2 MILE OR LESS
8 = SMOKE OR HAZE
[NO. OF DAYS WITH] [WEATHER - DAYS WITH] 9 = BLOWING SNOW
X = TORNADO
MAX 32 OR BELOW: 0 0.01 INCH OR MORE: 5
MAX 90 OR ABOVE: 20 0.10 INCH OR MORE: 5
MIN 32 OR BELOW: 0 0.50 INCH OR MORE: 3
MIN 0 OR BELOW: 0 1.00 INCH OR MORE: 2
[HDD (BASE 65) ]
TOTAL THIS MO. 0 CLEAR (SCALE 0-3) 14
DPTR FM NORMAL -5 PTCLDY (SCALE 4-7) 17
TOTAL FM JUL 1 1653 CLOUDY (SCALE 8-10) 0
DPTR FM NORMAL -49
[CDD (BASE 65) ]
TOTAL THIS MO. 433
DPTR FM NORMAL 125 [PRESSURE DATA]
TOTAL FM JAN 1 666 HIGHEST SLP 30.16 ON 22
DPTR FM NORMAL 148 LOWEST SLP 29.67 ON 24
[REMARKS]
#FINAL-05-22#