000
CXUS55 KCYS 011610
CF6CYS
PRELIMINARY LOCAL CLIMATOLOGICAL DATA (WS FORM: F-6)
STATION: CHEYENNE WYOMING AIRPORT
MONTH: JUNE
YEAR: 2023
LATITUDE: 41 9 N
LONGITUDE: 104 49 W
TEMPERATURE IN F: :PCPN: SNOW: WIND :SUNSHINE: SKY :PK WND
================================================================================
1 2 3 4 5 6A 6B 7 8 9 10 11 12 13 14 15 16 17 18
12Z AVG MX 2MIN
DY MAX MIN AVG DEP HDD CDD WTR SNW DPTH SPD SPD DIR MIN PSBL S-S WX SPD DR
================================================================================
1 67 47 57 -1 8 0 0.01 0.0 0 7.1 21 70 M M 4 13 28 80
2 67 50 59 0 6 0 0.02 0.0 0 7.6 22 230 M M 8 3 30 220
3 61 51 56 -3 9 0 0.12 0.0 0 4.8 13 70 M M 8 1 16 90
4 67 53 60 1 5 0 0.04 0.0 0 9.3 23 120 M M 9 138 30 120
5 68 50 59 -1 6 0 T 0.0 0 12.6 25 200 M M 5 3 34 210
6 74 47 61 1 4 0 0.23 0.0 0 8.2 24 280 M M 2 38 30 270
7 75 50 63 3 2 0 0.19 0.0 0 7.9 22 140 M M 3 13 35 140
8 75 51 63 2 2 0 0.16 0.0 0 5.9 17 290 M M 3 3 24 280
9 77 50 64 3 1 0 0.09 0.0 0 8.8 32 280 M M 2 3 42 280
10 70 49 60 -1 5 0 T 0.0 0 8.7 24 260 M M 2 3 37 270
11 63 49 56 -6 9 0 0.04 0.0 0 9.7 21 110 M M 8 13 28 120
12 62 49 56 -6 9 0 0.66 0.0 0 9.0 22 130 M M 9 13 26 130
13 63 49 56 -6 9 0 0.32 0.0 0 6.3 16 220 M M 6 138 24 50
14 72 46 59 -4 6 0 0.02 0.0 0 10.7 30 280 M M 3 3 42 280
15 69 53 61 -2 4 0 T 0.0 0 9.3 23 360 M M 7 3 35 360
16 59 49 54 -9 11 0 0.05 0.0 0 9.4 18 20 M M 9 1 29 40
17 65 47 56 -8 9 0 0.51 0.0 0 7.3 17 200 M M 5 13 25 310
18 78 46 62 -2 3 0 T 0.0 0 9.8 23 250 M M 1 33 260
19 82 54 68 4 0 3 0.00 0.0 0 10.4 22 160 M M 0 8 32 160
20 81 52 67 3 0 2 0.00 0.0 0 6.3 16 140 M M 0 8 20 140
21 76 54 65 0 0 0 0.03 0.0 0 11.7 32 110 M M 7 1238 44 80
22 74 55 65 0 0 0 0.16 0.0 0 12.9 23 130 M M 4 13 32 150
23 76 54 65 -1 0 0 0.00 0.0 0 10.4 28 300 M M 6 12 42 310
24 76 51 64 -2 1 0 0.00 0.0 0 20.0 36 260 M M 0 49 290
25 75 45 60 -6 5 0 0.00 0.0 0 7.7 18 140 M M 1 25 110
26 81 54 68 2 0 3 0.00 0.0 0 11.1 22 190 M M 1 30 140
27 90 59 75 8 0 10 0.00 0.0 0 11.2 26 270 M M 3 12 36 260
28 83 54 69 2 0 4 T 0.0 0 8.9 22 160 M M 2 138 30 160
29 79 52 66 -1 0 1 0.64 0.0 0 13.1 28 330 M M 5 138 43 340
30 65 50 58 -10 7 0 0.26 0.0 0 8.0 16 210 M M 2 135 22 210
================================================================================
SM 2170 1520 121 23 3.55 0.0 284.1 M 125
================================================================================
AV 72.3 50.7 9.5 FASTST M M 4 MAX(MPH)
MISC ----> 36 260 49 290
================================================================================
NOTES:
# LAST OF SEVERAL OCCURRENCES
COLUMN 17 PEAK WIND IN M.P.H.
PRELIMINARY LOCAL CLIMATOLOGICAL DATA (WS FORM: F-6) , PAGE 2
STATION: CHEYENNE WYOMING AIRPORT
MONTH: JUNE
YEAR: 2023
LATITUDE: 41 9 N
LONGITUDE: 104 49 W
[TEMPERATURE DATA] [PRECIPITATION DATA] SYMBOLS USED IN COLUMN 16
AVERAGE MONTHLY: 61.5 TOTAL FOR MONTH: 3.55 1 = FOG OR MIST
DPTR FM NORMAL: -1.6 DPTR FM NORMAL: 1.39 2 = FOG REDUCING VISIBILITY
HIGHEST: 90 ON 27 GRTST 24HR 0.90 ON 29-30 TO 1/4 MILE OR LESS
LOWEST: 45 ON 25 3 = THUNDER
SNOW, ICE PELLETS, HAIL 4 = ICE PELLETS
TOTAL MONTH: 0.0 INCH 5 = HAIL
GRTST 24HR 0.0 6 = FREEZING RAIN OR DRIZZLE
GRTST DEPTH: 0 7 = DUSTSTORM OR SANDSTORM:
VSBY 1/2 MILE OR LESS
8 = SMOKE OR HAZE
[NO. OF DAYS WITH] [WEATHER - DAYS WITH] 9 = BLOWING SNOW
X = TORNADO
MAX 32 OR BELOW: 0 0.01 INCH OR MORE: 18
MAX 90 OR ABOVE: 1 0.10 INCH OR MORE: 10
MIN 32 OR BELOW: 0 0.50 INCH OR MORE: 3
MIN 0 OR BELOW: 0 1.00 INCH OR MORE: 0
[HDD (BASE 65) ]
TOTAL THIS MO. 121 CLEAR (SCALE 0-3) 15
DPTR FM NORMAL 6 PTCLDY (SCALE 4-7) 11
TOTAL FM JUL 1 7086 CLOUDY (SCALE 8-10) 4
DPTR FM NORMAL 127
[CDD (BASE 65) ]
TOTAL THIS MO. 23
DPTR FM NORMAL -33 [PRESSURE DATA]
TOTAL FM JAN 1 23 HIGHEST SLP 30.10 ON 16
DPTR FM NORMAL -37 LOWEST SLP 29.59 ON 27
[REMARKS]
#FINAL-06-23#