000
CXUS55 KCYS 021640
CF6CYS
PRELIMINARY LOCAL CLIMATOLOGICAL DATA (WS FORM: F-6)
STATION: CHEYENNE WYOMING AIRPORT
MONTH: JANUARY
YEAR: 2024
LATITUDE: 41 9 N
LONGITUDE: 104 49 W
TEMPERATURE IN F: :PCPN: SNOW: WIND :SUNSHINE: SKY :PK WND
================================================================================
1 2 3 4 5 6A 6B 7 8 9 10 11 12 13 14 15 16 17 18
12Z AVG MX 2MIN
DY MAX MIN AVG DEP HDD CDD WTR SNW DPTH SPD SPD DIR MIN PSBL S-S WX SPD DR
================================================================================
1 52 22 37 8 28 0 0.00 0.0 0 8.1 14 340 M M 2 21 310
2 44 16 30 1 35 0 0.00 0.0 0 9.3 20 280 M M 0 25 270
3 42 20 31 2 34 0 0.00 0.0 0 10.2 20 200 M M 0 25 170
4 39 19 29 0 36 0 0.00 0.0 0 6.4 17 20 M M 3 1 23 10
5 34 19 27 -2 38 0 T T 0 11.5 25 310 M M 7 1 35 300
6 33 13 23 -6 42 0 T T T 11.6 28 260 M M 1 36 290
7 33 20 27 -2 38 0 0.00 0.0 0 8.9 21 350 M M 6 28 350
8 22 11 17 -12 48 0 0.02 0.2 T 18.4 30 330 M M 5 1 43 330
9 37 11 24 -5 41 0 0.00 0.0 T 22.2 51 270 M M 0 67 270
10 30 20 25 -4 40 0 0.00 0.0 T 25.1 49 280 M M 1 65 270
11 24 0 12 -18 53 0 0.01 0.1 T 10.3 25 360 M M 4 1 37 350
12 27 -13 7 -23 58 0 0.11 1.9 T 17.1 35 270 M M 5 18 46 280
13 -6 -23 -14 -44 79 0 0.10 1.4 2 8.6 15 210 M M 7 8 20 350
14 6 -7 0 -30 65 0 0.15 2.1 3 9.7 21 360 M M 7 18 30 360
15 0 -14 -7 -37 72 0 0.08 1.9 4 14.3 24 300 M M 5 36 310
16 31 -5 13 -17 52 0 0.00 0.0 4 17.3 38 260 M M 0 8 48 260
17 41 26 34 4 31 0 0.00 0.0 4 14.5 37 260 M M 2 48 260
18 38 4 21 -9 44 0 0.05 0.8 2 17.6 39 270 M M 6 12 55 270
19 24 2 13 -16 52 0 0.00 0.0 3 9.2 17 200 M M 4 24 210
20 47 14 31 2 34 0 0.00 0.0 2 6.6 15 290 M M 2 20 280
21 46 30 38 9 27 0 0.00 0.0 1 11.4 26 260 M M 2 35 250
22 51 27 39 10 26 0 0.00 0.0 1 5.7 12 200 M M 6 16 200
23 46 26 36 7 29 0 0.00 0.0 T 7.7 20 200 M M 5 26 210
24 47 28 38 9 27 0 0.00 0.0 T 7.2 14 270 M M 7 16 280
25 48 22 35 6 30 0 0.00 0.0 T 7.2 15 280 M M 2 21 70
26 41 24 33 4 32 0 T T 0 7.7 15 10 M M 7 25 30
27 46 22 34 5 31 0 0.00 0.0 0 10.1 21 280 M M 0 31 280
28 54 30 42 13 23 0 0.00 0.0 0 10.4 23 280 M M 0 32 280
29 53 31 42 13 23 0 0.00 0.0 0 11.2 17 350 M M 1 24 290
30 60 24 42 13 23 0 0.00 0.0 0 5.5 12 280 M M 0 14 30
31 61 28 45 16 20 0 0.00 0.0 0 10.7 22 270 M M 0 27 280
================================================================================
SM 1151 447 1211 0 0.52 8.4 351.7 M 97
================================================================================
AV 37.1 14.4 11.3 FASTST M M 3 MAX(MPH)
MISC ----> 51 270 67 270
================================================================================
NOTES:
# LAST OF SEVERAL OCCURRENCES
COLUMN 17 PEAK WIND IN M.P.H.
PRELIMINARY LOCAL CLIMATOLOGICAL DATA (WS FORM: F-6) , PAGE 2
STATION: CHEYENNE WYOMING AIRPORT
MONTH: JANUARY
YEAR: 2024
LATITUDE: 41 9 N
LONGITUDE: 104 49 W
[TEMPERATURE DATA] [PRECIPITATION DATA] SYMBOLS USED IN COLUMN 16
AVERAGE MONTHLY: 25.8 TOTAL FOR MONTH: 0.52 1 = FOG OR MIST
DPTR FM NORMAL: -3.4 DPTR FM NORMAL: 0.17 2 = FOG REDUCING VISIBILITY
HIGHEST: 61 ON 31 GRTST 24HR 0.17 ON 11-11 TO 1/4 MILE OR LESS
LOWEST: -23 ON 13 3 = THUNDER
SNOW, ICE PELLETS, HAIL 4 = ICE PELLETS
TOTAL MONTH: 8.4 INCHES 5 = HAIL
GRTST 24HR 2.1 ON 14-14 6 = FREEZING RAIN OR DRIZZLE
GRTST DEPTH: 4 ON 17,16 7 = DUSTSTORM OR SANDSTORM:
VSBY 1/2 MILE OR LESS
8 = SMOKE OR HAZE
[NO. OF DAYS WITH] [WEATHER - DAYS WITH] 9 = BLOWING SNOW
X = TORNADO
MAX 32 OR BELOW: 9 0.01 INCH OR MORE: 7
MAX 90 OR ABOVE: 0 0.10 INCH OR MORE: 3
MIN 32 OR BELOW: 31 0.50 INCH OR MORE: 0
MIN 0 OR BELOW: 6 1.00 INCH OR MORE: 0
[HDD (BASE 65) ]
TOTAL THIS MO. 1211 CLEAR (SCALE 0-3) 17
DPTR FM NORMAL 101 PTCLDY (SCALE 4-7) 14
TOTAL FM JUL 1 3595 CLOUDY (SCALE 8-10) 0
DPTR FM NORMAL -333
[CDD (BASE 65) ]
TOTAL THIS MO. 0
DPTR FM NORMAL 0 [PRESSURE DATA]
TOTAL FM JAN 1 0 HIGHEST SLP 30.59 ON 19
DPTR FM NORMAL 0 LOWEST SLP 29.40 ON 10
[REMARKS]
#FINAL-01-24#
COOP BACKUP USED FOR SNOWFALL AND SNOW DEPTH FOR THE ENTIRE MONTH
JANUARY 5... COOP BACKUP USED FOR PRECIPITATION TO BE CONSISTENT WITH SNOWFALL
JANUARY 8... COOP BACKUP USED FOR PRECIPITATION TO BE CONSISTENT WITH SNOWFALL
JANUARY 12... COOP BACKUP USED FOR PRECIPITATION TO BE CONSISTENT WITH SNOWFALL
JANUARY 12... COOP BACKUP USED FOR MINIMUM TEMPERATURE DUE TO ASOS ERROR AT 21:28
JANUARY 13... COOP BACKUP USED FOR PRECIPITATION TO BE CONSISTENT WITH SNOWFALL
JANUARY 13... RECORD LOW MAXIMUM TEMPERATURE: -6F (PREVIOUS: -2F IN 1997)
JANUARY 14... COOP BACKUP USED FOR PRECIPITATION TO BE CONSISTENT WITH SNOWFALL
JANUARY 15... COOP BACKUP USED FOR PRECIPITATION TO BE CONSISTENT WITH SNOWFALL
JANUARY 18... COOP BACKUP USED FOR PRECIPITATION TO BE CONSISTENT WITH SNOWFALL