000
CXUS54 KFWD 051230
CF6DAL
PRELIMINARY LOCAL CLIMATOLOGICAL DATA (WS FORM: F-6)
STATION: DALLAS LOVE FIELD
MONTH: NOVEMBER
YEAR: 2023
LATITUDE: 32 51 N
LONGITUDE: 96 51 W
TEMPERATURE IN F: :PCPN: SNOW: WIND :SUNSHINE: SKY :PK WND
================================================================================
1 2 3 4 5 6A 6B 7 8 9 10 11 12 13 14 15 16 17 18
12Z AVG MX 2MIN
DY MAX MIN AVG DEP HDD CDD WTR SNW DPTH SPD SPD DIR MIN PSBL S-S WX SPD DR
================================================================================
1 57 35 46 -17 19 0 0.00 0.0 0 3.6 10 160 M M 0 15 130
2 63 38 51 -11 14 0 0.00 0.0 0 7.7 15 150 M M 1 20 160
3 72 48 60 -2 5 0 0.00 0.0 0 9.6 17 160 M M 1 27 160
4 74 55 65 3 0 0 0.00 0.0 0 8.2 15 170 M M 2 1 23 160
5 79 59 69 8 0 4 0.00 0.0 0 8.6 16 170 M M 6 25 180
6 81 65 73 12 0 8 0.00 0.0 0 10.4 21 180 M M 4 31 180
7 85 64 75 14 0 10 0.00 0.0 0 10.7 21 180 M M 1 28 180
8 85 69 77 17 0 12 0.00 0.0 0 9.6 20 210 M M 4 30 220
9 74 53 64 4 1 0 0.30 0.0 0 8.0 21 350 M M 10 1 35 360
10 62 52 57 -3 8 0 0.01 0.0 0 6.4 13 30 M M 9 1 29 360
11 63 55 59 0 6 0 0.00 0.0 0 5.4 12 140 M M 8 25 60
12 65 52 59 0 6 0 0.00 0.0 0 1.6 7 120 M M 8 14 70
13 65 51 58 0 7 0 T 0.0 0 3.7 10 80 M M 8 28 220
14 70 49 60 2 5 0 0.00 0.0 0 1.7 7 160 M M 5 12 80
15 73 49 61 3 4 0 0.00 0.0 0 1.9 9 60 M M 2 19 60
16 62 52 57 -1 8 0 0.00 0.0 0 7.5 14 180 M M 9 1 23 160
17 62 57 60 3 5 0 T 0.0 0 6.3 14 160 M M 10 1 30 220
18 71 53 62 5 3 0 T 0.0 0 3.8 9 360 M M 8 1 14 120
19 65 55 60 4 5 0 0.08 0.0 0 9.3 17 160 M M 8 1 24 140
20 76 55 66 10 0 1 T 0.0 0 13.1 25 320 M M 6 1 39 350
21 61 42 52 -4 13 0 0.00 0.0 0 15.8 28 340 M M 7 39 340
22 61 36 49 -7 16 0 0.00 0.0 0 6.7 16 340 M M 1 29 10
23 61 41 51 -4 14 0 0.00 0.0 0 6.5 13 140 M M 4 20 140
24 64 42 53 -2 12 0 0.00 0.0 0 3.5 8 120 M M 3 1 11 130
25 61 43 52 -3 13 0 0.17 0.0 0 5.7 13 120 M M 6 1 18 120
26 52 35 44 -10 21 0 0.01 0.0 0 13.0 25 320 M M 8 1 37 10
27 55 31 43 -11 22 0 0.00 0.0 0 2.1 10 10 M M 6 17 30
28 62 37 50 -4 15 0 0.00 0.0 0 3.5 10 160 M M 4 17 160
29 64 39 52 -1 13 0 0.00 0.0 0 6.3 15 160 M M 8 23 180
30 63 54 59 6 6 0 0.35 0.0 0 6.8 15 120 M M 9 13 26 150
================================================================================
SM 2008 1466 241 35 0.92 0.0 207.0 M 166
================================================================================
AV 66.9 48.9 6.9 FASTST M M 6 MAX(MPH)
MISC ----> 28 340 # 39 350
================================================================================
NOTES:
# LAST OF SEVERAL OCCURRENCES
COLUMN 17 PEAK WIND IN M.P.H.
PRELIMINARY LOCAL CLIMATOLOGICAL DATA (WS FORM: F-6) , PAGE 2
STATION: DALLAS LOVE FIELD
MONTH: NOVEMBER
YEAR: 2023
LATITUDE: 32 51 N
LONGITUDE: 96 51 W
[TEMPERATURE DATA] [PRECIPITATION DATA] SYMBOLS USED IN COLUMN 16
AVERAGE MONTHLY: 57.9 TOTAL FOR MONTH: 0.92 1 = FOG OR MIST
DPTR FM NORMAL: 0.1 DPTR FM NORMAL: -2.01 2 = FOG REDUCING VISIBILITY
HIGHEST: 85 ON 8, 7 GRTST 24HR 0.35 ON 30-30 TO 1/4 MILE OR LESS
LOWEST: 31 ON 27 3 = THUNDER
SNOW, ICE PELLETS, HAIL 4 = ICE PELLETS
TOTAL MONTH: 0.0 INCH 5 = HAIL
GRTST 24HR 0.0 6 = FREEZING RAIN OR DRIZZLE
GRTST DEPTH: 0 7 = DUSTSTORM OR SANDSTORM:
VSBY 1/2 MILE OR LESS
8 = SMOKE OR HAZE
[NO. OF DAYS WITH] [WEATHER - DAYS WITH] 9 = BLOWING SNOW
X = TORNADO
MAX 32 OR BELOW: 0 0.01 INCH OR MORE: 6
MAX 90 OR ABOVE: 0 0.10 INCH OR MORE: 3
MIN 32 OR BELOW: 1 0.50 INCH OR MORE: 0
MIN 0 OR BELOW: 0 1.00 INCH OR MORE: 0
[HDD (BASE 65) ]
TOTAL THIS MO. 241 CLEAR (SCALE 0-3) 7
DPTR FM NORMAL -9 PTCLDY (SCALE 4-7) 17
TOTAL FM JUL 1 323 CLOUDY (SCALE 8-10) 6
DPTR FM NORMAL 16
[CDD (BASE 65) ]
TOTAL THIS MO. 35
DPTR FM NORMAL 1 [PRESSURE DATA]
TOTAL FM JAN 1 3559 HIGHEST SLP 30.54 ON 1
DPTR FM NORMAL 439 LOWEST SLP 29.61 ON 20
[REMARKS]
#FINAL-11-23#