000
CXUS51 KRNK 010709
CLMDAN
CLIMATE REPORT
NATIONAL WEATHER SERVICE BLACKSBURG, VA
309 AM EDT SAT JUL 01 2023
...................................
...THE DANVILLE VA CLIMATE SUMMARY FOR THE MONTH OF JUNE 2023...
CLIMATE NORMAL PERIOD: 1991 TO 2020
CLIMATE RECORD PERIOD: 1916 TO 2023
WEATHER OBSERVED NORMAL DEPART LAST YEAR`S
VALUE DATE(S) VALUE FROM VALUE
NORMAL
..............................................................
TEMPERATURE (F)
RECORD
HIGH 105 06/30/1945
06/30/1936
LOW 40 06/11/1977
HIGHEST 88 06/03 96
06/26
LOWEST 47 06/09 49
AVG. MAXIMUM 81.0 85.2 -4.2 87.1
AVG. MINIMUM 58.6 62.7 -4.1 62.3
MEAN 69.8 73.9 -4.1 74.7
DAYS MAX >= 90 0 8.2 -8.2 12
DAYS MAX <= 32 0 0.0 0.0 0
DAYS MIN <= 32 0 0.0 0.0 0
DAYS MIN <= 0 0 0.0 0.0 0
PRECIPITATION (INCHES)
RECORD
MAXIMUM 14.60 1995
MINIMUM 1.06 2008
TOTALS 5.89 3.98 1.91 2.47
DAYS >= .01 13 11.0 2.0 6
DAYS >= .10 8 6.7 1.3 4
DAYS >= .50 4 3.2 0.8 3
DAYS >= 1.00 2 1.3 0.7 0
GREATEST
24 HR. TOTAL 1.95 1.12
SNOWFALL (INCHES)
TOTALS 0.0 0.0 0.0 0.0
DAYS >= TRACE 0 0.0 0.0 0
DAYS >= 1.0 0 0.0 0.0 0
GREATEST
24 HR TOTAL MM MM
DEGREE DAYS
HEATING TOTAL 4 4 0 0
COOLING TOTAL 155 273 -118 297
..............................................................
WIND (MPH)
AVERAGE WIND SPEED 4.7
RESULTANT WIND SPEED/DIRECTION 1/320
HIGHEST WIND SPEED/DIRECTION 31/260 DATE 06/16
HIGHEST GUST SPEED/DIRECTION 38/250 DATE 06/16
38/040 06/21
SKY COVER
AVERAGE SKY COVER 0.37
AVERAGE RH (PERCENT) 72
WEATHER CONDITIONS. NUMBER OF DAYS WITH
THUNDERSTORM 7 MIXED PRECIP 0
HEAVY RAIN 7 RAIN 7
LIGHT RAIN 14 FREEZING RAIN 0
LT FREEZING RAIN 0 HAIL 0
HEAVY SNOW 0 SNOW 0
LIGHT SNOW 0 SLEET 0
FOG 16 FOG W/VIS <= 1/4 MILE 1
HAZE 3
- INDICATES NEGATIVE NUMBERS.
R INDICATES RECORD WAS SET OR TIED.
MM INDICATES DATA IS MISSING.
T INDICATES TRACE AMOUNT.
$$