000
CXUS51 KILN 011307
CLMDAY
CLIMATE REPORT
NATIONAL WEATHER SERVICE WILMINGTON OH
907 AM EDT TUE AUG 01 2023
...................................
...THE DAYTON OH CLIMATE SUMMARY FOR THE MONTH OF JULY 2023...
CLIMATE NORMAL PERIOD: 1991 TO 2020
CLIMATE RECORD PERIOD: 1869 TO 2023
WEATHER OBSERVED NORMAL DEPART LAST YEAR`S
VALUE DATE(S) VALUE FROM VALUE DATE(S)
NORMAL
................................................................
TEMPERATURE (F)
RECORD
HIGH 108 07/22/1901
LOW 44 07/06/1972
HIGHEST 92 07/26 85 7 95 07/01
LOWEST 61 07/10 65 -4 59 07/10
07/22
AVG. MAXIMUM 85.2 85.9 -0.7 85.3
AVG. MINIMUM 66.9 66.1 0.8 67.6
MEAN 76.0 76.0 0.0 76.5
DAYS MAX >= 90 2 6.1 -4.1 4
DAYS MAX <= 32 0 0.0 0.0 0
DAYS MIN <= 32 0 0.0 0.0 0
DAYS MIN <= 0 0 0.0 0.0 0
PRECIPITATION (INCHES)
TOTALS 3.85 3.95 -0.10 6.03
DAILY AVG. 0.12 0.13 -0.01 0.19
DAYS >= .01 10 10.6 -0.6 13
DAYS >= .10 7 7.2 -0.2 6
DAYS >= .50 3 2.8 0.2 3
DAYS >= 1.00 1 1.2 -0.2 2
GREATEST
24 HR. TOTAL 1.75 07/01 TO 07/02 2.64 07/17 TO 07/17
SNOWFALL (INCHES)
TOTALS 0.0 0.0 0.0 0.0
SINCE 7/1 0.0 0.0 0.0 0.0
DAYS >= TRACE 0 0.0 0.0 0
DAYS >= 1.0 0 0.0 0.0 0
GREATEST
24 HR TOTAL 0.0 MM 0.0
DEGREE DAYS
HEATING TOTAL 0 0 0 0
SINCE 7/1 0 0 0 0
COOLING TOTAL 349 341 8 364
SINCE 1/1 580 694 -114 759
................................................................
WIND (MPH)
AVERAGE WIND SPEED 7.5
RESULTANT WIND SPEED/DIRECTION 4/240
HIGHEST WIND SPEED/DIRECTION 41/230 DATE 07/01
HIGHEST GUST SPEED/DIRECTION 60/230 DATE 07/01
SKY COVER
AVERAGE SKY COVER 0.51
AVERAGE RH (PERCENT) 69
WEATHER CONDITIONS. NUMBER OF DAYS WITH
THUNDERSTORM 11 MIXED PRECIP 0
HEAVY RAIN 6 RAIN 7
LIGHT RAIN 16 FREEZING RAIN 0
LT FREEZING RAIN 0 HAIL 0
HEAVY SNOW 0 SNOW 0
LIGHT SNOW 0 SLEET 0
FOG 17 FOG W/VIS <= 1/4 MILE 2
HAZE 11
- INDICATES NEGATIVE NUMBERS.
R INDICATES RECORD WAS SET OR TIED.
MM INDICATES DATA IS MISSING.
T INDICATES TRACE AMOUNT.
$$