000
CXUS55 KDVN 011000
CF6DBQ
PRELIMINARY LOCAL CLIMATOLOGICAL DATA (WS FORM: F-6)
STATION: DUBUQUE IA
MONTH: JUNE
YEAR: 2020
LATITUDE: 42 24 N
LONGITUDE: 90 42 W
TEMPERATURE IN F: :PCPN: SNOW: WIND :SUNSHINE: SKY :PK WND
================================================================================
1 2 3 4 5 6A 6B 7 8 9 10 11 12 13 14 15 16 17 18
12Z AVG MX 2MIN
DY MAX MIN AVG DEP HDD CDD WTR SNW DPTH SPD SPD DIR MIN PSBL S-S WX SPD DR
================================================================================
1 80 59 70 6 0 5 0.00 0.0 0 17.8 30 220 M M 1 40 210
2 90 66 78 14 0 13 T 0.0 0 14.6 22 20 M M 1 13 32 30
3 81 64 73 8 0 8 0.35 0.0 0 4.0 20 360 M M 4 13 26 10
4 88 64 76 11 0 11 0.00 0.0 0 3.5 9 230 M M 2 13 14 30
5 85 66 76 11 0 11 0.07 0.0 0 8.6 29 200 M M 2 3 39 200
6 82 64 73 7 0 8 T 0.0 0 7.0 20 110 M M 2 27 100
7 85 59 72 6 0 7 0.00 0.0 0 11.5 18 150 M M 0 26 150
8 89 66 78 12 0 13 0.00 0.0 0 12.2 21 160 M M 0 28 190
9 79 70 75 8 0 10 0.75 0.0 0 12.5 28 250 M M 6 1 37 260
10 75 57 66 -1 0 1 1.41 0.0 0 10.5 24 320 M M 5 13 35 310
11 79 52 66 -1 0 1 0.00 0.0 0 11.5 24 270 M M 0 33 270
12 83 53 68 0 0 3 0.00 0.0 0 7.2 18 40 M M 1 24 50
13 65 52 59 -9 6 0 0.02 0.0 0 8.5 15 80 M M 7 20 80
14 73 51 62 -6 3 0 0.00 0.0 0 11.2 18 100 M M 3 27 110
15 76 54 65 -3 0 0 T 0.0 0 11.2 20 150 M M 3 25 160
16 81 57 69 0 0 4 0.00 0.0 0 11.4 17 180 M M 0 24 190
17 83 61 72 3 0 7 0.00 0.0 0 9.9 20 160 M M 1 25 200
18 85 60 73 4 0 8 0.00 0.0 0 6.8 16 210 M M 0 22 160
19 78 66 72 2 0 7 0.05 0.0 0 5.4 12 220 M M 4 15 230
20 79 64 72 2 0 7 0.15 0.0 0 8.2 22 240 M M 5 1 29 250
21 83 58 71 1 0 6 0.07 0.0 0 5.7 17 340 M M 2 13 23 340
22 68 56 62 -8 3 0 1.27 0.0 0 8.2 22 340 M M 8 13 29 330
23 74 57 66 -4 0 1 0.02 0.0 0 9.6 20 300 M M 6 27 320
24 76 54 65 -6 0 0 0.02 0.0 0 6.3 24 280 M M 1 30 280
25 83 53 68 -3 0 3 0.00 0.0 0 3.4 13 250 M M 1 18 260
26 82 65 74 3 0 9 0.91 0.0 0 9.8 18 240 M M 4 13 27 290
27 86 66 76 5 0 11 0.00 0.0 0 2.0 6 350 M M 1 6 350
28 84 64 74 3 0 9 0.00 0.0 0 9.0 18 170 M M 2 12 23 170
29 89 72 81 9 0 16 0.00 0.0 0 10.8 20 140 M M 2 3 25 140
30 85 70 78 6 0 13 0.00 0.0 0 8.8 20 140 M M 1 26 130
================================================================================
SM 2426 1820 12 192 5.09 0.0 267.1 M 75
================================================================================
AV 80.9 60.7 8.9 FASTST M M 3 MAX(MPH)
MISC ----> 30 220 40 210
================================================================================
NOTES:
# LAST OF SEVERAL OCCURRENCES
COLUMN 17 PEAK WIND IN M.P.H.
PRELIMINARY LOCAL CLIMATOLOGICAL DATA (WS FORM: F-6) , PAGE 2
STATION: DUBUQUE IA
MONTH: JUNE
YEAR: 2020
LATITUDE: 42 24 N
LONGITUDE: 90 42 W
[TEMPERATURE DATA] [PRECIPITATION DATA] SYMBOLS USED IN COLUMN 16
AVERAGE MONTHLY: 70.8 TOTAL FOR MONTH: 5.09 1 = FOG OR MIST
DPTR FM NORMAL: 2.5 DPTR FM NORMAL: 0.69 2 = FOG REDUCING VISIBILITY
HIGHEST: 90 ON 2 GRTST 24HR 1.95 ON 9-10 TO 1/4 MILE OR LESS
LOWEST: 51 ON 14 3 = THUNDER
SNOW, ICE PELLETS, HAIL 4 = ICE PELLETS
TOTAL MONTH: 0.0 INCH 5 = HAIL
GRTST 24HR 0.0 6 = FREEZING RAIN OR DRIZZLE
GRTST DEPTH: 0 7 = DUSTSTORM OR SANDSTORM:
VSBY 1/2 MILE OR LESS
8 = SMOKE OR HAZE
[NO. OF DAYS WITH] [WEATHER - DAYS WITH] 9 = BLOWING SNOW
X = TORNADO
MAX 32 OR BELOW: 0 0.01 INCH OR MORE: 12
MAX 90 OR ABOVE: 1 0.10 INCH OR MORE: 6
MIN 32 OR BELOW: 0 0.50 INCH OR MORE: 4
MIN 0 OR BELOW: 0 1.00 INCH OR MORE: 2
[HDD (BASE 65) ]
TOTAL THIS MO. 12 CLEAR (SCALE 0-3) 21
DPTR FM NORMAL -28 PTCLDY (SCALE 4-7) 9
TOTAL FM JUL 1 6889 CLOUDY (SCALE 8-10) 0
DPTR FM NORMAL -197
[CDD (BASE 65) ]
TOTAL THIS MO. 192
DPTR FM NORMAL 53 [PRESSURE DATA]
TOTAL FM JAN 1 223 HIGHEST SLP 30.36 ON 15
DPTR FM NORMAL 47 LOWEST SLP 29.20 ON 9
[REMARKS]
#FINAL-06-20#