000
CXUS53 KDVN 011631
CLSDBQ
CLIMATE REPORT
NATIONAL WEATHER SERVICE QUAD CITIES IA IL
1030 AM CST TUE MAR 01 2022
...................................
...THE DUBUQUE IA CLIMATE SUMMARY FOR THE SEASON, FROM
12/1/2021 TO 2/28/2022...
CLIMATE NORMAL PERIOD 1991 TO 2020
CLIMATE RECORD PERIOD 1873 TO 2022
WEATHER OBSERVED NORMAL DEPART LAST YEAR`S
VALUE DATE(S) VALUE FROM VALUE
NORMAL
..............................................................
TEMPERATURE (F)
RECORD
HIGH 71 02/22/2017
LOW -32 01/07/1887
HIGHEST 69 12/15 37 32
LOWEST -18 01/26 11 -29
AVG. MAXIMUM 30.5 29.7 0.8
AVG. MINIMUM 12.6 14.4 -1.8
MEAN 21.5 22.1 -0.6
DAYS MAX >= 90 0 0.0 0.0
DAYS MAX <= 32 48 51.3 -3.3
DAYS MIN <= 32 87 85.0 2.0
DAYS MIN <= 0 13 15.3 -2.3
PRECIPITATION (INCHES)
TOTALS 2.57 4.69 -2.12
DAILY AVG. 0.03 0.05 -0.02
DAYS >= .01 22 27.1 -5.1
DAYS >= .10 7
DAYS >= .50 1
DAYS >= 1.00 0 0.4 -0.4
GREATEST
24 HR. TOTAL 0.54 12/28 TO 12/28
SNOWFALL (INCHES)
TOTALS 21.0 31.6 -10.6
SINCE 7/1 21.1 34.9 -13.8
SNOWDEPTH AVG. 2
DAYS >= TRACE 27 21.0 6.0
DAYS >= 1.0 6 10.0 -4.0
GREATEST
SNOW DEPTH 7 01/02
01/03
24 HR TOTAL 5.5 02/24 TO 02/25
DEGREE DAYS
HEATING TOTAL 3883 3865 18
SINCE 7/1 5056 5366 -310
COOLING TOTAL 0 0 0
SINCE 1/1 0 0 0
..............................................................
WIND (MPH)
AVERAGE WIND SPEED 12.1
HIGHEST WIND SPEED/DIRECTION 51/240 DATE 12/16
HIGHEST GUST SPEED/DIRECTION 69/240 DATE 12/15
SKY COVER
POSSIBLE SUNSHINE (PERCENT) MM
AVERAGE SKY COVER 0.40
NUMBER OF DAYS FAIR 43
NUMBER OF DAYS PC 31
NUMBER OF DAYS CLOUDY 16
AVERAGE RH (PERCENT) 74
WEATHER CONDITIONS. NUMBER OF DAYS WITH
THUNDERSTORM 2 HAIL 0
SLEET 0 FOG 39
FOG W/VIS <= 1/4 MILE 6 HAZE 40
- INDICATES NEGATIVE NUMBERS.
R INDICATES RECORD WAS SET OR TIED.
MM INDICATES DATA IS MISSING.
T INDICATES TRACE AMOUNT.
$$
NOTE: SUPPLEMENTAL CLIMATE DATA WAS USED FROM A NEARBY
CLIMATOLOGICALLY REPRESENTATIVE STATION.