000
CXUS55 KALY 010710
CF6DDH
PRELIMINARY LOCAL CLIMATOLOGICAL DATA (WS FORM: F-6)
STATION: BENNINGTON VT
MONTH: MAY
YEAR: 2021
LATITUDE: 42 53 N
LONGITUDE: 73 15 W
TEMPERATURE IN F: :PCPN: SNOW: WIND :SUNSHINE: SKY :PK WND
================================================================================
1 2 3 4 5 6A 6B 7 8 9 10 11 12 13 14 15 16 17 18
12Z AVG MX 2MIN
DY MAX MIN AVG DEP HDD CDD WTR SNW DPTH SPD SPD DIR MIN PSBL S-S WX SPD DR
================================================================================
1 52 37 45 -7 20 0 0.00 M M 8.6 17 240 M M 7 26 230
2 65 42 54 2 11 0 0.10 M M 4.8 17 230 M M 8 12 29 230
3 68 42 55 3 10 0 0.12 M M 2.6 7 100 M M 8 1 11 250
4 60 52 56 3 9 0 0.60 M M 7.8 15 140 M M 9 13 19 130
5 58 47 53 0 12 0 0.72 M M 6.0 17 230 M M 10 1 26 240
6 60 40 50 -3 15 0 M M M 7.9 16 350 M M 4 26 350
7 64 31 48 -6 17 0 0.00 M M 4.5 15 150 M M 4 19 140
8 57 43 50 -4 15 0 0.02 M M 3.8 14 170 M M 8 18 240
9 60 42 51 -3 14 0 0.02 M M 5.2 15 210 M M 7 24 240
10 59 45 52 -3 13 0 0.22 M M 3.1 13 260 M M 9 1 19 240
11 57 41 49 -6 16 0 0.00 M M 9.9 20 240 M M 3 30 260
12 63 41 52 -3 13 0 0.05 M M 6.6 17 230 M M 8 29 210
13 68 33 51 -5 14 0 0.00 M M 4.1 16 240 M M 1 21 240
14 73 34 54 -2 11 0 0.00 M M 4.1 15 270 M M 1 22 240
15 74 36 55 -1 10 0 0.00 M M 3.8 14 270 M M 2 19 260
16 75 46 61 5 4 0 T M M 3.8 15 330 M M 1 23 350
17 76 40 58 1 7 0 0.00 M M 2.7 13 270 M M 0 19 240
18 78 45 62 5 3 0 0.00 M M 3.5 15 300 M M 3 21 280
19 83 46 65 8 0 0 0.00 M M 3.9 18 340 M M 0 8 26 330
20 86 50 68 10 0 3 0.00 M M 2.1 10 170 M M 0 14 80
21 86 57 72 14 0 7 0.00 M M 1.9 8 260 M M 1 12 320
22 83 58 71 13 0 6 0.00 M M 3.9 16 250 M M 3 1 21 230
23 77 44 61 3 4 0 0.02 M M 5.9 16 20 M M 6 1 23 340
24 72 37 55 -4 10 0 0.00 M M 4.5 15 200 M M 1 19 190
25 80 45 63 4 2 0 0.00 M M 4.2 15 180 M M 3 19 170
26 88 61 75 16 0 10 0.09 M M 4.1 23 280 M M 5 13 37 270
27 70 47 59 0 6 0 0.00 M M 7.4 16 230 M M 4 1 25 260
28 53 41 47 -13 18 0 0.73 M M 3.4 9 360 M M 7 1 15 40
29 50 41 46 -14 19 0 0.17 M M 4.0 17 80 M M 10 1 26 80
30 52 43 48 -12 17 0 0.50 M M 2.7 10 350 M M 10 1 19 80
31 60 43 52 -8 13 0 0.10 M M 2.8 10 350 M M 8 12 15 330
================================================================================
SM 2107 1350 303 26 3.46 M 143.6 M 151
================================================================================
AV 68.0 43.5 4.6 FASTST M M 5 MAX(MPH)
MISC ----> 23 280 37 270
================================================================================
NOTES:
# LAST OF SEVERAL OCCURRENCES
COLUMN 17 PEAK WIND IN M.P.H.
PRELIMINARY LOCAL CLIMATOLOGICAL DATA (WS FORM: F-6) , PAGE 2
STATION: BENNINGTON VT
MONTH: MAY
YEAR: 2021
LATITUDE: 42 53 N
LONGITUDE: 73 15 W
[TEMPERATURE DATA] [PRECIPITATION DATA] SYMBOLS USED IN COLUMN 16
AVERAGE MONTHLY: 55.8 TOTAL FOR MONTH: 3.46 1 = FOG OR MIST
DPTR FM NORMAL: -0.5 DPTR FM NORMAL: -0.01 2 = FOG REDUCING VISIBILITY
HIGHEST: 88 ON 26 GRTST 24HR 1.27 ON 4- 5 TO 1/4 MILE OR LESS
LOWEST: 31 ON 7 3 = THUNDER
SNOW, ICE PELLETS, HAIL 4 = ICE PELLETS
TOTAL MONTH: M 5 = HAIL
GRTST 24HR M ON M 6 = FREEZING RAIN OR DRIZZLE
GRTST DEPTH: M ON M 7 = DUSTSTORM OR SANDSTORM:
VSBY 1/2 MILE OR LESS
8 = SMOKE OR HAZE
[NO. OF DAYS WITH] [WEATHER - DAYS WITH] 9 = BLOWING SNOW
X = TORNADO
MAX 32 OR BELOW: 0 0.01 INCH OR MORE: 14
MAX 90 OR ABOVE: 0 0.10 INCH OR MORE: 9
MIN 32 OR BELOW: 1 0.50 INCH OR MORE: 4
MIN 0 OR BELOW: 0 1.00 INCH OR MORE: 0
[HDD (BASE 65) ]
TOTAL THIS MO. 303 CLEAR (SCALE 0-3) 11
DPTR FM NORMAL 16 PTCLDY (SCALE 4-7) 13
TOTAL FM JUL 1 6486 CLOUDY (SCALE 8-10) 7
DPTR FM NORMAL -447
[CDD (BASE 65) ]
TOTAL THIS MO. 26
DPTR FM NORMAL 9 [PRESSURE DATA]
TOTAL FM JAN 1 26 HIGHEST SLP M ON M
DPTR FM NORMAL 7 LOWEST SLP 29.63 ON 1
[REMARKS]
#FINAL-05-21#