000
CXUS51 KALY 011952 CCA
CLSDDH
CLIMATE REPORT
NATIONAL WEATHER SERVICE ALBANY NY
411 AM EDT THU SEP 01 2022
...................................
...THE BENNINGTON VT CLIMATE SUMMARY FOR THE SEASON, FROM
6/1/2022 TO 8/31/2022...
CLIMATE NORMAL PERIOD: 1991 TO 2020
CLIMATE RECORD PERIOD: 9999 TO 9999
WEATHER OBSERVED NORMAL DEPART LAST YEAR`S
VALUE DATE(S) VALUE FROM VALUE DATE(S)
NORMAL
................................................................
TEMPERATURE (F)
HIGHEST 95 07/20 91 06/28
08/04
06/29
LOWEST 38 06/05 41 06/01
06/17
AVG. MAXIMUM 81.2 78.7 2.5 79.6
AVG. MINIMUM 56.0 55.0 1.0 58.2
MEAN 68.6 66.8 1.8 68.9
DAYS MAX >= 90 13 2.8 10.2 2
DAYS MAX <= 32 0 0.0 0.0 0
DAYS MIN <= 32 0 0.1 -0.1 0
DAYS MIN <= 0 0 0.0 0.0 0
PRECIPITATION (INCHES)
TOTALS 6.02 12.56 -6.54 16.12
DAILY AVG. 0.08 0.18
DAYS >= .01 25 43
DAYS >= .10 13 31
DAYS >= .50 3 11
DAYS >= 1.00 1 5
GREATEST
24 HR. TOTAL 1.40 08/04 TO 08/04
DEGREE DAYS
HEATING TOTAL 82 143 -61 78
SINCE 7/1 12 58 -46 29
COOLING TOTAL 440 313 127 456
SINCE 1/1 497 332 165 482
................................................................
WIND (MPH)
AVERAGE WIND SPEED 3.9
HIGHEST WIND SPEED/DIRECTION 26/280 DATE 08/04
HIGHEST GUST SPEED/DIRECTION 41/260 DATE 08/04
WEATHER CONDITIONS. NUMBER OF DAYS WITH
THUNDERSTORM 15 MIXED PRECIP 0
HEAVY RAIN 12 RAIN 14
LIGHT RAIN 40 FREEZING RAIN 0
LT FREEZING RAIN 0 HAIL 0
HEAVY SNOW 0 SNOW 0
LIGHT SNOW 0 SLEET 0
FOG 60 FOG W/VIS <= 1/4 MILE 12
HAZE 14
- INDICATES NEGATIVE NUMBERS.
R INDICATES RECORD WAS SET OR TIED.
MM INDICATES DATA IS MISSING.
T INDICATES TRACE AMOUNT.
$$