000
CXUS53 KILX 010900
CF6DEC
PRELIMINARY LOCAL CLIMATOLOGICAL DATA (WS FORM: F-6)
STATION: DECATUR IL AIRPORT
MONTH: MARCH
YEAR: 2023
LATITUDE: 39 49 N
LONGITUDE: 88 51 W
TEMPERATURE IN F: :PCPN: SNOW: WIND :SUNSHINE: SKY :PK WND
================================================================================
1 2 3 4 5 6A 6B 7 8 9 10 11 12 13 14 15 16 17 18
12Z AVG MX 2MIN
DY MAX MIN AVG DEP HDD CDD WTR SNW DPTH SPD SPD DIR MIN PSBL S-S WX SPD DR
================================================================================
1 64 34 49 12 16 0 0.00 M M 7.2 16 330 M M 0 1 24 340
2 52 33 43 6 22 0 0.00 M M 11.9 20 50 M M 1 29 360
3 42 34 38 1 27 0 1.39 M M 21.5 51 30 M M 8 13 67 30
4 55 27 41 3 24 0 0.00 M M 7.1 17 240 M M 2 1 24 240
5 60 31 46 8 19 0 0.00 M M 11.5 21 140 M M 2 1 28 140
6 70 44 57 19 8 0 0.00 M M 14.9 29 350 M M 3 37 330
7 51 38 45 6 20 0 0.00 M M 15.5 24 60 M M 6 33 60
8 49 37 43 4 22 0 0.00 M M 14.3 24 90 M M 9 33 90
9 47 36 42 2 23 0 0.26 M M 11.9 21 100 M M 10 1 27 290
10 40 30 35 -5 30 0 T M M 13.4 25 300 M M 10 1 35 290
11 45 31 38 -2 27 0 0.07 M M 9.5 20 120 M M 9 1 26 140
12 43 30 37 -4 28 0 0.01 M M 10.8 22 300 M M 10 1 31 320
13 36 30 33 -8 32 0 T M M 13.5 23 290 M M 10 31 310
14 43 26 35 -7 30 0 T M M 6.7 15 330 M M 4 20 320
15 52 21 37 -5 28 0 0.00 M M 11.5 21 170 M M 0 27 170
16 54 39 47 5 18 0 0.51 M M 16.2 29 200 M M 8 1 42 210
17 40 26 33 -10 32 0 0.03 M M 17.7 29 300 M M 5 1 41 310
18 32 16 24 -19 41 0 T M M 16.1 24 290 M M 8 1 36 310
19 39 19 29 -14 36 0 T M M 8.7 15 230 M M 1 20 280
20 53 26 40 -4 25 0 0.00 M M 16.2 31 190 M M M 43 180
21 50 32 41 -3 24 0 0.14 M M 13.8 26 180 M M 7 1 34 180
22 61 40 51 7 14 0 0.18 M M 13.3 25 200 M M 10 13 36 190
23 63 40 52 7 13 0 0.27 M M 13.1 25 210 M M 10 13 34 210
24 46 36 41 -4 24 0 0.17 M M 14.7 26 80 M M 8 1 34 90
25 52 32 42 -3 23 0 0.10 M M 11.0 25 290 M M 6 1 41 280
26 66 33 50 4 15 0 T M M 12.8 24 200 M M 2 34 200
27 54 34 44 -2 21 0 0.00 M M 9.1 17 30 M M 6 23 340
28 53 28 41 -5 24 0 0.00 M M 5.3 15 270 M M 3 18 280
29 55 31 43 -4 22 0 0.00 M M 9.5 18 300 M M 1 28 300
30 66 31 49 2 16 0 0.08 M M 14.2 24 170 M M 2 13 32 140
31 74 50 62 14 3 0 0.55 M M 20.6 41 220 M M 8 13 56 220
================================================================================
SM 1607 995 707 0 3.76 M 393.5 M 169
================================================================================
AV 51.8 32.1 12.7 FASTST M M 6 MAX(MPH)
MISC ----> 51 30 67 30
================================================================================
NOTES:
# LAST OF SEVERAL OCCURRENCES
COLUMN 17 PEAK WIND IN M.P.H.
PRELIMINARY LOCAL CLIMATOLOGICAL DATA (WS FORM: F-6) , PAGE 2
STATION: DECATUR IL AIRPORT
MONTH: MARCH
YEAR: 2023
LATITUDE: 39 49 N
LONGITUDE: 88 51 W
[TEMPERATURE DATA] [PRECIPITATION DATA] SYMBOLS USED IN COLUMN 16
AVERAGE MONTHLY: 42.0 TOTAL FOR MONTH: 3.76 1 = FOG OR MIST
DPTR FM NORMAL: -0.1 DPTR FM NORMAL: 1.25 2 = FOG REDUCING VISIBILITY
HIGHEST: 74 ON 31 GRTST 24HR 1.39 ON 3- 3 TO 1/4 MILE OR LESS
LOWEST: 16 ON 18 3 = THUNDER
SNOW, ICE PELLETS, HAIL 4 = ICE PELLETS
TOTAL MONTH: M 5 = HAIL
GRTST 24HR M ON M 6 = FREEZING RAIN OR DRIZZLE
GRTST DEPTH: M ON M 7 = DUSTSTORM OR SANDSTORM:
VSBY 1/2 MILE OR LESS
8 = SMOKE OR HAZE
[NO. OF DAYS WITH] [WEATHER - DAYS WITH] 9 = BLOWING SNOW
X = TORNADO
MAX 32 OR BELOW: 1 0.01 INCH OR MORE: 13
MAX 90 OR ABOVE: 0 0.10 INCH OR MORE: 9
MIN 32 OR BELOW: 17 0.50 INCH OR MORE: 3
MIN 0 OR BELOW: 0 1.00 INCH OR MORE: 1
[HDD (BASE 65) ]
TOTAL THIS MO. 707 CLEAR (SCALE 0-3) 10
DPTR FM NORMAL -4 PTCLDY (SCALE 4-7) 12
TOTAL FM JUL 1 4448 CLOUDY (SCALE 8-10) 9
DPTR FM NORMAL -435
[CDD (BASE 65) ]
TOTAL THIS MO. 0
DPTR FM NORMAL -3 [PRESSURE DATA]
TOTAL FM JAN 1 0 HIGHEST SLP 30.46 ON 8
DPTR FM NORMAL -3 LOWEST SLP 29.09 ON 3
[REMARKS]
#FINAL-03-23#