000
CXUS53 KARX 240648
CF6DEH
PRELIMINARY LOCAL CLIMATOLOGICAL DATA (WS FORM: F-6)
STATION: DECORAH IA
MONTH: JULY
YEAR: 2022
LATITUDE: 43 16 N
LONGITUDE: 91 44 W
TEMPERATURE IN F: :PCPN: SNOW: WIND :SUNSHINE: SKY :PK WND
================================================================================
1 2 3 4 5 6A 6B 7 8 9 10 11 12 13 14 15 16 17 18
12Z AVG MX 2MIN
DY MAX MIN AVG DEP HDD CDD WTR SNW DPTH SPD SPD DIR MIN PSBL S-S WX SPD DR
================================================================================
1 77 63 70 M 0 5 0.00 0.0 0 2.9 10 330 M M 2 14 300
2 82 57 70 M 0 5 0.00 0.0 0 2.9 10 30 M M 4 18 350
3 82 59 71 M 0 6 0.00 0.0 0 5.5 12 170 M M 2 20 190
4 82 66 74 M 0 9 1.08 0.0 0 5.7 13 170 M M 7 1 21 170
5 88 70 79 M 0 14 1.83 0.0 0 4.5 15 90 M M 9 1 28 30
6 82 68 75 M 0 10 0.00 0.0 0 4.2 8 80 M M 6 1 14 99
7 82 68 75 M 0 10 0.00 0.0 0 4.5 8 100 M M 5 1 14 99
8 79 66 73 M 0 8 0.44 0.0 0 5.4 10 30 M M 7 1 18 30
9 79 61 70 M 0 5 0.00 0.0 0 3.8 9 70 M M 3 M M
10 81 61 71 M 0 6 0.00 0.0 0 7.3 13 150 M M 4 22 170
11 81 68 75 M 0 10 T 0.0 0 6.6 12 290 M M 4 22 270
12 81 59 70 M 0 5 0.01 0.0 0 5.8 15 20 M M 2 23 20
13 79 61 70 M 0 5 0.00 0.0 0 3.5 8 60 M M 4 14 20
14 81 59 70 M 0 5 0.40 0.0 0 5.5 9 160 M M 5 20 160
15 75 66 71 M 0 6 2.34 0.0 0 8.0 15 80 M M 9 27 160
16 75 64 70 M 0 5 0.00 0.0 0 2.2 9 80 M M 5 12 12 99
17 81 63 72 M 0 7 0.00 0.0 0 1.5 6 99 M M 4 12 12 0
18 86 63 75 M 0 10 0.00 0.0 0 2.8 7 190 M M 1 14 99
19 86 70 78 M 0 13 0.00 0.0 0 8.4 15 180 M M 3 30 190
20 82 66 74 M 0 9 0.00 0.0 0 8.0 14 300 M M 4 27 300
21 82 64 73 M 0 8 0.03 0.0 0 4.6 10 290 M M 1 1 23 310
22 84 61 73 M 0 8 0.00 0.0 0 3.8 10 210 M M 2 18 0
23 86 68 77 M 0 12 M 0.0 0 4.0 9 80 M M 2 13 16 50
24 M M M M M M M 0.0 0 M M M M M 0 M M
25 M M M M M M M 0.0 0 M M M M M M M M
26 M M M M M M 0.00 0.0 0 M M M M M M M M
27 M M M M M M M 0.0 0 M M M M M M M M
28 M M M M M M 0.00 0.0 0 M M M M M M M M
29 M M M M M M 0.00 0.0 0 M M M M M M M M
30 M M M M M M 0.00 0.0 0 M M M M M M M M
31 M M M M M M M 0.0 0 M M M M M M M M
================================================================================
SM 1873 1471 0 181 6.13 0.0 111.4 M 95
================================================================================
AV 81.4 64.0 4.8 FASTST M M 4 MAX(MPH)
MISC ----> # 15 180 30 190
================================================================================
NOTES:
# LAST OF SEVERAL OCCURRENCES
COLUMN 17 PEAK WIND IN M.P.H.
PRELIMINARY LOCAL CLIMATOLOGICAL DATA (WS FORM: F-6) , PAGE 2
STATION: DECORAH IA
MONTH: JULY
YEAR: 2022
LATITUDE: 43 16 N
LONGITUDE: 91 44 W
[TEMPERATURE DATA] [PRECIPITATION DATA] SYMBOLS USED IN COLUMN 16
AVERAGE MONTHLY: 72.7 TOTAL FOR MONTH: 6.13 1 = FOG OR MIST
DPTR FM NORMAL: 0.0 DPTR FM NORMAL: M 2 = FOG REDUCING VISIBILITY
HIGHEST: 88 ON 5 GRTST 24HR 2.34 ON 15-15 TO 1/4 MILE OR LESS
LOWEST: 57 ON 2 3 = THUNDER
SNOW, ICE PELLETS, HAIL 4 = ICE PELLETS
TOTAL MONTH: 0.0 INCH 5 = HAIL
GRTST 24HR 0.0 6 = FREEZING RAIN OR DRIZZLE
GRTST DEPTH: 0 7 = DUSTSTORM OR SANDSTORM:
VSBY 1/2 MILE OR LESS
8 = SMOKE OR HAZE
[NO. OF DAYS WITH] [WEATHER - DAYS WITH] 9 = BLOWING SNOW
X = TORNADO
MAX 32 OR BELOW: 0 0.01 INCH OR MORE: 7
MAX 90 OR ABOVE: 0 0.10 INCH OR MORE: 5
MIN 32 OR BELOW: 0 0.50 INCH OR MORE: 3
MIN 0 OR BELOW: 0 1.00 INCH OR MORE: 3
[HDD (BASE 65) ]
TOTAL THIS MO. 0 CLEAR (SCALE 0-3) 10
DPTR FM NORMAL M PTCLDY (SCALE 4-7) 12
TOTAL FM JUL 1 0 CLOUDY (SCALE 8-10) 9
DPTR FM NORMAL M
[CDD (BASE 65) ]
TOTAL THIS MO. 181
DPTR FM NORMAL M [PRESSURE DATA]
TOTAL FM JAN 1 425 HIGHEST SLP M ON M
DPTR FM NORMAL M LOWEST SLP M ON M
[REMARKS]
#FINAL-07-22#