000
CXUS56 KOTX 010910
CF6DEW
PRELIMINARY LOCAL CLIMATOLOGICAL DATA (WS FORM: F-6)
STATION: DEER_PARK WA AIRPORT
MONTH: JUNE
YEAR: 2021
LATITUDE: 47 58 N
LONGITUDE: 117 25 W
TEMPERATURE IN F: :PCPN: SNOW: WIND :SUNSHINE: SKY :PK WND
================================================================================
1 2 3 4 5 6A 6B 7 8 9 10 11 12 13 14 15 16 17 18
12Z AVG MX 2MIN
DY MAX MIN AVG DEP HDD CDD WTR SNW DPTH SPD SPD DIR MIN PSBL S-S WX SPD DR
================================================================================
1 89 47 68 12 0 3 0.00 M M 3.2 13 260 M M 0 18 250
2 94 50 72 16 0 7 0.00 M M 3.1 16 190 M M 0 23 190
3 93 53 73 16 0 8 0.00 M M 7.6 18 200 M M 0 23 200
4 85 53 69 12 0 4 0.00 M M 13.5 26 220 M M 0 32 220
5 71 42 57 0 8 0 T M M 16.7 31 210 M M 2 41 220
6 57 31 44 -13 21 0 T M M 6.4 16 200 M M 3 21 200
7 65 31 48 -9 17 0 T M M 6.9 22 190 M M 5 28 210
8 74 44 59 2 6 0 0.00 M M 5.1 14 50 M M 5 18 40
9 65 46 56 -1 9 0 0.01 M M 3.8 8 350 M M 7 12 300
10 71 38 55 -2 10 0 0.00 M M 9.1 24 220 M M 1 33 180
11 68 35 52 -6 13 0 T M M 4.2 22 220 M M 7 28 230
12 74 48 61 3 4 0 0.07 M M 6.1 14 40 M M 6 1 18 20
13 90 58 74 16 0 9 0.00 M M 5.0 15 40 M M 1 20 80
14 86 54 70 12 0 5 T M M 7.4 15 310 M M 1 22 270
15 71 48 60 2 5 0 0.41 M M 10.2 23 210 M M 7 3 28 200
16 73 41 57 -1 8 0 0.00 M M 4.4 12 260 M M 1 17 180
17 82 38 60 2 5 0 0.00 M M 4.2 16 200 M M 0 23 230
18 87 40 64 5 1 0 0.00 M M 2.8 12 200 M M 0 13 210
19 85 44 65 6 0 0 0.00 M M 7.0 20 270 M M 2 26 260
20 82 56 69 10 0 4 0.00 M M 10.5 21 40 M M 2 25 60
21 88 50 69 10 0 4 0.00 M M 4.1 13 310 M M 0 24 150
22 93 48 71 11 0 6 0.00 M M 7.8 24 220 M M 0 29 230
23 90 57 74 14 0 9 0.00 M M 8.3 20 200 M M 0 27 240
24 91 49 70 10 0 5 0.00 M M 5.5 16 330 M M 0 26 230
25 92 53 73 13 0 8 0.00 M M 4.5 13 40 M M 0 8 21 190
26 100 58 79 18 0 14 0.00 M M 3.3 15 80 M M 0 8 21 340
27 104 61 83 22 0 18 0.00 M M 4.5 14 40 M M 0 21 200
28 107 66 87 26 0 22 0.00 M M 6.7 17 40 M M 0 22 30
29 111 74 93 31 0 28 0.00 M M 8.3 16 50 M M 0 21 300
30 107 68 88 26 0 23 0.00 M M 6.8 17 60 M M 0 22 310
================================================================================
SM 2545 1481 107 177 0.49 M 197.0 M 50
================================================================================
AV 84.8 49.4 6.6 FASTST M M 2 MAX(MPH)
MISC ----> 31 210 41 220
================================================================================
NOTES:
# LAST OF SEVERAL OCCURRENCES
COLUMN 17 PEAK WIND IN M.P.H.
PRELIMINARY LOCAL CLIMATOLOGICAL DATA (WS FORM: F-6) , PAGE 2
STATION: DEER_PARK WA AIRPORT
MONTH: JUNE
YEAR: 2021
LATITUDE: 47 58 N
LONGITUDE: 117 25 W
[TEMPERATURE DATA] [PRECIPITATION DATA] SYMBOLS USED IN COLUMN 16
AVERAGE MONTHLY: 67.1 TOTAL FOR MONTH: 0.49 1 = FOG OR MIST
DPTR FM NORMAL: 8.5 DPTR FM NORMAL: -1.42 2 = FOG REDUCING VISIBILITY
HIGHEST: 111 ON 29 GRTST 24HR 0.41 ON 14-15 TO 1/4 MILE OR LESS
LOWEST: 31 ON 7, 6 3 = THUNDER
SNOW, ICE PELLETS, HAIL 4 = ICE PELLETS
TOTAL MONTH: M 5 = HAIL
GRTST 24HR M ON M 6 = FREEZING RAIN OR DRIZZLE
GRTST DEPTH: M ON M 7 = DUSTSTORM OR SANDSTORM:
VSBY 1/2 MILE OR LESS
8 = SMOKE OR HAZE
[NO. OF DAYS WITH] [WEATHER - DAYS WITH] 9 = BLOWING SNOW
X = TORNADO
MAX 32 OR BELOW: 0 0.01 INCH OR MORE: 3
MAX 90 OR ABOVE: 12 0.10 INCH OR MORE: 1
MIN 32 OR BELOW: 2 0.50 INCH OR MORE: 0
MIN 0 OR BELOW: 0 1.00 INCH OR MORE: 0
[HDD (BASE 65) ]
TOTAL THIS MO. 107 CLEAR (SCALE 0-3) 23
DPTR FM NORMAL -105 PTCLDY (SCALE 4-7) 7
TOTAL FM JUL 1 6800 CLOUDY (SCALE 8-10) 0
DPTR FM NORMAL -485
[CDD (BASE 65) ]
TOTAL THIS MO. 177
DPTR FM NORMAL 159 [PRESSURE DATA]
TOTAL FM JAN 1 180 HIGHEST SLP M ON M
DPTR FM NORMAL 158 LOWEST SLP 29.64 ON 22
[REMARKS]
#FINAL-06-21#