000
CXUS53 KDDC 011651
CLMDGC
CLIMATE REPORT
NATIONAL WEATHER SERVICE DODGE CITY, KANSAS
1051 AM CST FRI MAR 01 2024
...................................
...THE DODGE CITY KS CLIMATE SUMMARY FOR THE MONTH OF FEBRUARY 2024...
CLIMATE NORMAL PERIOD 1991 TO 2020
CLIMATE RECORD PERIOD 1875 TO 2024
WEATHER OBSERVED NORMAL DEPART LAST YEAR`S
VALUE DATE(S) VALUE FROM VALUE DATE(S)
NORMAL
................................................................
TEMPERATURE (F)
RECORD
HIGH 88 02/18/2016
LOW -26 02/12/1899
HIGHEST 81 02/26 MM MM 74 02/21
02/26
LOWEST 9 02/28 MM MM 3 02/23
AVG. MAXIMUM 58.4 49.4 9.0 53.6
AVG. MINIMUM 29.7 23.0 6.7 21.0
MEAN 44.1 36.2 7.9 37.3
DAYS MAX >= 90 0 0.0 0.0 0
DAYS MAX <= 32 0 4.6 -4.6 2
DAYS MIN <= 32 18 23.9 -5.9 25
DAYS MIN <= 0 0 0.7 -0.7 0
PRECIPITATION (INCHES)
RECORD
MAXIMUM 2.94 1911
MINIMUM 0.00
TOTALS 0.69 0.62 0.07 0.30
DAYS >= .01 6 4.4 1.6 4
DAYS >= .10 2 1.7 0.3 1
DAYS >= .50 0 0.2 -0.2 0
DAYS >= 1.00 0 0.0 0.0 0
GREATEST
24 HR. TOTAL 0.36 02/04 TO 02/04 0.20 02/26 TO 02/27
SNOWFALL (INCHES)
RECORDS
TOTAL 27.7 1903
24 HR TOTAL 15.0 02/25/1912 TO 02/25/1912
SNOW DEPTH 13 02/18/1993
TOTALS 2.6 4.7 -2.1 1.5
SINCE 7/1 21.4 14.6 6.8 12.0
SNOWDEPTH AVG. 0 0
DAYS >= 1.0 2 1.3 0.7 1
GREATEST
SNOW DEPTH 1 02/11 2
02/17
24 HR TOTAL 1.3 02/17 TO 02/17 1.5
DEGREE DAYS
HEATING TOTAL 600 806 -206 769
SINCE 7/1 3344 3793 -449 3712
COOLING TOTAL 0 0 0 0
SINCE 1/1 0 0 0 0
................................................................
WIND (MPH)
AVERAGE WIND SPEED 12.0
RESULTANT WIND SPEED/DIRECTION 2/270
HIGHEST WIND SPEED/DIRECTION 43/360 DATE 02/27
HIGHEST GUST SPEED/DIRECTION 57/360 DATE 02/27
SKY COVER
POSSIBLE SUNSHINE (PERCENT) MM
AVERAGE SKY COVER 0.24
NUMBER OF DAYS FAIR 20
NUMBER OF DAYS PC 7
NUMBER OF DAYS CLOUDY 2
AVERAGE RH (PERCENT) 61
WEATHER CONDITIONS. NUMBER OF DAYS WITH
THUNDERSTORM 1 MIXED PRECIP 0
HEAVY RAIN 1 RAIN 2
LIGHT RAIN 5 FREEZING RAIN 0
LT FREEZING RAIN 1 HAIL 0
HEAVY SNOW 0 SNOW 0
LIGHT SNOW 3 SLEET 0
FOG 12 FOG W/VIS <= 1/4 MILE 2
HAZE 3
- INDICATES NEGATIVE NUMBERS.
R INDICATES RECORD WAS SET OR TIED.
MM INDICATES DATA IS MISSING.
T INDICATES TRACE AMOUNT.
$$