000
CXUS55 KCYS 021103 CCA
CF6DGW
PRELIMINARY LOCAL CLIMATOLOGICAL DATA (WS FORM: F-6)...CORRECTED
STATION: CONVERSE CO (DOUGLAS) WY ARPT
MONTH: SEPTEMBER
YEAR: 2022
LATITUDE: 42 46 N
LONGITUDE: 105 22 W
TEMPERATURE IN F: :PCPN: SNOW: WIND :SUNSHINE: SKY :PK WND
================================================================================
1 2 3 4 5 6A 6B 7 8 9 10 11 12 13 14 15 16 17 18
12Z AVG MX 2MIN
DY MAX MIN AVG DEP HDD CDD WTR SNW DPTH SPD SPD DIR MIN PSBL S-S WX SPD DR
================================================================================
1 97 48 73 7 0 8 0.00 M M 5.3 30 330 M M 0 50 350
2 91 53 72 7 0 7 0.00 M M 9.1 18 90 M M 0 26 150
3 91 60 76 11 0 11 0.00 M M 15.0 26 130 M M 0 34 140
4 101 52 77 13 0 12 0.00 M M 6.4 18 310 M M 0 8 26 320
5 99 59 79 15 0 14 0.00 M M 7.3 16 320 M M 0 8 19 310
6 97 51 74 10 0 9 0.00 M M 5.6 13 170 M M 0 8 20 90
7 98 50 74 11 0 9 0.00 M M 3.8 12 110 M M 0 8 18 270
8 89 52 71 8 0 6 0.03 M M 9.2 40 20 M M 2 8 56 360
9 54 45 50 -13 15 0 0.30 M M 7.2 18 20 M M 10 1 25 30
10 61 41 51 -11 14 0 0.00 M M 6.3 14 140 M M 5 20 130
11 83 34 59 -3 6 0 0.00 M M 3.5 13 120 M M 2 12 15 200
12 87 37 62 1 3 0 0.00 M M 6.8 17 290 M M 0 8 22 290
13 87 41 64 3 1 0 0.00 M M 9.7 28 140 M M 0 8 39 160
14 83 52 68 8 0 3 0.15 M M 7.9 23 10 M M 4 3 32 280
15 65 49 57 -3 8 0 0.01 M M 6.1 13 330 M M 8 1 17 300
16 75 48 62 2 3 0 0.00 M M 5.7 23 250 M M 6 12 32 230
17 77 40 59 0 6 0 0.06 M M 6.9 25 210 M M 2 36 220
18 81 49 65 6 0 0 0.00 M M 6.2 15 170 M M 1 21 170
19 88 45 67 9 0 2 0.00 M M 6.4 22 290 M M 0 30 280
20 82 41 62 4 3 0 0.10 M M 7.5 17 50 M M 2 1 24 200
21 67 45 56 -1 9 0 0.00 M M 14.0 30 130 M M 6 40 140
22 67 44 56 -1 9 0 0.07 M M 16.2 32 140 M M 4 13 44 150
23 76 41 59 3 6 0 0.00 M M 15.2 37 290 M M 0 50 290
24 78 34 56 0 9 0 0.00 M M 8.2 26 330 M M 0 36 320
25 75 33 54 -1 11 0 0.00 M M 3.0 13 290 M M 0 18 300
26 81 36 59 4 6 0 0.00 M M 7.7 20 330 M M 0 29 310
27 80 36 58 4 7 0 0.00 M M 9.1 22 140 M M 0 8 29 120
28 58 49 54 0 11 0 0.00 M M 9.8 14 140 M M 0 M M
29 M M M M M M 0.00 M M M M M M M M M M
30 73 50 62 9 3 0 0.02 M M 7.4 17 300 M M 6 22 310
================================================================================
SM 2341 1315 130 81 0.74 M 232.5 M 58
================================================================================
AV 80.7 45.3 8.0 FASTST M M 2 MAX(MPH)
MISC ----> 40 20 56 360
================================================================================
NOTES:
# LAST OF SEVERAL OCCURRENCES
COLUMN 17 PEAK WIND IN M.P.H.
PRELIMINARY LOCAL CLIMATOLOGICAL DATA (WS FORM: F-6) , PAGE 2
STATION: CONVERSE CO (DOUGLAS) WY ARPT
MONTH: SEPTEMBER
YEAR: 2022
LATITUDE: 42 46 N
LONGITUDE: 105 22 W
[TEMPERATURE DATA] [PRECIPITATION DATA] SYMBOLS USED IN COLUMN 16
AVERAGE MONTHLY: 63.0 TOTAL FOR MONTH: 0.74 1 = FOG OR MIST
DPTR FM NORMAL: 3.4 DPTR FM NORMAL: -0.23 2 = FOG REDUCING VISIBILITY
HIGHEST: 101 ON 4 GRTST 24HR 0.30 ON 9- 9 TO 1/4 MILE OR LESS
LOWEST: 33 ON 25 3 = THUNDER
SNOW, ICE PELLETS, HAIL 4 = ICE PELLETS
TOTAL MONTH: M 5 = HAIL
GRTST 24HR M ON M 6 = FREEZING RAIN OR DRIZZLE
GRTST DEPTH: M ON M 7 = DUSTSTORM OR SANDSTORM:
VSBY 1/2 MILE OR LESS
8 = SMOKE OR HAZE
[NO. OF DAYS WITH] [WEATHER - DAYS WITH] 9 = BLOWING SNOW
X = TORNADO
MAX 32 OR BELOW: 0 0.01 INCH OR MORE: 8
MAX 90 OR ABOVE: 7 0.10 INCH OR MORE: 3
MIN 32 OR BELOW: 0 0.50 INCH OR MORE: 0
MIN 0 OR BELOW: 0 1.00 INCH OR MORE: 0
[HDD (BASE 65) ]
TOTAL THIS MO. 130 CLEAR (SCALE 0-3) 21
DPTR FM NORMAL -67 PTCLDY (SCALE 4-7) 7
TOTAL FM JUL 1 130 CLOUDY (SCALE 8-10) 2
DPTR FM NORMAL -103
[CDD (BASE 65) ]
TOTAL THIS MO. 81
DPTR FM NORMAL 46 [PRESSURE DATA]
TOTAL FM JAN 1 713 HIGHEST SLP 30.36 ON 25
DPTR FM NORMAL 201 LOWEST SLP 29.66 ON 8
[REMARKS]
SEPTEMBER 28...MISSING PEAK WINDS
SEPTEMBER 29...MISSING DATA DUE TO FAA COMMUNICATION PROBLEM
#FINAL-09-22#