000
CXUS55 KCYS 011610
CF6DGW
PRELIMINARY LOCAL CLIMATOLOGICAL DATA (WS FORM: F-6)
STATION: CONVERSE CO (DOUGLAS) WY ARPT
MONTH: OCTOBER
YEAR: 2023
LATITUDE: 42 46 N
LONGITUDE: 105 22 W
TEMPERATURE IN F: :PCPN: SNOW: WIND :SUNSHINE: SKY :PK WND
================================================================================
1 2 3 4 5 6A 6B 7 8 9 10 11 12 13 14 15 16 17 18
12Z AVG MX 2MIN
DY MAX MIN AVG DEP HDD CDD WTR SNW DPTH SPD SPD DIR MIN PSBL S-S WX SPD DR
================================================================================
1 76 47 62 10 3 0 0.08 M M 8.1 20 340 M M 1 3 26 350
2 71 39 55 3 10 0 0.11 M M 8.0 31 290 M M 6 13 40 290
3 58 43 51 0 14 0 T M M 14.3 33 290 M M 4 45 290
4 67 32 50 -1 15 0 0.00 M M 8.7 29 280 M M 4 40 290
5 62 45 54 4 11 0 0.02 M M 7.5 18 10 M M 9 8 26 10
6 58 33 46 -4 19 0 0.00 M M 8.6 18 340 M M 4 25 350
7 74 26 50 1 15 0 0.00 M M 5.1 16 290 M M 0 23 290
8 77 34 56 7 9 0 0.00 M M 7.3 15 60 M M 0 19 50
9 78 31 55 7 10 0 0.00 M M 5.4 15 330 M M 0 24 330
10 77 28 53 5 12 0 0.00 M M 4.5 14 140 M M 1 19 140
11 69 45 57 9 8 0 0.53 M M 7.1 24 190 M M 8 13 33 200
12 48 35 42 -5 23 0 2.07 M M 16.2 30 310 M M 10 1 40 50
13 43 32 38 -9 27 0 0.06 M M 10.3 22 340 M M 9 1 29 330
14 56 29 43 -3 22 0 0.00 M M 5.6 12 250 M M 2 16 240
15 64 30 47 1 18 0 0.00 M M 4.6 17 300 M M 0 1 24 300
16 72 31 52 7 13 0 0.00 M M 3.3 12 310 M M 0 8 16 300
17 76 34 55 10 10 0 T M M 11.9 30 280 M M 1 43 290
18 67 31 49 5 16 0 0.00 M M 8.9 26 310 M M 1 37 300
19 75 38 57 13 8 0 0.00 M M 9.3 24 310 M M 0 31 290
20 77 36 57 13 8 0 0.00 M M 5.7 17 300 M M 0 8 22 310
21 66 34 50 7 15 0 0.00 M M 7.2 17 120 M M 0 24 130
22 71 36 54 11 11 0 0.00 M M 7.0 21 300 M M 0 26 300
23 61 36 49 6 16 0 0.00 M M 4.5 14 310 M M 1 18 310
24 58 31 45 3 20 0 0.00 M M 6.5 18 150 M M 4 12 25 160
25 71 23 47 5 18 0 0.00 M M 11.8 24 10 M M 4 1 31 20
26 26 12 19 -23 46 0 T M M 11.6 24 330 M M 9 1 33 330
27 40 11 26 -15 39 0 0.00 M M 9.2 18 50 M M 4 23 70
28 24 18 21 -20 44 0 T M M 6.0 16 40 M M 10 1 21 30
29 32 11 22 -18 43 0 T M M 7.9 21 300 M M 4 27 300
30 44 5 25 -15 40 0 0.00 M M 9.6 29 310 M M 0 38 300
31 54 14 34 -6 31 0 0.00 M M 4.2 26 300 M M 3 34 300
================================================================================
SM 1892 930 594 0 2.87 M 245.9 M 99
================================================================================
AV 61.0 30.0 7.9 FASTST M M 3 MAX(MPH)
MISC ----> 33 290 45 290
================================================================================
NOTES:
# LAST OF SEVERAL OCCURRENCES
COLUMN 17 PEAK WIND IN M.P.H.
PRELIMINARY LOCAL CLIMATOLOGICAL DATA (WS FORM: F-6) , PAGE 2
STATION: CONVERSE CO (DOUGLAS) WY ARPT
MONTH: OCTOBER
YEAR: 2023
LATITUDE: 42 46 N
LONGITUDE: 105 22 W
[TEMPERATURE DATA] [PRECIPITATION DATA] SYMBOLS USED IN COLUMN 16
AVERAGE MONTHLY: 45.5 TOTAL FOR MONTH: 2.87 1 = FOG OR MIST
DPTR FM NORMAL: -0.1 DPTR FM NORMAL: 1.95 2 = FOG REDUCING VISIBILITY
HIGHEST: 78 ON 9 GRTST 24HR 2.34 ON 11-12 TO 1/4 MILE OR LESS
LOWEST: 5 ON 30 3 = THUNDER
SNOW, ICE PELLETS, HAIL 4 = ICE PELLETS
TOTAL MONTH: M 5 = HAIL
GRTST 24HR M ON M 6 = FREEZING RAIN OR DRIZZLE
GRTST DEPTH: M ON M 7 = DUSTSTORM OR SANDSTORM:
VSBY 1/2 MILE OR LESS
8 = SMOKE OR HAZE
[NO. OF DAYS WITH] [WEATHER - DAYS WITH] 9 = BLOWING SNOW
X = TORNADO
MAX 32 OR BELOW: 3 0.01 INCH OR MORE: 6
MAX 90 OR ABOVE: 0 0.10 INCH OR MORE: 3
MIN 32 OR BELOW: 17 0.50 INCH OR MORE: 2
MIN 0 OR BELOW: 0 1.00 INCH OR MORE: 1
[HDD (BASE 65) ]
TOTAL THIS MO. 594 CLEAR (SCALE 0-3) 17
DPTR FM NORMAL -8 PTCLDY (SCALE 4-7) 9
TOTAL FM JUL 1 736 CLOUDY (SCALE 8-10) 5
DPTR FM NORMAL -99
[CDD (BASE 65) ]
TOTAL THIS MO. 0
DPTR FM NORMAL 0 [PRESSURE DATA]
TOTAL FM JAN 1 414 HIGHEST SLP 30.58 ON 29
DPTR FM NORMAL -98 LOWEST SLP 29.30 ON 11
[REMARKS]
#FINAL-10-23#