000
CXUS54 KAMA 010810
CF6DHT
PRELIMINARY LOCAL CLIMATOLOGICAL DATA (WS FORM: F-6)
STATION: DALHART
MONTH: JANUARY
YEAR: 2021
LATITUDE: 36 1 N
LONGITUDE: 102 33 W
TEMPERATURE IN F: :PCPN: SNOW: WIND :SUNSHINE: SKY :PK WND
================================================================================
1 2 3 4 5 6A 6B 7 8 9 10 11 12 13 14 15 16 17 18
12Z AVG MX 2MIN
DY MAX MIN AVG DEP HDD CDD WTR SNW DPTH SPD SPD DIR MIN PSBL S-S WX SPD DR
================================================================================
1 48 21 35 1 30 0 0.00 0.0 0 12.7 25 10 M M 0 30 360
2 54 19 37 3 28 0 0.00 0.0 0 6.5 16 180 M M 1 24 170
3 56 21 39 5 26 0 0.00 0.0 0 8.5 17 200 M M 0 21 190
4 56 26 41 7 24 0 0.00 0.0 0 9.1 23 20 M M 0 28 20
5 66 25 46 12 19 0 0.00 0.0 0 17.2 33 360 M M 0 42 350
6 49 24 37 3 28 0 0.00 0.0 0 18.6 33 350 M M 2 42 10
7 49 18 34 0 31 0 0.00 0.0 0 6.7 14 80 M M 0 15 340
8 45 17 31 -3 34 0 0.00 0.0 0 5.1 10 250 M M 4 128 13 230
9 42 20 31 -3 34 0 0.05 M 0 9.7 18 50 M M 7 18 22 50
10 33 16 25 -9 40 0 M M 3 7.6 14 30 M M 7 1 16 20
11 39 12 26 -8 39 0 0.00 0.0 2 7.5 13 250 M M 0 15 260
12 52 14 33 -1 32 0 0.00 0.0 0 6.7 14 280 M M 0 16 270
13 67 24 46 11 19 0 0.00 0.0 0 7.5 14 350 M M 0 16 360
14 48 28 38 3 27 0 0.00 0.0 0 16.4 41 10 M M 4 8 51 20
15 47 22 35 0 30 0 0.00 0.0 0 14.9 31 330 M M 3 8 42 320
16 55 23 39 4 26 0 0.00 0.0 0 10.5 26 20 M M 0 29 360
17 48 24 36 1 29 0 0.00 0.0 0 8.0 14 220 M M 2 16 220
18 51 21 36 1 29 0 0.00 0.0 0 15.3 32 20 M M 3 36 30
19 43 22 33 -2 32 0 T M M 12.3 23 10 M M 6 28 10
20 62 26 44 9 21 0 0.00 0.0 0 13.2 24 220 M M 0 29 250
21 63 31 47 12 18 0 0.00 0.0 0 8.1 17 270 M M 0 22 270
22 47 22 35 0 30 0 0.00 0.0 0 8.0 13 120 M M 1 18 15 120
23 63 31 47 12 18 0 0.00 0.0 0 17.2 31 240 M M 5 128 39 220
24 43 29 36 1 29 0 0.05 0.0 0 11.1 24 20 M M 6 13 27 30
25 48 24 36 1 29 0 0.02 0.0 0 9.2 17 20 M M 5 12 21 30
26 26 18 22 -13 43 0 0.02 T 0 8.7 16 60 M M 8 18 20 60
27 44 18 31 -4 34 0 0.00 0.0 1 10.8 18 180 M M 5 1 24 210
28 53 25 39 4 26 0 0.00 0.0 0 16.5 30 220 M M 0 38 210
29 69 20 45 10 20 0 0.00 0.0 0 11.9 32 250 M M 0 39 240
30 60 36 48 12 17 0 T 0.0 0 17.9 43 350 M M 2 8 53 360
31 55 27 41 5 24 0 0.00 0.0 0 10.5 29 10 M M 1 33 360
================================================================================
SM 1581 704 866 0 0.14 T 343.9 M 72
================================================================================
AV 51.0 22.7 11.1 FASTST M M 2 MAX(MPH)
MISC ----> 43 350 53 360
================================================================================
NOTES:
# LAST OF SEVERAL OCCURRENCES
COLUMN 17 PEAK WIND IN M.P.H.
PRELIMINARY LOCAL CLIMATOLOGICAL DATA (WS FORM: F-6) , PAGE 2
STATION: DALHART
MONTH: JANUARY
YEAR: 2021
LATITUDE: 36 1 N
LONGITUDE: 102 33 W
[TEMPERATURE DATA] [PRECIPITATION DATA] SYMBOLS USED IN COLUMN 16
AVERAGE MONTHLY: 36.9 TOTAL FOR MONTH: 0.14 1 = FOG OR MIST
DPTR FM NORMAL: 2.2 DPTR FM NORMAL: -0.38 2 = FOG REDUCING VISIBILITY
HIGHEST: 69 ON 29 GRTST 24HR 0.32 ON 9-10 TO 1/4 MILE OR LESS
LOWEST: 12 ON 11 3 = THUNDER
SNOW, ICE PELLETS, HAIL 4 = ICE PELLETS
TOTAL MONTH: T 5 = HAIL
GRTST 24HR T ON 26-26 6 = FREEZING RAIN OR DRIZZLE
GRTST DEPTH: 3 ON 10 7 = DUSTSTORM OR SANDSTORM:
VSBY 1/2 MILE OR LESS
8 = SMOKE OR HAZE
[NO. OF DAYS WITH] [WEATHER - DAYS WITH] 9 = BLOWING SNOW
X = TORNADO
MAX 32 OR BELOW: 1 0.01 INCH OR MORE: 4
MAX 90 OR ABOVE: 0 0.10 INCH OR MORE: 0
MIN 32 OR BELOW: 30 0.50 INCH OR MORE: 0
MIN 0 OR BELOW: 0 1.00 INCH OR MORE: 0
[HDD (BASE 65) ]
TOTAL THIS MO. 866 CLEAR (SCALE 0-3) 20
DPTR FM NORMAL -73 PTCLDY (SCALE 4-7) 11
TOTAL FM JUL 1 2626 CLOUDY (SCALE 8-10) 0
DPTR FM NORMAL -257
[CDD (BASE 65) ]
TOTAL THIS MO. 0
DPTR FM NORMAL 0 [PRESSURE DATA]
TOTAL FM JAN 1 0 HIGHEST SLP M ON M
DPTR FM NORMAL 0 LOWEST SLP 29.44 ON 30
[REMARKS]
#FINAL-01-21#