000
CXUS54 KAMA 011559
CF6DHT
PRELIMINARY LOCAL CLIMATOLOGICAL DATA (WS FORM: F-6)
STATION: DALHART
MONTH: MARCH
YEAR: 2020
LATITUDE: 36 1 N
LONGITUDE: 102 33 W
TEMPERATURE IN F: :PCPN: SNOW: WIND :SUNSHINE: SKY :PK WND
================================================================================
1 2 3 4 5 6A 6B 7 8 9 10 11 12 13 14 15 16 17 18
12Z AVG MX 2MIN
DY MAX MIN AVG DEP HDD CDD WTR SNW DPTH SPD SPD DIR MIN PSBL S-S WX SPD DR
================================================================================
1 70 30 50 9 15 0 0.00 0.0 0 9.4 20 80 M M 0 26 80
2 64 30 47 5 18 0 0.00 0.0 0 14.4 28 230 M M 0 36 230
3 58 27 43 1 22 0 0.00 0.0 0 9.0 26 10 M M 0 32 10
4 60 29 45 3 20 0 0.00 0.0 0 11.0 23 20 M M 0 29 30
5 57 24 41 -1 24 0 0.00 0.0 0 12.2 35 40 M M 0 42 40
6 66 26 46 3 19 0 0.00 0.0 0 16.2 30 210 M M 0 35 220
7 73 32 53 10 12 0 0.00 0.0 0 17.0 31 210 M M 0 40 200
8 63 38 51 8 14 0 0.01 0.0 0 15.5 26 210 M M 4 1 32 200
9 69 39 54 10 11 0 0.00 0.0 0 11.6 22 360 M M 1 29 350
10 79 36 58 14 7 0 0.00 0.0 0 13.3 30 250 M M 0 36 250
11 72 35 54 10 11 0 0.00 0.0 0 12.5 23 180 M M 0 30 170
12 72 49 61 17 4 0 0.00 0.0 0 12.9 25 70 M M 0 31 60
13 49 36 43 -2 22 0 0.30 0.0 0 14.0 22 100 M M 9 1 27 80
14 63 36 50 5 15 0 T 0.0 0 11.8 26 80 M M 8 12 32 80
15 45 38 42 -3 23 0 0.01 0.0 0 11.3 18 150 M M 10 12 21 150
16 75 42 59 14 6 0 0.00 0.0 0 12.8 26 60 M M 4 12 30 70
17 56 42 49 3 16 0 0.26 0.0 0 14.3 37 170 M M 9 123 45 170
18 72 41 57 11 8 0 0.00 0.0 0 12.4 26 200 M M 4 12 33 210
19 65 36 51 5 14 0 T 0.0 0 24.5 46 240 M M 2 59 220
20 44 29 37 -9 28 0 0.00 0.0 0 14.8 31 360 M M 6 39 360
21 58 31 45 -2 20 0 0.00 0.0 0 13.7 23 200 M M 5 29 180
22 71 37 54 7 11 0 0.00 0.0 0 12.9 21 10 M M 3 1 26 250
23 73 44 59 12 6 0 0.00 0.0 0 12.5 31 200 M M 4 1 37 210
24 73 35 54 7 11 0 0.00 0.0 0 8.0 20 190 M M 0 22 190
25 85 36 61 13 4 0 0.00 0.0 0 15.2 39 240 M M 0 47 250
26 85 46 66 18 0 1 0.00 0.0 0 15.9 35 230 M M 0 42 210
27 70 45 58 10 7 0 0.00 0.0 0 18.1 38 180 M M 2 46 180
28 64 33 49 1 16 0 0.00 0.0 0 13.7 22 340 M M 0 32 330
29 67 26 47 -2 18 0 0.00 0.0 0 11.4 24 190 M M 0 30 180
30 71 35 53 4 12 0 0.00 0.0 0 11.4 33 260 M M 1 8 39 280
31 74 33 54 5 11 0 0.00 0.0 0 11.4 24 200 M M 1 12 31 220
================================================================================
SM 2063 1096 425 1 0.58 0.0 415.1 M 73
================================================================================
AV 66.5 35.4 13.4 FASTST M M 2 MAX(MPH)
MISC ----> 46 240 59 220
================================================================================
NOTES:
# LAST OF SEVERAL OCCURRENCES
COLUMN 17 PEAK WIND IN M.P.H.
PRELIMINARY LOCAL CLIMATOLOGICAL DATA (WS FORM: F-6) , PAGE 2
STATION: DALHART
MONTH: MARCH
YEAR: 2020
LATITUDE: 36 1 N
LONGITUDE: 102 33 W
[TEMPERATURE DATA] [PRECIPITATION DATA] SYMBOLS USED IN COLUMN 16
AVERAGE MONTHLY: 51.0 TOTAL FOR MONTH: 0.58 1 = FOG OR MIST
DPTR FM NORMAL: 5.7 DPTR FM NORMAL: -0.59 2 = FOG REDUCING VISIBILITY
HIGHEST: 85 ON 26,25 GRTST 24HR 0.30 ON 13-13 TO 1/4 MILE OR LESS
LOWEST: 24 ON 5 3 = THUNDER
SNOW, ICE PELLETS, HAIL 4 = ICE PELLETS
TOTAL MONTH: 0.0 INCH 5 = HAIL
GRTST 24HR 0.0 6 = FREEZING RAIN OR DRIZZLE
GRTST DEPTH: 0 7 = DUSTSTORM OR SANDSTORM:
VSBY 1/2 MILE OR LESS
8 = SMOKE OR HAZE
[NO. OF DAYS WITH] [WEATHER - DAYS WITH] 9 = BLOWING SNOW
X = TORNADO
MAX 32 OR BELOW: 0 0.01 INCH OR MORE: 4
MAX 90 OR ABOVE: 0 0.10 INCH OR MORE: 2
MIN 32 OR BELOW: 10 0.50 INCH OR MORE: 0
MIN 0 OR BELOW: 0 1.00 INCH OR MORE: 0
[HDD (BASE 65) ]
TOTAL THIS MO. 425 CLEAR (SCALE 0-3) 21
DPTR FM NORMAL -186 PTCLDY (SCALE 4-7) 7
TOTAL FM JUL 1 3905 CLOUDY (SCALE 8-10) 3
DPTR FM NORMAL -350
[CDD (BASE 65) ]
TOTAL THIS MO. 1
DPTR FM NORMAL 1 [PRESSURE DATA]
TOTAL FM JAN 1 1 HIGHEST SLP 30.53 ON 20
DPTR FM NORMAL 1 LOWEST SLP 29.41 ON 27
[REMARKS]
#FINAL-03-20#