000
CXUS53 KDLH 010820
CF6DLH
PRELIMINARY LOCAL CLIMATOLOGICAL DATA (WS FORM: F-6)
STATION: DULUTH
MONTH: JUNE
YEAR: 2022
LATITUDE: 46 49 N
LONGITUDE: 92 11 W
TEMPERATURE IN F: :PCPN: SNOW: WIND :SUNSHINE: SKY :PK WND
================================================================================
1 2 3 4 5 6A 6B 7 8 9 10 11 12 13 14 15 16 17 18
12Z AVG MX 2MIN
DY MAX MIN AVG DEP HDD CDD WTR SNW DPTH SPD SPD DIR MIN PSBL S-S WX SPD DR
================================================================================
1 68 43 56 -1 9 0 0.00 0.0 0 11.8 23 270 M M 1 30 270
2 70 46 58 1 7 0 0.00 0.0 0 13.6 35 280 M M 5 44 260
3 64 44 54 -4 11 0 0.00 0.0 0 11.5 26 270 M M 4 39 270
4 75 46 61 3 4 0 0.00 0.0 0 10.2 22 310 M M 3 30 280
5 68 42 55 -3 10 0 0.00 0.0 0 7.0 15 150 M M 1 20 130
6 63 46 55 -3 10 0 T 0.0 0 9.9 21 110 M M 4 8 29 100
7 72 40 56 -3 9 0 0.00 0.0 0 4.7 12 150 M M 3 16 240
8 74 51 63 4 2 0 0.00 0.0 0 7.7 21 290 M M 3 28 310
9 76 47 62 3 3 0 0.00 0.0 0 5.8 17 280 M M 2 25 280
10 76 45 61 1 4 0 0.00 0.0 0 5.4 16 260 M M 3 22 260
11 65 46 56 -4 9 0 0.26 0.0 0 5.9 13 120 M M 6 13 18 20
12 68 45 57 -3 8 0 0.00 0.0 0 10.9 18 110 M M 3 25 120
13 63 46 55 -5 10 0 0.68 0.0 0 12.9 24 20 M M 8 123 42 30
14 68 50 59 -2 6 0 0.01 0.0 0 11.8 22 110 M M 7 128 28 110
15 75 55 65 4 0 0 0.02 0.0 0 6.8 25 250 M M 4 1 36 250
16 74 57 66 5 0 1 0.02 0.0 0 16.9 33 280 M M 5 46 270
17 77 54 66 4 0 1 0.00 0.0 0 8.9 18 310 M M 1 28 310
18 63 47 55 -7 10 0 0.01 0.0 0 10.5 24 130 M M 2 31 130
19 80 46 63 1 2 0 0.00 0.0 0 9.9 21 190 M M 1 28 200
20 94 68 81 19 0 16 0.66 0.0 0 14.0 32 300 M M 1 13 45 310
21 82 64 73 10 0 8 0.68 0.0 0 16.0 33 260 M M 5 13 48 250
22 77 56 67 4 0 2 0.00 0.0 0 10.5 21 310 M M 1 30 290
23 87 63 75 12 0 10 0.02 0.0 0 13.0 28 260 M M 2 3 38 190
24 82 58 70 6 0 5 0.00 0.0 0 10.1 22 90 M M 4 3 29 100
25 75 58 67 3 0 2 1.69 0.0 0 13.1 23 280 M M 6 123 33 350
26 66 52 59 -5 6 0 0.01 0.0 0 15.8 31 290 M M 7 1 48 270
27 76 45 61 -3 4 0 0.01 0.0 0 8.1 23 260 M M 2 38 32 260
28 72 54 63 -1 2 0 0.00 0.0 0 8.3 18 280 M M 3 25 260
29 70 46 58 -7 7 0 T 0.0 0 8.9 23 110 M M 2 138 31 130
30 85 58 72 7 0 7 0.01 0.0 0 13.4 28 270 M M 2 38 270
================================================================================
SM 2205 1518 133 52 4.08 0.0 313.3 M 101
================================================================================
AV 73.5 50.6 10.4 FASTST M M 3 MAX(MPH)
MISC ----> 35 280 # 48 250
================================================================================
NOTES:
# LAST OF SEVERAL OCCURRENCES
COLUMN 17 PEAK WIND IN M.P.H.
PRELIMINARY LOCAL CLIMATOLOGICAL DATA (WS FORM: F-6) , PAGE 2
STATION: DULUTH
MONTH: JUNE
YEAR: 2022
LATITUDE: 46 49 N
LONGITUDE: 92 11 W
[TEMPERATURE DATA] [PRECIPITATION DATA] SYMBOLS USED IN COLUMN 16
AVERAGE MONTHLY: 62.1 TOTAL FOR MONTH: 4.08 1 = FOG OR MIST
DPTR FM NORMAL: 0.8 DPTR FM NORMAL: -0.31 2 = FOG REDUCING VISIBILITY
HIGHEST: 94 ON 20 GRTST 24HR 1.69 ON 25-25 TO 1/4 MILE OR LESS
LOWEST: 40 ON 7 3 = THUNDER
SNOW, ICE PELLETS, HAIL 4 = ICE PELLETS
TOTAL MONTH: 0.0 INCH 5 = HAIL
GRTST 24HR 0.0 6 = FREEZING RAIN OR DRIZZLE
GRTST DEPTH: 0 7 = DUSTSTORM OR SANDSTORM:
VSBY 1/2 MILE OR LESS
8 = SMOKE OR HAZE
[NO. OF DAYS WITH] [WEATHER - DAYS WITH] 9 = BLOWING SNOW
X = TORNADO
MAX 32 OR BELOW: 0 0.01 INCH OR MORE: 13
MAX 90 OR ABOVE: 1 0.10 INCH OR MORE: 5
MIN 32 OR BELOW: 0 0.50 INCH OR MORE: 4
MIN 0 OR BELOW: 0 1.00 INCH OR MORE: 1
[HDD (BASE 65) ]
TOTAL THIS MO. 133 CLEAR (SCALE 0-3) 16
DPTR FM NORMAL -19 PTCLDY (SCALE 4-7) 13
TOTAL FM JUL 1 9287 CLOUDY (SCALE 8-10) 1
DPTR FM NORMAL 171
[CDD (BASE 65) ]
TOTAL THIS MO. 52
DPTR FM NORMAL 16 [PRESSURE DATA]
TOTAL FM JAN 1 53 HIGHEST SLP 30.34 ON 18
DPTR FM NORMAL 10 LOWEST SLP 29.55 ON 16
[REMARKS]
#FINAL-06-22#