000
CXUS53 KDLH 042236
CLSDLH
CLIMATE REPORT
NATIONAL WEATHER SERVICE DULUTH MN
436 PM CST MON DEC 04 2023
...................................
...THE DULUTH CLIMATE SUMMARY FOR THE SEASON, FROM
9/1/2023 TO 11/30/2023...
CLIMATE NORMAL PERIOD: 1991 TO 2020
CLIMATE RECORD PERIOD: 1870 TO 2023
WEATHER OBSERVED NORMAL DEPART LAST YEAR`S
VALUE DATE(S) VALUE FROM VALUE DATE(S)
NORMAL
................................................................
TEMPERATURE (F)
RECORD
HIGH 97 09/03/2023
LOW -29 11/29/1875
HIGHEST 97R 09/03 MM MM 85
LOWEST -2 11/28 MM MM 5
AVG. MAXIMUM 54.0 52.3 1.7 53.6
AVG. MINIMUM 38.7 35.1 3.6 36.5
MEAN 46.3 43.7 2.6 45.1
PRECIPITATION (INCHES)
RECORD
MAXIMUM 17.74 1881
MINIMUM 1.97 1952
TOTALS 13.18 8.35 4.83 7.15
SNOWFALL (INCHES)
RECORDS
TOTAL 56.8 1991
SNOW DEPTH 30 11/02/1991
TOTALS 3.0 16.9 -13.9 18.0
SINCE 7/1 3.0 16.9 -13.9 MM
SNOWDEPTH AVG. T 1
DAYS >= 1.0 1 4.5 -3.5 6
GREATEST
SNOW DEPTH 0 5 11/15
11/16
11/17
DEGREE DAYS
HEATING TOTAL 1762 1957 -195 1817
COOLING TOTAL 84 22 62 28
................................................................
WIND (MPH)
AVERAGE WIND SPEED 9.4
HIGHEST WIND SPEED/DIRECTION 35/270
HIGHEST GUST SPEED/DIRECTION 49/270
SKY COVER
POSSIBLE SUNSHINE (PERCENT) MM
- INDICATES NEGATIVE NUMBERS.
R INDICATES RECORD WAS SET OR TIED.
MM INDICATES DATA IS MISSING.
T INDICATES TRACE AMOUNT.
$$