000
CXUS54 KEPZ 011030
CF6DMN
PRELIMINARY LOCAL CLIMATOLOGICAL DATA (WS FORM: F-6)
STATION: DEMING
MONTH: MAY
YEAR: 2023
LATITUDE: 32 15 N
LONGITUDE: 107 42 W
TEMPERATURE IN F: :PCPN: SNOW: WIND :SUNSHINE: SKY :PK WND
================================================================================
1 2 3 4 5 6A 6B 7 8 9 10 11 12 13 14 15 16 17 18
12Z AVG MX 2MIN
DY MAX MIN AVG DEP HDD CDD WTR SNW DPTH SPD SPD DIR MIN PSBL S-S WX SPD DR
================================================================================
1 90 55 73 9 0 8 0.00 M M 8.2 21 260 M M 0 31 290
2 84 51 68 4 0 3 0.00 M M 8.2 17 240 M M 0 28 280
3 83 47 65 1 0 0 0.00 M M 8.2 18 220 M M 0 28 200
4 82 57 70 6 0 5 0.00 M M 13.9 26 240 M M 1 36 250
5 82 43 63 -2 2 0 0.00 M M 12.3 33 270 M M 0 46 270
6 87 46 67 2 0 2 0.00 M M 10.6 28 240 M M 0 39 260
7 87 45 66 1 0 1 0.00 M M 10.8 22 270 M M 0 31 280
8 88 47 68 2 0 3 0.00 M M 5.8 16 280 M M 0 27 270
9 89 44 67 1 0 2 0.00 M M 7.8 18 210 M M 0 26 240
10 82 51 67 1 0 2 0.00 M M 14.6 36 250 M M 0 8 52 270
11 81 42 62 -5 3 0 0.00 M M 10.6 23 250 M M 0 32 250
12 87 47 67 0 0 2 0.00 M M 7.3 14 270 M M 0 20 260
13 85 47 66 -1 0 1 0.49 M M 14.4 28 60 M M 2 13 42 60
14 78 54 66 -2 0 1 0.06 M M 12.5 21 50 M M 4 33 50
15 82 60 71 3 0 6 T M M 8.8 21 50 M M 7 26 50
16 85 61 73 5 0 8 T M M 7.9 25 270 M M 6 3 36 270
17 87 61 74 5 0 9 0.00 M M 9.6 33 280 M M 3 8 45 280
18 85 60 73 4 0 8 T M M 7.7 24 230 M M 2 3 37 220
19 87 54 71 1 0 6 0.00 M M 7.2 28 40 M M 2 38 40
20 85 58 72 2 0 7 0.13 M M 12.5 36 290 M M 4 3 47 290
21 85 54 70 0 0 5 T M M 5.9 14 240 M M 1 20 270
22 90 54 72 1 0 7 0.00 M M 4.3 18 260 M M 0 27 310
23 92 51 72 1 0 7 0.00 M M 6.2 23 220 M M 0 40 170
24 92 52 72 0 0 7 0.00 M M 7.8 20 240 M M 0 30 210
25 92 53 73 1 0 8 0.00 M M 5.7 15 160 M M 0 25 190
26 94 55 75 3 0 10 0.00 M M 9.0 22 240 M M 0 33 220
27 91 60 76 3 0 11 0.00 M M 9.5 26 270 M M 0 35 270
28 91 53 72 -1 0 7 0.00 M M 8.6 22 290 M M 0 32 290
29 91 56 74 1 0 9 0.00 M M 9.1 18 250 M M 0 28 220
30 93 59 76 2 0 11 0.00 M M 6.2 17 230 M M 0 26 200
31 90 61 76 2 0 11 0.00 M M 11.9 22 260 M M 0 32 260
================================================================================
SM 2697 1638 5 167 0.68 M 283.1 M 32
================================================================================
AV 87.0 52.8 9.1 FASTST M M 1 MAX(MPH)
MISC ----> # 36 250 52 270
================================================================================
NOTES:
# LAST OF SEVERAL OCCURRENCES
COLUMN 17 PEAK WIND IN M.P.H.
PRELIMINARY LOCAL CLIMATOLOGICAL DATA (WS FORM: F-6) , PAGE 2
STATION: DEMING
MONTH: MAY
YEAR: 2023
LATITUDE: 32 15 N
LONGITUDE: 107 42 W
[TEMPERATURE DATA] [PRECIPITATION DATA] SYMBOLS USED IN COLUMN 16
AVERAGE MONTHLY: 69.9 TOTAL FOR MONTH: 0.68 1 = FOG OR MIST
DPTR FM NORMAL: 1.2 DPTR FM NORMAL: 0.53 2 = FOG REDUCING VISIBILITY
HIGHEST: 94 ON 26 GRTST 24HR 0.54 ON 13-14 TO 1/4 MILE OR LESS
LOWEST: 42 ON 11 3 = THUNDER
SNOW, ICE PELLETS, HAIL 4 = ICE PELLETS
TOTAL MONTH: M 5 = HAIL
GRTST 24HR M ON M 6 = FREEZING RAIN OR DRIZZLE
GRTST DEPTH: M ON M 7 = DUSTSTORM OR SANDSTORM:
VSBY 1/2 MILE OR LESS
8 = SMOKE OR HAZE
[NO. OF DAYS WITH] [WEATHER - DAYS WITH] 9 = BLOWING SNOW
X = TORNADO
MAX 32 OR BELOW: 0 0.01 INCH OR MORE: 3
MAX 90 OR ABOVE: 11 0.10 INCH OR MORE: 2
MIN 32 OR BELOW: 0 0.50 INCH OR MORE: 0
MIN 0 OR BELOW: 0 1.00 INCH OR MORE: 0
[HDD (BASE 65) ]
TOTAL THIS MO. 5 CLEAR (SCALE 0-3) 27
DPTR FM NORMAL -28 PTCLDY (SCALE 4-7) 4
TOTAL FM JUL 1 3101 CLOUDY (SCALE 8-10) 0
DPTR FM NORMAL 57
[CDD (BASE 65) ]
TOTAL THIS MO. 167
DPTR FM NORMAL 21 [PRESSURE DATA]
TOTAL FM JAN 1 188 HIGHEST SLP 30.18 ON 15
DPTR FM NORMAL 24 LOWEST SLP 29.54 ON 31
[REMARKS]
#FINAL-05-23#