000
CXUS54 KEPZ 221307
CF6DMN
PRELIMINARY LOCAL CLIMATOLOGICAL DATA (WS FORM: F-6)
STATION: DEMING
MONTH: AUGUST
YEAR: 2022
LATITUDE: 32 15 N
LONGITUDE: 107 42 W
TEMPERATURE IN F: :PCPN: SNOW: WIND :SUNSHINE: SKY :PK WND
================================================================================
1 2 3 4 5 6A 6B 7 8 9 10 11 12 13 14 15 16 17 18
12Z AVG MX 2MIN
DY MAX MIN AVG DEP HDD CDD WTR SNW DPTH SPD SPD DIR MIN PSBL S-S WX SPD DR
================================================================================
1 99 72 86 5 0 21 T M M 5.3 16 40 M M 3 20 50
2 99 69 84 3 0 19 0.00 M M 10.1 35 280 M M 2 38 46 270
3 101 71 86 5 0 21 0.03 M M 8.7 24 220 M M 2 3 37 200
4 90 64 77 -4 0 12 0.62 M M 6.7 26 180 M M 2 13 38 180
5 95 73 84 3 0 19 0.00 M M 5.5 16 80 M M 0 21 80
6 98 73 86 6 0 21 0.00 0.0 0 7.7 20 30 M M 1 28 40
7 97 72 85 5 0 20 0.00 M M 8.5 30 100 M M 1 8 40 100
8 95 65 80 0 0 15 1.67 M M 9.0 39 90 M M 3 13 57 100
9 91 65 78 -2 0 13 0.05 M M 5.5 29 50 M M 1 38 42 40
10 92 66 79 -1 0 14 T M M 8.1 33 150 M M 3 38 46 150
11 81 68 75 -5 0 10 T M M 11.3 23 50 M M 3 29 60
12 91 63 77 -3 0 12 0.11 M M 8.0 21 330 M M 1 38 31 340
13 90 65 78 -2 0 13 0.00 M M 7.4 17 270 M M 1 22 270
14 94 67 81 1 0 16 0.00 M M 7.4 20 310 M M 1 28 290
15 96 66 81 1 0 16 0.00 M M 6.2 18 260 M M 1 3 28 240
16 94 69 82 2 0 17 0.00 M M 8.9 24 100 M M 1 35 120
17 74 66 70 -9 0 5 0.27 M M 9.2 25 110 M M 8 18 35 110
18 84 66 75 -4 0 10 0.12 M M 8.7 21 110 M M 7 1 29 130
19 83 65 74 -5 0 9 0.68 M M 7.2 24 130 M M 7 1 32 130
20 78 66 72 -7 0 7 0.26 M M 6.2 20 260 M M 6 1 26 260
21 77 65 71 -8 0 6 0.03 M M 5.0 15 40 M M 6 1 20 30
22 84 63 74 -5 0 9 0.01 M M 4.3 31 360 M M 2 38 46 360
23 81 64 73 -6 0 8 0.00 M M 6.7 23 110 M M 3 3 30 120
24 86 68 77 -1 0 12 0.00 M M 6.8 18 180 M M 3 27 170
25 87 68 78 0 0 13 0.00 M M 5.7 14 120 M M 4 20 130
26 90 64 77 -1 0 12 0.00 M M 4.4 12 120 M M 0 17 120
27 91 66 79 1 0 14 0.00 M M 5.4 18 220 M M 0 3 26 50
28 93 64 79 1 0 14 0.00 M M 5.7 14 320 M M 1 19 320
29 97 61 79 1 0 14 0.00 M M 6.5 16 30 M M 0 22 80
30 91 64 78 1 0 13 0.00 M M 11.7 26 70 M M 1 35 90
31 85 63 74 -3 0 9 0.00 M M 7.5 17 100 M M 4 30 150
================================================================================
SM 2784 2061 0 414 3.85 0.0 225.3 M 78
================================================================================
AV 89.8 66.5 7.3 FASTST M M 3 MAX(MPH)
MISC ----> 39 90 57 100
================================================================================
NOTES:
# LAST OF SEVERAL OCCURRENCES
COLUMN 17 PEAK WIND IN M.P.H.
PRELIMINARY LOCAL CLIMATOLOGICAL DATA (WS FORM: F-6) , PAGE 2
STATION: DEMING
MONTH: AUGUST
YEAR: 2022
LATITUDE: 32 15 N
LONGITUDE: 107 42 W
[TEMPERATURE DATA] [PRECIPITATION DATA] SYMBOLS USED IN COLUMN 16
AVERAGE MONTHLY: 78.1 TOTAL FOR MONTH: 3.85 1 = FOG OR MIST
DPTR FM NORMAL: -1.3 DPTR FM NORMAL: 1.84 2 = FOG REDUCING VISIBILITY
HIGHEST: 101 ON 3 GRTST 24HR 1.70 ON 8- 9 TO 1/4 MILE OR LESS
LOWEST: 61 ON 29 3 = THUNDER
SNOW, ICE PELLETS, HAIL 4 = ICE PELLETS
TOTAL MONTH: 0.0 INCH 5 = HAIL
GRTST 24HR 0.0 6 = FREEZING RAIN OR DRIZZLE
GRTST DEPTH: 0 7 = DUSTSTORM OR SANDSTORM:
VSBY 1/2 MILE OR LESS
8 = SMOKE OR HAZE
[NO. OF DAYS WITH] [WEATHER - DAYS WITH] 9 = BLOWING SNOW
X = TORNADO
MAX 32 OR BELOW: 0 0.01 INCH OR MORE: 11
MAX 90 OR ABOVE: 20 0.10 INCH OR MORE: 7
MIN 32 OR BELOW: 0 0.50 INCH OR MORE: 3
MIN 0 OR BELOW: 0 1.00 INCH OR MORE: 1
[HDD (BASE 65) ]
TOTAL THIS MO. 0 CLEAR (SCALE 0-3) 22
DPTR FM NORMAL 0 PTCLDY (SCALE 4-7) 9
TOTAL FM JUL 1 0 CLOUDY (SCALE 8-10) 0
DPTR FM NORMAL 0
[CDD (BASE 65) ]
TOTAL THIS MO. 414
DPTR FM NORMAL -31 [PRESSURE DATA]
TOTAL FM JAN 1 1709 HIGHEST SLP 30.07 ON 11
DPTR FM NORMAL 184 LOWEST SLP 29.65 ON 28
[REMARKS]
#FINAL-08-22#