000
CXUS54 KEPZ 011030
CF6DMN
PRELIMINARY LOCAL CLIMATOLOGICAL DATA (WS FORM: F-6)
STATION: DEMING
MONTH: MAY
YEAR: 2022
LATITUDE: 32 15 N
LONGITUDE: 107 42 W
TEMPERATURE IN F: :PCPN: SNOW: WIND :SUNSHINE: SKY :PK WND
================================================================================
1 2 3 4 5 6A 6B 7 8 9 10 11 12 13 14 15 16 17 18
12Z AVG MX 2MIN
DY MAX MIN AVG DEP HDD CDD WTR SNW DPTH SPD SPD DIR MIN PSBL S-S WX SPD DR
================================================================================
1 89 46 68 4 0 3 0.00 M M 10.4 26 250 M M 0 8 36 230
2 85 57 71 7 0 6 0.00 M M 14.8 29 290 M M 0 8 43 270
3 84 49 67 3 0 2 0.00 M M 12.9 24 270 M M 0 37 220
4 84 52 68 4 0 3 0.00 M M 13.3 30 250 M M 0 8 46 250
5 85 43 64 -1 1 0 0.00 M M 8.1 21 280 M M 0 31 270
6 91 49 70 5 0 5 0.00 M M 11.7 24 250 M M 0 36 240
7 93 52 73 8 0 8 0.00 M M 15.3 31 250 M M 0 8 42 240
8 90 56 73 7 0 8 0.00 M M 16.2 32 240 M M 0 8 45 260
9 89 58 74 8 0 9 0.00 M M 14.4 26 250 M M 0 39 270
10 92 50 71 5 0 6 0.00 M M 8.6 24 190 M M 0 8 37 240
11 94 50 72 5 0 7 0.00 M M 11.1 26 210 M M 0 37 210
12 87 51 69 2 0 4 0.00 M M 10.6 24 280 M M 0 35 270
13 90 41 66 -1 0 1 0.00 M M 6.7 16 270 M M 0 22 280
14 94 42 68 0 0 3 0.00 M M 5.5 17 50 M M 0 25 50
15 98 46 72 4 0 7 0.00 M M 5.4 14 220 M M 0 23 240
16 97 55 76 8 0 11 0.00 M M 8.8 22 260 M M 0 31 240
17 93 52 73 4 0 8 0.00 M M 9.2 22 270 M M 0 31 240
18 92 55 74 5 0 9 0.00 M M 9.6 18 260 M M 0 26 240
19 92 56 74 4 0 9 0.00 M M 14.3 28 270 M M 0 8 46 230
20 90 62 76 6 0 11 0.00 M M 16.9 29 250 M M 0 8 43 240
21 90 58 74 4 0 9 0.00 M M 9.9 22 230 M M 0 30 260
22 81 53 67 -4 0 2 0.00 M M 9.7 22 70 M M 0 28 70
23 90 50 70 -1 0 5 0.00 M M 9.8 28 260 M M 0 8 39 260
24 88 50 69 -3 0 4 0.00 M M 12.7 29 260 M M 0 8 40 260
25 92 45 69 -3 0 4 0.00 M M 5.9 16 260 M M 0 21 250
26 97 54 76 4 0 11 0.00 M M 4.6 16 270 M M 0 8 23 250
27 100 56 78 5 0 13 0.00 M M 8.3 21 260 M M 0 28 260
28 94 58 76 3 0 11 0.00 M M 11.7 29 230 M M 0 8 40 230
29 92 59 76 3 0 11 0.00 M M 16.2 31 270 M M 1 8 46 260
30 89 61 75 1 0 10 0.00 M M 12.2 24 270 M M 0 35 270
31 93 54 74 0 0 9 0.00 M M 8.7 20 260 M M 0 31 260
================================================================================
SM 2815 1620 1 209 0.00 M 333.5 M 1
================================================================================
AV 90.8 52.3 10.8 FASTST M M 0 MAX(MPH)
MISC ----> 32 240 # 46 250
================================================================================
NOTES:
# LAST OF SEVERAL OCCURRENCES
COLUMN 17 PEAK WIND IN M.P.H.
PRELIMINARY LOCAL CLIMATOLOGICAL DATA (WS FORM: F-6) , PAGE 2
STATION: DEMING
MONTH: MAY
YEAR: 2022
LATITUDE: 32 15 N
LONGITUDE: 107 42 W
[TEMPERATURE DATA] [PRECIPITATION DATA] SYMBOLS USED IN COLUMN 16
AVERAGE MONTHLY: 71.5 TOTAL FOR MONTH: 0.00 1 = FOG OR MIST
DPTR FM NORMAL: 2.8 DPTR FM NORMAL: -0.15 2 = FOG REDUCING VISIBILITY
HIGHEST: 100 ON 27 GRTST 24HR 0.00 ON 1- 1 TO 1/4 MILE OR LESS
LOWEST: 41 ON 13 3 = THUNDER
SNOW, ICE PELLETS, HAIL 4 = ICE PELLETS
TOTAL MONTH: M 5 = HAIL
GRTST 24HR M ON M 6 = FREEZING RAIN OR DRIZZLE
GRTST DEPTH: M ON M 7 = DUSTSTORM OR SANDSTORM:
VSBY 1/2 MILE OR LESS
8 = SMOKE OR HAZE
[NO. OF DAYS WITH] [WEATHER - DAYS WITH] 9 = BLOWING SNOW
X = TORNADO
MAX 32 OR BELOW: 0 0.01 INCH OR MORE: 0
MAX 90 OR ABOVE: 21 0.10 INCH OR MORE: 0
MIN 32 OR BELOW: 0 0.50 INCH OR MORE: 0
MIN 0 OR BELOW: 0 1.00 INCH OR MORE: 0
[HDD (BASE 65) ]
TOTAL THIS MO. 1 CLEAR (SCALE 0-3) 31
DPTR FM NORMAL -32 PTCLDY (SCALE 4-7) 0
TOTAL FM JUL 1 2784 CLOUDY (SCALE 8-10) 0
DPTR FM NORMAL -260
[CDD (BASE 65) ]
TOTAL THIS MO. 209
DPTR FM NORMAL 63 [PRESSURE DATA]
TOTAL FM JAN 1 249 HIGHEST SLP 30.02 ON 22
DPTR FM NORMAL 85 LOWEST SLP 29.38 ON 29
[REMARKS]
#FINAL-05-22#