000
CXUS54 KEPZ 011030
CF6DMN
PRELIMINARY LOCAL CLIMATOLOGICAL DATA (WS FORM: F-6)
STATION: DEMING
MONTH: JUNE
YEAR: 2021
LATITUDE: 32 15 N
LONGITUDE: 107 42 W
TEMPERATURE IN F: :PCPN: SNOW: WIND :SUNSHINE: SKY :PK WND
================================================================================
1 2 3 4 5 6A 6B 7 8 9 10 11 12 13 14 15 16 17 18
12Z AVG MX 2MIN
DY MAX MIN AVG DEP HDD CDD WTR SNW DPTH SPD SPD DIR MIN PSBL S-S WX SPD DR
================================================================================
1 88 56 72 -2 0 7 T M M 9.1 25 30 M M 1 34 30
2 92 60 76 1 0 11 0.00 M M 7.6 31 340 M M 0 8 46 340
3 92 66 79 4 0 14 0.01 M M 8.3 28 90 M M 1 38 40 110
4 91 62 77 1 0 12 0.00 M M 7.0 16 270 M M 1 28 290
5 99 59 79 3 0 14 0.00 M M 12.2 26 260 M M 0 37 260
6 97 68 83 7 0 18 0.00 M M 16.3 31 260 M M 0 41 270
7 97 60 79 2 0 14 0.00 M M 12.0 25 260 M M 0 34 250
8 95 56 76 -1 0 11 0.00 M M 10.3 22 260 M M 0 32 270
9 99 56 78 1 0 13 0.00 M M 7.6 20 280 M M 0 28 250
10 100 59 80 2 0 15 0.00 M M 9.8 23 260 M M 0 31 260
11 103 59 81 3 0 16 0.00 M M 7.5 17 230 M M 0 24 250
12 108 57 83 5 0 18 0.00 M M 6.5 23 110 M M 0 33 110
13 106 71 89 11 0 24 0.00 M M 9.6 25 30 M M 5 8 37 30
14 106 72 89 10 0 24 0.00 M M 8.1 20 120 M M 0 28 120
15 98 72 85 6 0 20 0.00 M M 11.8 21 120 M M 0 31 120
16 100 70 85 6 0 20 0.00 M M 8.1 18 110 M M 0 8 28 110
17 98 70 84 5 0 19 0.00 M M 8.6 21 120 M M 0 31 110
18 100 61 81 1 0 16 0.00 M M 5.6 18 100 M M 0 28 80
19 104 62 83 3 0 18 0.00 M M 4.8 12 190 M M 0 18 200
20 108 74 91 11 0 26 0.12 M M 7.3 40 360 M M 1 3 55 10
21 105 76 91 11 0 26 0.00 M M 10.9 24 310 M M 0 8 37 320
22 101 69 85 5 0 20 T M M 7.3 26 210 M M 1 38 41 200
23 99 74 87 7 0 22 0.04 M M 11.7 29 250 M M 1 40 260
24 97 66 82 1 0 17 0.00 M M 10.4 24 290 M M 0 35 230
25 98 71 85 4 0 20 0.00 M M 11.5 32 280 M M 0 43 300
26 99 66 83 2 0 18 0.00 M M 7.9 18 30 M M 0 27 290
27 91 61 76 -5 0 11 0.31 M M 13.1 33 50 M M 1 38 43 50
28 70 59 65 -16 0 0 0.10 M M 14.2 25 50 M M 7 1 35 50
29 78 62 70 -11 0 5 T M M 12.7 22 40 M M 6 28 40
30 78 62 70 -11 0 5 0.09 M M 9.7 20 40 M M 6 26 40
================================================================================
SM 2897 1936 0 474 0.67 M 287.5 M 31
================================================================================
AV 96.6 64.5 9.6 FASTST M M 1 MAX(MPH)
MISC ----> 40 360 55 10
================================================================================
NOTES:
# LAST OF SEVERAL OCCURRENCES
COLUMN 17 PEAK WIND IN M.P.H.
PRELIMINARY LOCAL CLIMATOLOGICAL DATA (WS FORM: F-6) , PAGE 2
STATION: DEMING
MONTH: JUNE
YEAR: 2021
LATITUDE: 32 15 N
LONGITUDE: 107 42 W
[TEMPERATURE DATA] [PRECIPITATION DATA] SYMBOLS USED IN COLUMN 16
AVERAGE MONTHLY: 80.6 TOTAL FOR MONTH: 0.67 1 = FOG OR MIST
DPTR FM NORMAL: 2.0 DPTR FM NORMAL: 0.12 2 = FOG REDUCING VISIBILITY
HIGHEST: 108 ON 20,12 GRTST 24HR 0.36 ON 27-28 TO 1/4 MILE OR LESS
LOWEST: 56 ON 9, 8 3 = THUNDER
SNOW, ICE PELLETS, HAIL 4 = ICE PELLETS
TOTAL MONTH: M 5 = HAIL
GRTST 24HR M ON M 6 = FREEZING RAIN OR DRIZZLE
GRTST DEPTH: M ON M 7 = DUSTSTORM OR SANDSTORM:
VSBY 1/2 MILE OR LESS
8 = SMOKE OR HAZE
[NO. OF DAYS WITH] [WEATHER - DAYS WITH] 9 = BLOWING SNOW
X = TORNADO
MAX 32 OR BELOW: 0 0.01 INCH OR MORE: 6
MAX 90 OR ABOVE: 26 0.10 INCH OR MORE: 3
MIN 32 OR BELOW: 0 0.50 INCH OR MORE: 0
MIN 0 OR BELOW: 0 1.00 INCH OR MORE: 0
[HDD (BASE 65) ]
TOTAL THIS MO. 0 CLEAR (SCALE 0-3) 26
DPTR FM NORMAL 0 PTCLDY (SCALE 4-7) 4
TOTAL FM JUL 1 2992 CLOUDY (SCALE 8-10) 0
DPTR FM NORMAL -54
[CDD (BASE 65) ]
TOTAL THIS MO. 474
DPTR FM NORMAL 66 [PRESSURE DATA]
TOTAL FM JAN 1 687 HIGHEST SLP 30.03 ON 30
DPTR FM NORMAL 115 LOWEST SLP 29.53 ON 20
[REMARKS]
#FINAL-06-21#