000
CXUS54 KEPZ 011130
CF6DMN
PRELIMINARY LOCAL CLIMATOLOGICAL DATA (WS FORM: F-6)
STATION: DEMING
MONTH: NOVEMBER
YEAR: 2023
LATITUDE: 32 15 N
LONGITUDE: 107 42 W
TEMPERATURE IN F: :PCPN: SNOW: WIND :SUNSHINE: SKY :PK WND
================================================================================
1 2 3 4 5 6A 6B 7 8 9 10 11 12 13 14 15 16 17 18
12Z AVG MX 2MIN
DY MAX MIN AVG DEP HDD CDD WTR SNW DPTH SPD SPD DIR MIN PSBL S-S WX SPD DR
================================================================================
1 64 30 47 -9 18 0 0.00 M M 7.0 16 80 M M 0 22 110
2 71 29 50 -6 15 0 0.00 M M 4.3 8 290 M M 0 13 200
3 76 31 54 -1 11 0 0.00 M M 3.6 9 300 M M 0 11 210
4 80 33 57 2 8 0 0.00 M M 4.1 10 90 M M 0 15 80
5 82 40 61 6 4 0 0.00 M M 5.1 12 310 M M 0 16 220
6 84 42 63 9 2 0 0.00 M M 7.5 22 270 M M 0 30 260
7 84 44 64 10 1 0 0.00 M M 8.9 22 290 M M 0 29 280
8 80 46 63 10 2 0 0.00 M M 8.2 23 280 M M 0 31 290
9 69 47 58 5 7 0 0.10 M M 10.3 23 80 M M 6 3 32 80
10 50 44 47 -5 18 0 0.25 M M 12.8 25 80 M M 10 13 32 80
11 61 41 51 -1 14 0 0.00 M M 6.2 13 100 M M 6 17 110
12 65 36 51 -1 14 0 0.00 M M 7.7 17 60 M M 1 25 50
13 62 49 56 5 9 0 0.00 M M 8.6 17 70 M M 10 23 80
14 64 44 54 3 11 0 0.00 M M 5.2 13 60 M M 2 17 60
15 70 39 55 4 10 0 0.00 M M 4.7 10 100 M M 0 15 90
16 71 46 59 9 6 0 0.00 M M 5.3 13 240 M M 1 17 240
17 76 54 65 15 0 0 0.00 M M 7.3 18 270 M M 1 26 260
18 77 55 66 17 0 1 0.00 M M 6.0 20 280 M M 4 28 280
19 67 45 56 7 9 0 0.00 M M 15.0 33 270 M M 0 43 290
20 63 41 52 3 13 0 0.00 M M 9.8 23 30 M M 3 35 280
21 59 37 48 0 17 0 0.00 M M 11.0 24 40 M M 0 35 30
22 60 29 45 -3 20 0 0.00 M M 3.9 9 80 M M 0 13 170
23 61 24 43 -5 22 0 0.00 M M 3.2 10 220 M M 0 14 200
24 66 29 48 1 17 0 0.00 M M 8.1 21 210 M M 2 30 230
25 60 40 50 3 15 0 0.00 M M 11.4 24 270 M M 1 35 250
26 57 32 45 -2 20 0 0.00 M M 9.7 23 60 M M 6 29 70
27 55 35 45 -1 20 0 0.00 M M 9.2 18 60 M M 1 24 50
28 61 35 48 2 17 0 0.00 M M 8.1 15 70 M M 2 23 40
29 65 34 50 4 15 0 0.00 M M 2.8 12 70 M M 0 16 90
30 56 38 47 2 18 0 T M M 13.7 33 270 M M 2 8 45 280
================================================================================
SM 2016 1169 353 1 0.35 M 228.7 M 58
================================================================================
AV 67.2 39.0 7.6 FASTST M M 2 MAX(MPH)
MISC ----> # 33 270 45 280
================================================================================
NOTES:
# LAST OF SEVERAL OCCURRENCES
COLUMN 17 PEAK WIND IN M.P.H.
PRELIMINARY LOCAL CLIMATOLOGICAL DATA (WS FORM: F-6) , PAGE 2
STATION: DEMING
MONTH: NOVEMBER
YEAR: 2023
LATITUDE: 32 15 N
LONGITUDE: 107 42 W
[TEMPERATURE DATA] [PRECIPITATION DATA] SYMBOLS USED IN COLUMN 16
AVERAGE MONTHLY: 53.1 TOTAL FOR MONTH: 0.35 1 = FOG OR MIST
DPTR FM NORMAL: 2.6 DPTR FM NORMAL: -0.15 2 = FOG REDUCING VISIBILITY
HIGHEST: 84 ON 7, 6 GRTST 24HR 0.35 ON 9-10 TO 1/4 MILE OR LESS
LOWEST: 24 ON 23 3 = THUNDER
SNOW, ICE PELLETS, HAIL 4 = ICE PELLETS
TOTAL MONTH: M 5 = HAIL
GRTST 24HR M ON M 6 = FREEZING RAIN OR DRIZZLE
GRTST DEPTH: M ON M 7 = DUSTSTORM OR SANDSTORM:
VSBY 1/2 MILE OR LESS
8 = SMOKE OR HAZE
[NO. OF DAYS WITH] [WEATHER - DAYS WITH] 9 = BLOWING SNOW
X = TORNADO
MAX 32 OR BELOW: 0 0.01 INCH OR MORE: 2
MAX 90 OR ABOVE: 0 0.10 INCH OR MORE: 2
MIN 32 OR BELOW: 7 0.50 INCH OR MORE: 0
MIN 0 OR BELOW: 0 1.00 INCH OR MORE: 0
[HDD (BASE 65) ]
TOTAL THIS MO. 353 CLEAR (SCALE 0-3) 24
DPTR FM NORMAL -82 PTCLDY (SCALE 4-7) 4
TOTAL FM JUL 1 432 CLOUDY (SCALE 8-10) 2
DPTR FM NORMAL -125
[CDD (BASE 65) ]
TOTAL THIS MO. 1
DPTR FM NORMAL 1 [PRESSURE DATA]
TOTAL FM JAN 1 2325 HIGHEST SLP 30.43 ON 21
DPTR FM NORMAL 511 LOWEST SLP 29.68 ON 30
[REMARKS]
#FINAL-11-23#