000
CXUS54 KEPZ 011030
CF6DMN
PRELIMINARY LOCAL CLIMATOLOGICAL DATA (WS FORM: F-6)
STATION: DEMING
MONTH: JULY
YEAR: 2023
LATITUDE: 32 15 N
LONGITUDE: 107 42 W
TEMPERATURE IN F: :PCPN: SNOW: WIND :SUNSHINE: SKY :PK WND
================================================================================
1 2 3 4 5 6A 6B 7 8 9 10 11 12 13 14 15 16 17 18
12Z AVG MX 2MIN
DY MAX MIN AVG DEP HDD CDD WTR SNW DPTH SPD SPD DIR MIN PSBL S-S WX SPD DR
================================================================================
1 100 59 80 -1 0 15 0.00 M M 4.9 17 240 M M 0 24 190
2 101 65 83 2 0 18 0.00 M M 7.7 28 110 M M 0 8 38 110
3 100 68 84 3 0 19 0.00 M M 7.7 23 300 M M 0 32 290
4 101 67 84 2 0 19 0.00 M M 6.4 15 90 M M 0 21 260
5 104 64 84 2 0 19 0.00 M M 5.6 21 260 M M 0 26 270
6 106 65 86 4 0 21 0.00 M M 6.3 15 200 M M 0 21 220
7 105 73 89 7 0 24 0.00 M M 9.1 21 240 M M 0 31 240
8 106 68 87 5 0 22 0.00 M M 8.1 26 270 M M 0 34 270
9 106 71 89 7 0 24 0.00 M M 7.1 23 340 M M 0 31 340
10 105 78 92 10 0 27 0.00 M M 7.7 25 30 M M 1 3 33 40
11 105 74 90 8 0 25 T M M 10.6 29 330 M M 1 40 190
12 100 73 87 5 0 22 0.00 M M 12.9 22 270 M M 0 34 230
13 104 72 88 6 0 23 0.00 M M 9.3 28 340 M M 0 3 41 340
14 105 75 90 8 0 25 T M M 8.2 24 320 M M 2 3 33 330
15 102 75 89 7 0 24 T M M 9.0 25 50 M M 0 3 36 40
16 103 71 87 5 0 22 0.00 M M 5.6 12 120 M M 0 19 210
17 107 75 91 9 0 26 0.00 M M 6.1 24 320 M M 0 3 33 310
18 107 68 88 6 0 23 0.00 M M 6.9 20 320 M M 0 27 310
19 108 70 89 7 0 24 0.00 M M 6.8 20 320 M M 0 28 320
20 108 71 90 9 0 25 0.00 M M 10.4 35 330 M M 0 49 320
21 106 74 90 9 0 25 0.13 M M 9.8 23 340 M M 0 3 34 30
22 99 76 88 7 0 23 T M M 13.0 24 350 M M 0 3 34 350
23 96 72 84 3 0 19 T M M 6.7 25 50 M M 1 3 32 50
24 101 70 86 5 0 21 0.00 M M 5.3 16 120 M M 0 25 160
25 103 72 88 7 0 23 0.00 M M 7.0 13 130 M M 0 20 130
26 107 71 89 8 0 24 0.00 M M 5.7 17 130 M M 0 23 100
27 106 78 92 11 0 27 0.02 M M 8.7 20 30 M M 0 3 33 300
28 104 73 89 8 0 24 0.00 M M 8.3 23 40 M M 0 30 30
29 101 78 90 9 0 25 0.00 M M 10.2 20 100 M M 0 27 90
30 98 72 85 4 0 20 T M M 11.9 26 100 M M 1 40 100
31 97 69 83 2 0 18 0.00 M M 6.6 16 140 M M 1 27 140
================================================================================
SM 3201 2207 0 696 0.15 M 249.6 M 7
================================================================================
AV103.3 71.2 8.1 FASTST M M 0 MAX(MPH)
MISC ----> 35 330 49 320
================================================================================
NOTES:
# LAST OF SEVERAL OCCURRENCES
COLUMN 17 PEAK WIND IN M.P.H.
PRELIMINARY LOCAL CLIMATOLOGICAL DATA (WS FORM: F-6) , PAGE 2
STATION: DEMING
MONTH: JULY
YEAR: 2023
LATITUDE: 32 15 N
LONGITUDE: 107 42 W
[TEMPERATURE DATA] [PRECIPITATION DATA] SYMBOLS USED IN COLUMN 16
AVERAGE MONTHLY: 87.2 TOTAL FOR MONTH: 0.15 1 = FOG OR MIST
DPTR FM NORMAL: 5.8 DPTR FM NORMAL: -1.76 2 = FOG REDUCING VISIBILITY
HIGHEST: 108 ON 20,19 GRTST 24HR 0.13 ON 21-21 TO 1/4 MILE OR LESS
LOWEST: 59 ON 1 3 = THUNDER
SNOW, ICE PELLETS, HAIL 4 = ICE PELLETS
TOTAL MONTH: M 5 = HAIL
GRTST 24HR M ON M 6 = FREEZING RAIN OR DRIZZLE
GRTST DEPTH: M ON M 7 = DUSTSTORM OR SANDSTORM:
VSBY 1/2 MILE OR LESS
8 = SMOKE OR HAZE
[NO. OF DAYS WITH] [WEATHER - DAYS WITH] 9 = BLOWING SNOW
X = TORNADO
MAX 32 OR BELOW: 0 0.01 INCH OR MORE: 2
MAX 90 OR ABOVE: 31 0.10 INCH OR MORE: 1
MIN 32 OR BELOW: 0 0.50 INCH OR MORE: 0
MIN 0 OR BELOW: 0 1.00 INCH OR MORE: 0
[HDD (BASE 65) ]
TOTAL THIS MO. 0 CLEAR (SCALE 0-3) 31
DPTR FM NORMAL 0 PTCLDY (SCALE 4-7) 0
TOTAL FM JUL 1 0 CLOUDY (SCALE 8-10) 0
DPTR FM NORMAL 0
[CDD (BASE 65) ]
TOTAL THIS MO. 696
DPTR FM NORMAL 188 [PRESSURE DATA]
TOTAL FM JAN 1 1270 HIGHEST SLP 30.02 ON 24
DPTR FM NORMAL 190 LOWEST SLP 29.58 ON 7
[REMARKS]
#FINAL-07-23#