000
CXUS53 KEAX 010836
CF6DMO
PRELIMINARY LOCAL CLIMATOLOGICAL DATA (WS FORM: F-6)
STATION: SEDALIA MO
MONTH: FEBRUARY
YEAR: 2023
LATITUDE: 38 42 N
LONGITUDE: 93 6 W
TEMPERATURE IN F: :PCPN: SNOW: WIND :SUNSHINE: SKY :PK WND
================================================================================
1 2 3 4 5 6A 6B 7 8 9 10 11 12 13 14 15 16 17 18
12Z AVG MX 2MIN
DY MAX MIN AVG DEP HDD CDD WTR SNW DPTH SPD SPD DIR MIN PSBL S-S WX SPD DR
================================================================================
1 34 12 23 -8 42 0 0.00 M M 6.7 13 190 M M 0 18 200
2 50 18 34 3 31 0 0.00 M M 10.4 23 350 M M 0 34 360
3 34 10 22 -9 43 0 0.00 M M 8.1 15 340 M M 0 20 340
4 55 28 42 10 23 0 0.00 M M 17.5 29 210 M M 0 40 210
5 60 32 46 14 19 0 0.00 M M 7.9 20 220 M M 0 28 220
6 67 34 51 19 14 0 0.00 M M 16.0 35 170 M M 2 46 190
7 55 37 46 14 19 0 0.00 M M 7.0 17 300 M M 1 23 290
8 45 33 39 7 26 0 0.10 M M 8.1 24 70 M M 7 18 35 80
9 48 34 41 8 24 0 0.68 M M 14.2 31 320 M M 10 1 44 330
10 41 27 34 1 31 0 0.00 M M 8.6 17 340 M M 5 22 340
11 51 19 35 2 30 0 0.00 M M 2.9 9 180 M M 0 11 180
12 62 28 45 11 20 0 0.00 M M 8.5 17 210 M M 0 25 220
13 60 32 46 12 19 0 0.00 M M 5.9 13 320 M M 0 17 320
14 54 44 49 15 16 0 0.50 M M 13.1 24 240 M M 6 1 36 240
15 48 35 42 8 23 0 0.00 M M 10.7 23 270 M M 5 37 260
16 35 25 30 -5 35 0 T M M 12.8 22 280 M M 10 16 30 290
17 42 17 30 -5 35 0 0.00 M M 8.5 16 330 M M 0 24 320
18 57 33 45 10 20 0 0.00 M M 15.6 25 210 M M 2 36 210
19 59 38 49 13 16 0 0.00 M M 10.2 21 220 M M 1 8 30 220
20 63 35 49 13 16 0 0.00 M M 7.9 21 280 M M 1 34 300
21 62 34 48 12 17 0 0.00 M M 11.4 20 150 M M 0 8 26 80
22 66 38 52 15 13 0 0.74 M M 13.6 26 220 M M 3 1 39 230
23 38 22 30 -7 35 0 0.00 M M 11.9 22 290 M M 2 31 290
24 39 19 29 -9 36 0 0.00 M M 10.2 16 100 M M 4 22 20
25 49 31 40 2 25 0 0.00 M M 6.5 14 220 M M 8 8 20 230
26 61 37 49 11 16 0 0.03 M M 9.2 38 150 M M 9 138 50 150
27 65 44 55 16 10 0 0.72 M M 17.2 32 210 M M 5 1 47 210
28 71 33 52 13 13 0 0.00 M M 8.9 21 230 M M 0 18 31 240
================================================================================
SM 1471 829 667 0 2.77 M 289.5 M 81
================================================================================
AV 52.5 29.6 10.3 FASTST M M 3 MAX(MPH)
MISC ----> 38 150 50 150
================================================================================
NOTES:
# LAST OF SEVERAL OCCURRENCES
COLUMN 17 PEAK WIND IN M.P.H.
PRELIMINARY LOCAL CLIMATOLOGICAL DATA (WS FORM: F-6) , PAGE 2
STATION: SEDALIA MO
MONTH: FEBRUARY
YEAR: 2023
LATITUDE: 38 42 N
LONGITUDE: 93 6 W
[TEMPERATURE DATA] [PRECIPITATION DATA] SYMBOLS USED IN COLUMN 16
AVERAGE MONTHLY: 41.1 TOTAL FOR MONTH: 2.77 1 = FOG OR MIST
DPTR FM NORMAL: 6.6 DPTR FM NORMAL: 1.09 2 = FOG REDUCING VISIBILITY
HIGHEST: 71 ON 28 GRTST 24HR 0.78 ON 8- 9 TO 1/4 MILE OR LESS
LOWEST: 10 ON 3 3 = THUNDER
SNOW, ICE PELLETS, HAIL 4 = ICE PELLETS
TOTAL MONTH: M 5 = HAIL
GRTST 24HR M ON M 6 = FREEZING RAIN OR DRIZZLE
GRTST DEPTH: M ON M 7 = DUSTSTORM OR SANDSTORM:
VSBY 1/2 MILE OR LESS
8 = SMOKE OR HAZE
[NO. OF DAYS WITH] [WEATHER - DAYS WITH] 9 = BLOWING SNOW
X = TORNADO
MAX 32 OR BELOW: 0 0.01 INCH OR MORE: 6
MAX 90 OR ABOVE: 0 0.10 INCH OR MORE: 5
MIN 32 OR BELOW: 14 0.50 INCH OR MORE: 4
MIN 0 OR BELOW: 0 1.00 INCH OR MORE: 0
[HDD (BASE 65) ]
TOTAL THIS MO. 667 CLEAR (SCALE 0-3) 18
DPTR FM NORMAL -187 PTCLDY (SCALE 4-7) 7
TOTAL FM JUL 1 3344 CLOUDY (SCALE 8-10) 3
DPTR FM NORMAL -528
[CDD (BASE 65) ]
TOTAL THIS MO. 0
DPTR FM NORMAL 0 [PRESSURE DATA]
TOTAL FM JAN 1 0 HIGHEST SLP 30.71 ON 3
DPTR FM NORMAL 0 LOWEST SLP 29.14 ON 27
[REMARKS]
#FINAL-02-23#