000
CXUS52 KCAE 011400
CF6DNL
PRELIMINARY LOCAL CLIMATOLOGICAL DATA (WS FORM: F-6)
STATION: AUGUSTA DANIEL FIELD GA
MONTH: AUGUST
YEAR: 2022
LATITUDE: 33 28 N
LONGITUDE: 82 2 W
TEMPERATURE IN F: :PCPN: SNOW: WIND :SUNSHINE: SKY :PK WND
================================================================================
1 2 3 4 5 6A 6B 7 8 9 10 11 12 13 14 15 16 17 18
12Z AVG MX 2MIN
DY MAX MIN AVG DEP HDD CDD WTR SNW DPTH SPD SPD DIR MIN PSBL S-S WX SPD DR
================================================================================
1 97 75 86 2 0 21 T M M 4.9 22 310 M M 2 35 310
2 96 78 87 3 0 22 0.00 M M 4.7 13 310 M M 1 17 340
3 94 75 85 1 0 20 0.04 M M 3.3 18 100 M M 1 3 26 90
4 94 73 84 0 0 19 0.00 M M 5.3 15 160 M M 2 19 150
5 96 75 86 2 0 21 0.00 M M 6.6 24 140 M M 0 3 35 130
6 94 75 85 1 0 20 0.15 M M 5.1 15 120 M M 4 13 20 120
7 87 73 80 -4 0 15 T M M 3.6 10 130 M M 3 3 16 80
8 93 73 83 0 0 18 0.56 M M 3.2 18 210 M M 3 13 24 220
9 94 73 84 1 0 19 0.52 M M 4.7 20 10 M M 1 38 27 350
10 90 72 81 -2 0 16 0.10 M M 4.1 18 220 M M 1 3 28 220
11 88 71 80 -3 0 15 0.03 M M 5.7 20 190 M M 1 28 200
12 86 72 79 -4 0 14 0.14 M M 5.2 21 10 M M 6 138 28 20
13 88 70 79 -4 0 14 0.00 M M 6.7 15 60 M M 2 22 60
14 91 69 80 -3 0 15 0.00 M M 3.2 12 140 M M 2 14 130
15 92 72 82 -1 0 17 T M M 6.5 15 210 M M 2 3 23 230
16 85 72 79 -4 0 14 T M M 5.6 14 60 M M 8 17 40
17 81 70 76 -7 0 11 0.09 M M 3.5 9 360 M M 8 1 14 10
18 84 70 77 -5 0 12 0.00 M M 4.8 14 110 M M 6 19 130
19 82 73 78 -4 0 13 0.05 M M 3.6 10 70 M M 9 1 13 70
20 92 72 82 0 0 17 0.01 M M 2.5 9 180 M M 5 1 12 180
21 88 72 80 -2 0 15 0.12 M M 4.3 13 200 M M 3 13 20 280
22 82 74 78 -4 0 13 0.04 M M 4.8 10 210 M M 2 1 16 210
23 85 73 79 -3 0 14 0.00 M M 1.5 7 250 M M 2 14 130
24 86 74 80 -2 0 15 T M M 3.4 10 220 M M 1 13 15 220
25 81 71 76 -6 0 11 1.73 M M 2.7 12 360 M M 8 13 13 310
26 87 72 80 -2 0 15 T M M 2.8 10 110 M M 5 12 14 100
27 93 73 83 1 0 18 0.00 M M 2.8 12 90 M M 1 15 60
28 91 73 82 1 0 17 0.00 M M 5.3 13 90 M M 1 21 100
29 90 73 82 1 0 17 T M M 6.6 17 60 M M 6 3 23 10
30 90 73 82 1 0 17 0.00 M M 2.6 12 290 M M 6 16 140
31 91 73 82 1 0 17 0.00 M M 3.0 10 40 M M 2 15 30
================================================================================
SM 2768 2254 0 502 3.58 M 132.6 M 104
================================================================================
AV 89.3 72.7 4.3 FASTST M M 3 MAX(MPH)
MISC ----> 24 140 # 35 310
================================================================================
NOTES:
# LAST OF SEVERAL OCCURRENCES
COLUMN 17 PEAK WIND IN M.P.H.
PRELIMINARY LOCAL CLIMATOLOGICAL DATA (WS FORM: F-6) , PAGE 2
STATION: AUGUSTA DANIEL FIELD GA
MONTH: AUGUST
YEAR: 2022
LATITUDE: 33 28 N
LONGITUDE: 82 2 W
[TEMPERATURE DATA] [PRECIPITATION DATA] SYMBOLS USED IN COLUMN 16
AVERAGE MONTHLY: 81.0 TOTAL FOR MONTH: 3.58 1 = FOG OR MIST
DPTR FM NORMAL: -1.6 DPTR FM NORMAL: -1.44 2 = FOG REDUCING VISIBILITY
HIGHEST: 97 ON 1 GRTST 24HR 1.73 ON 25-25 TO 1/4 MILE OR LESS
LOWEST: 69 ON 14 3 = THUNDER
SNOW, ICE PELLETS, HAIL 4 = ICE PELLETS
TOTAL MONTH: M 5 = HAIL
GRTST 24HR M ON M 6 = FREEZING RAIN OR DRIZZLE
GRTST DEPTH: M ON M 7 = DUSTSTORM OR SANDSTORM:
VSBY 1/2 MILE OR LESS
8 = SMOKE OR HAZE
[NO. OF DAYS WITH] [WEATHER - DAYS WITH] 9 = BLOWING SNOW
X = TORNADO
MAX 32 OR BELOW: 0 0.01 INCH OR MORE: 13
MAX 90 OR ABOVE: 17 0.10 INCH OR MORE: 7
MIN 32 OR BELOW: 0 0.50 INCH OR MORE: 3
MIN 0 OR BELOW: 0 1.00 INCH OR MORE: 1
[HDD (BASE 65) ]
TOTAL THIS MO. 0 CLEAR (SCALE 0-3) 19
DPTR FM NORMAL 0 PTCLDY (SCALE 4-7) 11
TOTAL FM JUL 1 0 CLOUDY (SCALE 8-10) 1
DPTR FM NORMAL 0
[CDD (BASE 65) ]
TOTAL THIS MO. 502
DPTR FM NORMAL -44 [PRESSURE DATA]
TOTAL FM JAN 1 2228 HIGHEST SLP 30.25 ON 7
DPTR FM NORMAL 133 LOWEST SLP 29.81 ON 16
[REMARKS]
#FINAL-08-22#