000
CXUS52 KCAE 031424
CLMDNL
CLIMATE REPORT
NATIONAL WEATHER SERVICE COLUMBIA SC
1024 AM EDT MON APR 03 2023
...................................
...THE AUGUSTA DANIEL FIELD GA CLIMATE SUMMARY FOR THE MONTH OF MARCH 2023...
CLIMATE NORMAL PERIOD: 1991 TO 2020
CLIMATE RECORD PERIOD: 9999 TO 9999
WEATHER OBSERVED NORMAL DEPART LAST YEAR`S
VALUE DATE(S) VALUE FROM VALUE
NORMAL
..............................................................
TEMPERATURE (F)
HIGHEST 85 03/24 MM MM
LOWEST 30 03/15 MM MM
AVG. MAXIMUM 69.6 69.4 0.2
AVG. MINIMUM 49.5 49.0 0.5
MEAN 59.6 59.2 0.4
DAYS MAX >= 90 0 0.0 0.0
DAYS MAX <= 32 0 0.0 0.0
DAYS MIN <= 32 2 0.9 1.1
DAYS MIN <= 0 0 0.0 0.0
PRECIPITATION (INCHES)
TOTALS 5.26 3.98 1.28
DAYS >= .01 9 9.1 -0.1
DAYS >= .10 7 6.4 0.6
DAYS >= .50 4 2.5 1.5
DAYS >= 1.00 1 1.0 0.0
GREATEST
24 HR. TOTAL 2.17 03/26 TO 03/27
DAYS >= TRACE MM
DEGREE DAYS
HEATING TOTAL 204 218 -14
SINCE 7/1 1558 1814 -256
COOLING TOTAL 46 38 8
SINCE 1/1 85 51 34
..............................................................
WIND (MPH)
AVERAGE WIND SPEED 6.3
RESULTANT WIND SPEED/DIRECTION 1/200
HIGHEST WIND SPEED/DIRECTION 31/200 DATE 03/03
HIGHEST GUST SPEED/DIRECTION 41/190 DATE 03/03
SKY COVER
POSSIBLE SUNSHINE (PERCENT) MM
AVERAGE SKY COVER 0.31
NUMBER OF DAYS FAIR 19
NUMBER OF DAYS PC 6
NUMBER OF DAYS CLOUDY 6
AVERAGE RH (PERCENT) 59
WEATHER CONDITIONS. NUMBER OF DAYS WITH
THUNDERSTORM 3 MIXED PRECIP 0
HEAVY RAIN 6 RAIN 9
LIGHT RAIN 11 FREEZING RAIN 0
LT FREEZING RAIN 0 HAIL 0
HEAVY SNOW 0 SNOW 0
LIGHT SNOW 0 SLEET 0
FOG 15 FOG W/VIS <= 1/4 MILE 2
HAZE 3
- INDICATES NEGATIVE NUMBERS.
R INDICATES RECORD WAS SET OR TIED.
MM INDICATES DATA IS MISSING.
T INDICATES TRACE AMOUNT.
$$