000
CXUS55 KVEF 020141
CF6DRA
PRELIMINARY LOCAL CLIMATOLOGICAL DATA (WS FORM: F-6)
STATION: DESERT ROCK-MERCURY NV
MONTH: MAY
YEAR: 2023
LATITUDE: 36 37 N
LONGITUDE: 116 1 W
TEMPERATURE IN F: :PCPN: SNOW: WIND :SUNSHINE: SKY :PK WND
================================================================================
1 2 3 4 5 6A 6B 7 8 9 10 11 12 13 14 15 16 17 18
12Z AVG MX 2MIN
DY MAX MIN AVG DEP HDD CDD WTR SNW DPTH SPD SPD DIR MIN PSBL S-S WX SPD DR
================================================================================
1 83 55 69 5 0 4 0.00 0.0 0 14.4 25 210 M M 0 44 180
2 73 48 61 -4 4 0 0.00 0.0 0 15.7 25 220 M M 0 41 200
3 73 42 58 -7 7 0 0.00 0.0 0 12.1 23 230 M M 1 39 240
4 62 49 56 -9 9 0 0.00 0.0 0 15.9 29 200 M M 3 45 190
5 67 46 57 -9 8 0 0.00 0.0 0 12.2 18 240 M M 2 35 220
6 69 49 59 -7 6 0 0.00 0.0 0 15.3 27 240 M M 0 37 240
7 75 46 61 -5 4 0 0.00 0.0 0 8.9 20 240 M M 0 30 240
8 78 48 63 -4 2 0 0.00 0.0 0 10.2 20 210 M M 0 32 260
9 79 46 63 -4 2 0 0.00 0.0 0 10.1 21 220 M M 0 38 220
10 78 52 65 -2 0 0 0.00 0.0 0 9.2 17 210 M M 1 33 230
11 82 48 65 -3 0 0 0.00 0.0 0 5.9 15 230 M M 0 21 230
12 87 55 71 3 0 6 0.00 0.0 0 10.9 16 70 M M 0 30 40
13 88 62 75 7 0 10 0.00 0.0 0 13.7 20 30 M M 0 33 10
14 90 65 78 9 0 13 0.00 0.0 0 9.7 16 50 M M 1 33 220
15 92 62 77 8 0 12 0.00 0.0 0 7.8 15 40 M M 0 23 190
16 92 59 76 6 0 11 0.00 0.0 0 8.4 22 110 M M 1 39 110
17 94 63 79 9 0 14 0.00 0.0 0 7.3 20 100 M M 0 40 260
18 94 63 79 9 0 14 0.00 0.0 0 6.6 18 220 M M 0 25 220
19 93 62 78 8 0 13 0.00 0.0 0 7.1 28 120 M M 0 41 110
20 93 63 78 7 0 13 0.11 0.0 0 8.3 18 40 M M 2 52 40
21 92 57 75 4 0 10 0.00 0.0 0 5.7 15 180 M M 2 33 220
22 92 67 80 8 0 15 0.00 0.0 0 7.7 16 50 M M 0 30 50
23 93 67 80 8 0 15 0.00 0.0 0 11.1 23 180 M M 1 39 190
24 88 62 75 3 0 10 0.00 0.0 0 11.9 21 190 M M 0 46 190
25 86 55 71 -2 0 6 0.00 0.0 0 8.8 18 200 M M 0 43 200
26 84 51 68 -5 0 3 0.00 0.0 0 7.3 15 210 M M 0 25 210
27 87 56 72 -1 0 7 0.00 0.0 0 6.6 14 220 M M 0 24 200
28 90 57 74 0 0 9 0.00 0.0 0 10.0 24 190 M M 0 41 190
29 88 61 75 1 0 10 0.00 0.0 0 9.8 21 190 M M 0 44 170
30 86 59 73 -1 0 8 0.00 0.0 0 9.6 23 230 M M 1 35 240
31 86 54 70 -5 0 5 0.00 0.0 0 7.0 15 210 M M 1 30 140
================================================================================
SM 2614 1729 42 208 0.11 0.0 305.2 M 16
================================================================================
AV 84.3 55.8 9.8 FASTST M M 1 MAX(MPH)
MISC ----> 29 200 52 40
================================================================================
NOTES:
# LAST OF SEVERAL OCCURRENCES
COLUMN 17 PEAK WIND IN M.P.H.
PRELIMINARY LOCAL CLIMATOLOGICAL DATA (WS FORM: F-6) , PAGE 2
STATION: DESERT ROCK-MERCURY NV
MONTH: MAY
YEAR: 2023
LATITUDE: 36 37 N
LONGITUDE: 116 1 W
[TEMPERATURE DATA] [PRECIPITATION DATA] SYMBOLS USED IN COLUMN 16
AVERAGE MONTHLY: 70.0 TOTAL FOR MONTH: 0.11 1 = FOG OR MIST
DPTR FM NORMAL: 0.5 DPTR FM NORMAL: -0.07 2 = FOG REDUCING VISIBILITY
HIGHEST: 94 ON 18,17 GRTST 24HR 0.11 ON 20-20 TO 1/4 MILE OR LESS
LOWEST: 42 ON 3 3 = THUNDER
SNOW, ICE PELLETS, HAIL 4 = ICE PELLETS
TOTAL MONTH: 0.0 INCH 5 = HAIL
GRTST 24HR 0.0 6 = FREEZING RAIN OR DRIZZLE
GRTST DEPTH: 0 7 = DUSTSTORM OR SANDSTORM:
VSBY 1/2 MILE OR LESS
8 = SMOKE OR HAZE
[NO. OF DAYS WITH] [WEATHER - DAYS WITH] 9 = BLOWING SNOW
X = TORNADO
MAX 32 OR BELOW: 0 0.01 INCH OR MORE: 1
MAX 90 OR ABOVE: 11 0.10 INCH OR MORE: 1
MIN 32 OR BELOW: 0 0.50 INCH OR MORE: 0
MIN 0 OR BELOW: 0 1.00 INCH OR MORE: 0
[HDD (BASE 65) ]
TOTAL THIS MO. 42 CLEAR (SCALE 0-3) 31
DPTR FM NORMAL -7 PTCLDY (SCALE 4-7) 0
TOTAL FM JUL 1 3279 CLOUDY (SCALE 8-10) 0
DPTR FM NORMAL 440
[CDD (BASE 65) ]
TOTAL THIS MO. 208
DPTR FM NORMAL 19 [PRESSURE DATA]
TOTAL FM JAN 1 265 HIGHEST SLP M ON M
DPTR FM NORMAL 41 LOWEST SLP M ON M
[REMARKS]
#FINAL-05-23#