000
CXUS55 KVEF 201204
CF6DRA
PRELIMINARY LOCAL CLIMATOLOGICAL DATA (WS FORM: F-6)
STATION: DESERT ROCK-MERCURY NV
MONTH: JULY
YEAR: 2021
LATITUDE: 36 37 N
LONGITUDE: 116 1 W
TEMPERATURE IN F: :PCPN: SNOW: WIND :SUNSHINE: SKY :PK WND
================================================================================
1 2 3 4 5 6A 6B 7 8 9 10 11 12 13 14 15 16 17 18
12Z AVG MX 2MIN
DY MAX MIN AVG DEP HDD CDD WTR SNW DPTH SPD SPD DIR MIN PSBL S-S WX SPD DR
================================================================================
1 102 72 87 3 0 22 0.00 0.0 0 9.3 17 220 M M 0 31 200
2 104 68 86 2 0 21 0.00 0.0 0 8.9 18 210 M M 0 35 210
3 95 73 84 0 0 19 T 0.0 0 8.1 24 220 M M 1 40 250
4 104 71 88 3 0 23 T 0.0 0 5.4 13 200 M M 0 24 210
5 105 74 90 5 0 25 0.00 0.0 0 6.8 12 250 M M 0 21 240
6 108 71 90 5 0 25 0.00 0.0 0 6.8 15 210 M M 0 22 250
7 110 75 93 8 0 28 0.00 0.0 0 7.7 18 240 M M 0 28 230
8 110 81 96 10 0 31 0.00 0.0 0 10.0 22 200 M M 0 33 240
9 111 84 98 12 0 33 0.00 0.0 0 6.6 12 260 M M 0 18 220
10 113 82 98 12 0 33 0.00 0.0 0 6.4 16 250 M M 0 28 250
11 114 87 101 15 0 36 0.00 0.0 0 8.7 23 120 M M 0 41 120
12 112 80 96 10 0 31 0.06 0.0 0 10.0 28 350 M M 0 45 10
13 106 82 94 8 0 29 0.00 0.0 0 11.9 22 20 M M 0 44 30
14 104 77 91 5 0 26 0.00 0.0 0 10.8 21 220 M M 0 33 230
15 103 78 91 5 0 26 0.00 0.0 0 11.6 22 220 M M 0 38 190
16 103 75 89 3 0 24 0.00 0.0 0 14.0 25 230 M M 0 43 210
17 105 80 93 7 0 28 0.00 0.0 0 10.2 20 210 M M 0 36 220
18 96 76 86 -1 0 21 0.31 0.0 0 7.8 32 230 M M 3 48 220
19 95 74 85 -2 0 20 0.02 0.0 0 10.2 28 40 M M 4 40 40
20 101 74 88 1 0 23 0.00 0.0 0 7.3 13 30 M M 1 18 220
21 97 76 87 0 0 22 0.00 0.0 0 5.4 13 240 M M 3 16 240
22 103 79 91 4 0 26 0.00 0.0 0 10.1 21 190 M M 0 41 220
23 103 78 91 4 0 26 0.00 0.0 0 8.9 15 120 M M 1 30 250
24 102 76 89 2 0 24 T 0.0 0 10.4 32 60 M M 1 62 100
25 101 72 87 0 0 22 T 0.0 0 9.1 38 80 M M 1 8 68 90
26 87 69 78 -9 0 13 0.02 0.0 0 8.5 24 250 M M 2 44 190
27 96 67 82 -5 0 17 0.00 0.0 0 M 16 230 M M 0 24 230
28 102 70 86 -1 0 21 0.00 0.0 0 6.1 20 10 M M M 25 220
29 102 74 88 2 0 23 T 0.0 0 13.0 27 180 M M 3 45 180
30 94 72 83 -3 0 18 0.27 0.0 0 7.4 20 190 M M 3 28 100
31 91 73 82 -4 0 17 0.01 0.0 0 3.9 14 110 M M 4 M M
================================================================================
SM 3179 2340 0 753 0.69 0.0 261.3 M 27
================================================================================
AV102.5 75.5 8.7 FASTST M M 1 MAX(MPH)
MISC ----> 38 80 68 90
================================================================================
NOTES:
# LAST OF SEVERAL OCCURRENCES
COLUMN 17 PEAK WIND IN M.P.H.
PRELIMINARY LOCAL CLIMATOLOGICAL DATA (WS FORM: F-6) , PAGE 2
STATION: DESERT ROCK-MERCURY NV
MONTH: JULY
YEAR: 2021
LATITUDE: 36 37 N
LONGITUDE: 116 1 W
[TEMPERATURE DATA] [PRECIPITATION DATA] SYMBOLS USED IN COLUMN 16
AVERAGE MONTHLY: 89.0 TOTAL FOR MONTH: 0.69 1 = FOG OR MIST
DPTR FM NORMAL: 3.0 DPTR FM NORMAL: 0.37 2 = FOG REDUCING VISIBILITY
HIGHEST: 114 ON 11 GRTST 24HR 0.31 ON 18-18 TO 1/4 MILE OR LESS
LOWEST: 67 ON 27 3 = THUNDER
SNOW, ICE PELLETS, HAIL 4 = ICE PELLETS
TOTAL MONTH: 0.0 INCH 5 = HAIL
GRTST 24HR 0.0 6 = FREEZING RAIN OR DRIZZLE
GRTST DEPTH: 0 7 = DUSTSTORM OR SANDSTORM:
VSBY 1/2 MILE OR LESS
8 = SMOKE OR HAZE
[NO. OF DAYS WITH] [WEATHER - DAYS WITH] 9 = BLOWING SNOW
X = TORNADO
MAX 32 OR BELOW: 0 0.01 INCH OR MORE: 6
MAX 90 OR ABOVE: 30 0.10 INCH OR MORE: 2
MIN 32 OR BELOW: 0 0.50 INCH OR MORE: 0
MIN 0 OR BELOW: 0 1.00 INCH OR MORE: 0
[HDD (BASE 65) ]
TOTAL THIS MO. 0 CLEAR (SCALE 0-3) 27
DPTR FM NORMAL 0 PTCLDY (SCALE 4-7) 3
TOTAL FM JUL 1 0 CLOUDY (SCALE 8-10) 1
DPTR FM NORMAL 0
[CDD (BASE 65) ]
TOTAL THIS MO. 753
DPTR FM NORMAL 102 [PRESSURE DATA]
TOTAL FM JAN 1 1639 HIGHEST SLP M ON M
DPTR FM NORMAL 323 LOWEST SLP M ON M
[REMARKS]
#FINAL-07-21#