000
CXUS55 KVEF 011840
CF6DRA
PRELIMINARY LOCAL CLIMATOLOGICAL DATA (WS FORM: F-6)
STATION: DESERT ROCK-MERCURY NV
MONTH: JULY
YEAR: 2020
LATITUDE: 36 37 N
LONGITUDE: 116 1 W
TEMPERATURE IN F: :PCPN: SNOW: WIND :SUNSHINE: SKY :PK WND
================================================================================
1 2 3 4 5 6A 6B 7 8 9 10 11 12 13 14 15 16 17 18
12Z AVG MX 2MIN
DY MAX MIN AVG DEP HDD CDD WTR SNW DPTH SPD SPD DIR MIN PSBL S-S WX SPD DR
================================================================================
1 95 59 77 -6 0 12 0.00 0.0 0 12.5 24 220 M M 0 37 210
2 97 71 84 1 0 19 0.00 0.0 0 13.4 28 220 M M 0 38 220
3 97 68 83 0 0 18 0.00 0.0 0 11.4 22 200 M M 0 36 190
4 101 62 82 -2 0 17 0.00 0.0 0 7.6 15 220 M M 0 24 230
5 102 63 83 -1 0 18 0.00 0.0 0 6.0 15 240 M M 0 32 220
6 104 67 86 2 0 21 0.00 0.0 0 10.3 22 220 M M 0 38 220
7 101 72 87 3 0 22 0.00 0.0 0 12.2 21 230 M M 0 33 240
8 100 66 83 -1 0 18 0.00 0.0 0 10.3 23 230 M M 0 35 230
9 101 65 83 -1 0 18 0.00 0.0 0 8.4 24 240 M M 0 34 250
10 104 66 85 0 0 20 0.00 0.0 0 8.4 21 240 M M 0 31 240
11 107 73 90 5 0 25 0.00 0.0 0 9.3 21 220 M M 0 29 250
12 111 80 96 11 0 31 0.00 0.0 0 9.5 17 220 M M 0 31 220
13 107 89 98 13 0 33 0.00 0.0 0 18.8 27 210 M M 0 44 210
14 101 80 91 6 0 26 0.00 0.0 0 16.1 25 200 M M 0 40 220
15 103 66 85 0 0 20 0.00 0.0 0 7.0 14 230 M M 0 21 220
16 104 68 86 1 0 21 0.00 0.0 0 7.2 18 220 M M 0 37 230
17 103 70 87 2 0 22 0.00 0.0 0 10.9 26 210 M M 0 35 160
18 105 72 89 3 0 24 0.00 0.0 0 5.9 20 230 M M M 27 240
19 106 70 88 2 0 23 M 0.0 0 6.3 18 270 M M M 22 230
20 104 72 88 2 0 23 T 0.0 0 9.0 18 180 M M 0 33 340
21 105 74 90 4 0 25 0.00 0.0 0 8.1 17 200 M M 0 27 240
22 101 74 88 2 0 23 0.00 0.0 0 10.9 28 210 M M 0 40 190
23 98 72 85 -1 0 20 0.00 0.0 0 12.1 27 220 M M 0 35 220
24 98 64 81 -5 0 16 0.00 0.0 0 8.2 20 240 M M 0 30 230
25 99 65 82 -4 0 17 0.00 0.0 0 6.5 17 230 M M 0 23 230
26 102 66 84 -2 0 19 0.00 0.0 0 6.1 15 250 M M 0 21 240
27 103 72 88 2 0 23 T 0.0 0 9.4 23 210 M M 0 36 220
28 104 68 86 0 0 21 0.00 0.0 0 6.2 17 240 M M 0 24 240
29 106 66 86 0 0 21 0.00 0.0 0 8.1 24 230 M M 0 30 210
30 107 66 87 2 0 22 0.00 0.0 0 8.2 21 220 M M 0 36 190
31 108 81 95 10 0 30 0.00 0.0 0 9.5 22 240 M M 0 33 180
================================================================================
SM 3184 2167 0 668 T 0.0 293.8 M 0
================================================================================
AV102.7 69.9 9.5 FASTST M M 0 MAX(MPH)
MISC ----> 28 210 44 210
================================================================================
NOTES:
# LAST OF SEVERAL OCCURRENCES
COLUMN 17 PEAK WIND IN M.P.H.
PRELIMINARY LOCAL CLIMATOLOGICAL DATA (WS FORM: F-6) , PAGE 2
STATION: DESERT ROCK-MERCURY NV
MONTH: JULY
YEAR: 2020
LATITUDE: 36 37 N
LONGITUDE: 116 1 W
[TEMPERATURE DATA] [PRECIPITATION DATA] SYMBOLS USED IN COLUMN 16
AVERAGE MONTHLY: 86.3 TOTAL FOR MONTH: T 1 = FOG OR MIST
DPTR FM NORMAL: 1.4 DPTR FM NORMAL: -0.46 2 = FOG REDUCING VISIBILITY
HIGHEST: 111 ON 12 GRTST 24HR T ON 20-20 TO 1/4 MILE OR LESS
LOWEST: 59 ON 1 3 = THUNDER
SNOW, ICE PELLETS, HAIL 4 = ICE PELLETS
TOTAL MONTH: 0.0 INCH 5 = HAIL
GRTST 24HR 0.0 6 = FREEZING RAIN OR DRIZZLE
GRTST DEPTH: 0 7 = DUSTSTORM OR SANDSTORM:
VSBY 1/2 MILE OR LESS
8 = SMOKE OR HAZE
[NO. OF DAYS WITH] [WEATHER - DAYS WITH] 9 = BLOWING SNOW
X = TORNADO
MAX 32 OR BELOW: 0 0.01 INCH OR MORE: 0
MAX 90 OR ABOVE: 31 0.10 INCH OR MORE: 0
MIN 32 OR BELOW: 0 0.50 INCH OR MORE: 0
MIN 0 OR BELOW: 0 1.00 INCH OR MORE: 0
[HDD (BASE 65) ]
TOTAL THIS MO. 0 CLEAR (SCALE 0-3) 29
DPTR FM NORMAL 0 PTCLDY (SCALE 4-7) 0
TOTAL FM JUL 1 0 CLOUDY (SCALE 8-10) 2
DPTR FM NORMAL 0
[CDD (BASE 65) ]
TOTAL THIS MO. 668
DPTR FM NORMAL 51 [PRESSURE DATA]
TOTAL FM JAN 1 1420 HIGHEST SLP M ON M
DPTR FM NORMAL 168 LOWEST SLP 29.61 ON 22
[REMARKS]
#FINAL-07-20#