000
CXUS51 KPBZ 010830
CF6DUJ
PRELIMINARY LOCAL CLIMATOLOGICAL DATA (WS FORM: F-6)
STATION: DUBOIS PA
MONTH: DECEMBER
YEAR: 2022
LATITUDE: 41 10 N
LONGITUDE: 78 54 W
TEMPERATURE IN F: :PCPN: SNOW: WIND :SUNSHINE: SKY :PK WND
================================================================================
1 2 3 4 5 6A 6B 7 8 9 10 11 12 13 14 15 16 17 18
12Z AVG MX 2MIN
DY MAX MIN AVG DEP HDD CDD WTR SNW DPTH SPD SPD DIR MIN PSBL S-S WX SPD DR
================================================================================
1 31 21 26 -8 39 0 T M M 12.0 28 250 M M 9 35 270
2 44 20 32 -2 33 0 T M M 8.2 15 130 M M 8 22 140
3 53 31 42 9 23 0 0.39 M M 13.9 30 240 M M 10 1 43 280
4 35 23 29 -4 36 0 0.00 M M 8.8 16 290 M M 2 25 280
5 49 23 36 3 29 0 0.00 M M 7.2 15 130 M M 0 21 130
6 44 36 40 8 25 0 0.10 M M 9.2 15 130 M M 10 128 21 130
7 54 44 49 17 16 0 0.14 M M 4.9 13 270 M M 10 12 16 290
8 45 32 39 7 26 0 0.00 M M 4.6 10 10 M M 9 14 330
9 39 26 33 2 32 0 0.00 M M 7.1 15 50 M M 1 20 30
10 36 25 31 0 34 0 T M M 10.2 18 130 M M 7 8 24 130
11 38 33 36 5 29 0 0.07 M M 7.0 15 320 M M 10 1268 20 320
12 33 28 31 0 34 0 T M M 6.8 16 320 M M 10 18 21 320
13 37 20 29 -1 36 0 0.00 M M 2.8 8 50 M M 4 11 40
14 36 17 27 -3 38 0 0.00 M M 7.3 18 100 M M 0 25 110
15 35 30 33 3 32 0 0.76 M M 13.4 23 100 M M 9 16 34 120
16 37 31 34 4 31 0 0.06 M M 4.7 12 250 M M 10 128 14 280
17 31 24 28 -1 37 0 T M M 8.8 21 250 M M 10 18 29 260
18 26 23 25 -4 40 0 T M M 13.5 20 260 M M 10 18 27 250
19 24 22 23 -6 42 0 T M M 9.6 16 260 M M 10 8 22 260
20 32 21 27 -2 38 0 0.00 M M 1.9 9 340 M M 7 11 10
21 40 18 29 1 36 0 0.00 M M 3.4 14 120 M M 0 18 110
22 39 30 35 7 30 0 0.65 M M 11.0 17 130 M M 7 128 26 130
23 39 -6 17 -11 48 0 0.21 M M 23.9 40 250 M M 10 128 53 270
24 8 -5 2 -26 63 0 T M M 21.0 33 250 M M 10 8 49 260
25 11 8 10 -18 55 0 T M M 15.8 25 240 M M 10 8 33 230
26 18 8 13 -14 52 0 T M M 8.9 15 250 M M 8 18 22 220
27 28 17 23 -4 42 0 T M M 6.4 13 240 M M 10 18 16 220
28 42 26 34 7 31 0 0.00 M M 7.6 18 230 M M 2 25 230
29 54 36 45 18 20 0 0.00 M M 6.9 16 240 M M 6 24 260
30 63 51 57 30 8 0 0.00 M M 6.9 16 250 M M 7 22 230
31 54 44 49 23 16 0 0.20 M M 7.5 16 270 M M 8 18 21 270
================================================================================
SM 1155 757 1051 0 2.58 M 281.2 M 224
================================================================================
AV 37.3 24.4 9.1 FASTST M M 7 MAX(MPH)
MISC ----> 40 250 53 270
================================================================================
NOTES:
# LAST OF SEVERAL OCCURRENCES
COLUMN 17 PEAK WIND IN M.P.H.
PRELIMINARY LOCAL CLIMATOLOGICAL DATA (WS FORM: F-6) , PAGE 2
STATION: DUBOIS PA
MONTH: DECEMBER
YEAR: 2022
LATITUDE: 41 10 N
LONGITUDE: 78 54 W
[TEMPERATURE DATA] [PRECIPITATION DATA] SYMBOLS USED IN COLUMN 16
AVERAGE MONTHLY: 30.8 TOTAL FOR MONTH: 2.58 1 = FOG OR MIST
DPTR FM NORMAL: 1.0 DPTR FM NORMAL: -0.38 2 = FOG REDUCING VISIBILITY
HIGHEST: 63 ON 30 GRTST 24HR 0.84 ON 22-23 TO 1/4 MILE OR LESS
LOWEST: -6 ON 23 3 = THUNDER
SNOW, ICE PELLETS, HAIL 4 = ICE PELLETS
TOTAL MONTH: M 5 = HAIL
GRTST 24HR M ON M 6 = FREEZING RAIN OR DRIZZLE
GRTST DEPTH: M ON M 7 = DUSTSTORM OR SANDSTORM:
VSBY 1/2 MILE OR LESS
8 = SMOKE OR HAZE
[NO. OF DAYS WITH] [WEATHER - DAYS WITH] 9 = BLOWING SNOW
X = TORNADO
MAX 32 OR BELOW: 9 0.01 INCH OR MORE: 9
MAX 90 OR ABOVE: 0 0.10 INCH OR MORE: 7
MIN 32 OR BELOW: 25 0.50 INCH OR MORE: 2
MIN 0 OR BELOW: 2 1.00 INCH OR MORE: 0
[HDD (BASE 65) ]
TOTAL THIS MO. 1051 CLEAR (SCALE 0-3) 6
DPTR FM NORMAL -40 PTCLDY (SCALE 4-7) 9
TOTAL FM JUL 1 2303 CLOUDY (SCALE 8-10) 16
DPTR FM NORMAL -241
[CDD (BASE 65) ]
TOTAL THIS MO. 0
DPTR FM NORMAL 0 [PRESSURE DATA]
TOTAL FM JAN 1 602 HIGHEST SLP 30.50 ON 1
DPTR FM NORMAL 188 LOWEST SLP 29.05 ON 23
[REMARKS]
#FINAL-12-22#