000
CXUS51 KPBZ 010730
CF6DUJ
PRELIMINARY LOCAL CLIMATOLOGICAL DATA (WS FORM: F-6)
STATION: DUBOIS PA
MONTH: AUGUST
YEAR: 2021
LATITUDE: 41 10 N
LONGITUDE: 78 54 W
TEMPERATURE IN F: :PCPN: SNOW: WIND :SUNSHINE: SKY :PK WND
================================================================================
1 2 3 4 5 6A 6B 7 8 9 10 11 12 13 14 15 16 17 18
12Z AVG MX 2MIN
DY MAX MIN AVG DEP HDD CDD WTR SNW DPTH SPD SPD DIR MIN PSBL S-S WX SPD DR
================================================================================
1 75 54 65 -4 0 0 0.08 M M 5.2 18 290 M M 3 13 26 280
2 75 52 64 -5 1 0 0.00 M M 5.9 17 10 M M 4 1 21 10
3 79 50 65 -4 0 0 0.00 M M 3.5 9 70 M M 2 12 60
4 79 57 68 -1 0 3 0.06 M M 5.7 12 110 M M 6 14 110
5 82 59 71 2 0 6 0.00 M M 4.0 13 290 M M 2 16 280
6 85 57 71 2 0 6 0.00 M M 4.5 13 220 M M 2 18 200
7 82 63 73 4 0 8 0.00 M M 2.6 13 230 M M 1 13 16 220
8 84 64 74 6 0 9 0.00 M M 4.4 15 250 M M 2 128 21 240
9 89 65 77 9 0 12 T M M 4.8 13 280 M M 1 138 20 280
10 79 69 74 6 0 9 0.09 M M 6.9 17 230 M M 8 138 26 230
11 86 67 77 9 0 12 0.05 M M 7.5 26 250 M M 6 18 35 260
12 84 67 76 8 0 11 1.42 M M 6.7 33 260 M M 5 138 42 270
13 84 65 75 7 0 10 0.16 M M 7.2 20 230 M M 4 123 30 220
14 80 60 70 2 0 5 0.00 M M 6.4 13 340 M M 5 1 15 10
15 77 55 66 -2 0 1 0.00 M M 5.2 12 100 M M 0 16 110
16 75 63 69 1 0 4 0.08 M M 7.1 13 130 M M 8 1 17 170
17 81 68 75 7 0 10 0.29 M M 4.7 13 150 M M 7 138 20 130
18 75 68 72 4 0 7 1.29 M M 8.0 16 280 M M 10 1 21 270
19 80 69 75 7 0 10 0.02 M M 6.1 18 290 M M 7 12 25 290
20 84 64 74 6 0 9 0.00 M M 3.0 10 340 M M 4 12 14 360
21 83 65 74 6 0 9 T M M 2.5 14 10 M M 6 13 17 10
22 83 61 72 5 0 7 0.00 M M 4.1 10 360 M M 3 12 15 350
23 85 66 76 9 0 11 0.00 M M 6.8 15 330 M M 5 18 22 330
24 85 62 74 7 0 9 0.00 M M 3.9 13 250 M M 1 12 15 230
25 88 63 76 9 0 11 0.00 M M 3.0 17 250 M M 1 1 23 240
26 88 66 77 10 0 12 0.25 M M 2.8 10 300 M M 3 13 15 170
27 85 67 76 9 0 11 0.08 M M 2.9 13 360 M M 5 123 18 350
28 85 65 75 9 0 10 0.24 M M 3.4 14 340 M M 5 123 17 350
29 84 66 75 9 0 10 0.81 M M 4.6 18 10 M M 5 13 27 10
30 82 64 73 7 0 8 0.31 M M 5.5 16 320 M M 6 123 21 310
31 79 60 70 4 0 5 0.01 M M 1.6 7 220 M M 5 12 12 190
================================================================================
SM 2542 1941 1 235 5.24 M 150.5 M 132
================================================================================
AV 82.0 62.6 4.9 FASTST M M 4 MAX(MPH)
MISC ----> 33 260 42 270
================================================================================
NOTES:
# LAST OF SEVERAL OCCURRENCES
COLUMN 17 PEAK WIND IN M.P.H.
PRELIMINARY LOCAL CLIMATOLOGICAL DATA (WS FORM: F-6) , PAGE 2
STATION: DUBOIS PA
MONTH: AUGUST
YEAR: 2021
LATITUDE: 41 10 N
LONGITUDE: 78 54 W
[TEMPERATURE DATA] [PRECIPITATION DATA] SYMBOLS USED IN COLUMN 16
AVERAGE MONTHLY: 72.3 TOTAL FOR MONTH: 5.24 1 = FOG OR MIST
DPTR FM NORMAL: 4.6 DPTR FM NORMAL: 1.35 2 = FOG REDUCING VISIBILITY
HIGHEST: 89 ON 9 GRTST 24HR 1.55 ON 17-18 TO 1/4 MILE OR LESS
LOWEST: 50 ON 3 3 = THUNDER
SNOW, ICE PELLETS, HAIL 4 = ICE PELLETS
TOTAL MONTH: M 5 = HAIL
GRTST 24HR M ON M 6 = FREEZING RAIN OR DRIZZLE
GRTST DEPTH: M ON M 7 = DUSTSTORM OR SANDSTORM:
VSBY 1/2 MILE OR LESS
8 = SMOKE OR HAZE
[NO. OF DAYS WITH] [WEATHER - DAYS WITH] 9 = BLOWING SNOW
X = TORNADO
MAX 32 OR BELOW: 0 0.01 INCH OR MORE: 16
MAX 90 OR ABOVE: 0 0.10 INCH OR MORE: 8
MIN 32 OR BELOW: 0 0.50 INCH OR MORE: 3
MIN 0 OR BELOW: 0 1.00 INCH OR MORE: 2
[HDD (BASE 65) ]
TOTAL THIS MO. 1 CLEAR (SCALE 0-3) 11
DPTR FM NORMAL -31 PTCLDY (SCALE 4-7) 19
TOTAL FM JUL 1 12 CLOUDY (SCALE 8-10) 1
DPTR FM NORMAL -43
[CDD (BASE 65) ]
TOTAL THIS MO. 235
DPTR FM NORMAL 118 [PRESSURE DATA]
TOTAL FM JAN 1 617 HIGHEST SLP 30.26 ON 15
DPTR FM NORMAL 246 LOWEST SLP 29.79 ON 31
[REMARKS]
#FINAL-08-21#