000
CXUS55 KDVN 011000
CF6DVN
PRELIMINARY LOCAL CLIMATOLOGICAL DATA (WS FORM: F-6)
STATION: DAVENPORT IA
MONTH: SEPTEMBER
YEAR: 2022
LATITUDE: 41 37 N
LONGITUDE: 90 35 W
TEMPERATURE IN F: :PCPN: SNOW: WIND :SUNSHINE: SKY :PK WND
================================================================================
1 2 3 4 5 6A 6B 7 8 9 10 11 12 13 14 15 16 17 18
12Z AVG MX 2MIN
DY MAX MIN AVG DEP HDD CDD WTR SNW DPTH SPD SPD DIR MIN PSBL S-S WX SPD DR
================================================================================
1 83 60 72 3 0 7 0.00 0.0 0 8.1 17 190 M M 2 24 200
2 85 67 76 7 0 11 0.00 0.0 0 8.8 18 180 M M 1 25 180
3 80 67 74 5 0 9 1.57 0.0 0 7.3 15 50 M M 6 13 22 220
4 73 62 68 0 0 3 0.00 0.0 0 9.4 15 30 M M 10 1 19 80
5 74 62 68 0 0 3 0.00 0.0 0 5.4 10 40 M M 9 14 40
6 80 56 68 0 0 3 0.00 0.0 0 4.1 12 40 M M 2 12 15 40
7 82 58 70 2 0 5 0.00 0.0 0 3.8 12 10 M M 4 16 360
8 82 56 69 2 0 4 0.00 0.0 0 4.4 10 170 M M 0 12 17 170
9 83 57 70 3 0 5 0.00 0.0 0 7.3 14 180 M M 0 20 200
10 81 59 70 3 0 5 0.37 0.0 0 6.4 18 350 M M 3 1 25 350
11 69 53 61 -5 4 0 1.35 0.0 0 11.0 21 350 M M 7 1 29 350
12 66 54 60 -6 5 0 T 0.0 0 8.9 21 330 M M 10 35 310
13 77 50 64 -2 1 0 0.00 0.0 0 4.5 9 350 M M 0 13 350
14 80 47 64 -1 1 0 0.00 0.0 0 3.9 9 120 M M 0 1 15 80
15 83 58 71 6 0 6 0.00 0.0 0 7.3 14 200 M M 0 20 200
16 83 63 73 8 0 8 0.00 0.0 0 7.8 15 180 M M 0 23 180
17 74 68 71 7 0 6 0.63 0.0 0 9.0 22 200 M M 6 13 32 190
18 85 66 76 12 0 11 1.00 T 0 7.4 29 220 M M 5 135 40 220
19 83 63 73 9 0 8 0.00 0.0 0 6.3 10 360 M M 0 1 15 40
20 94 67 81 18 0 16 0.00 0.0 0 9.3 20 220 M M 0 1 35 200
21 83 57 70 7 0 5 T 0.0 0 11.3 22 220 M M 2 32 200
22 68 48 58 -4 7 0 0.00 0.0 0 7.6 16 10 M M 0 23 360
23 58 49 54 -8 11 0 0.01 0.0 0 7.7 15 170 M M 5 1 22 180
24 67 52 60 -2 5 0 0.00 0.0 0 6.5 14 290 M M 7 18 24 290
25 75 51 63 2 2 0 0.00 0.0 0 11.9 23 300 M M 1 36 310
26 65 41 53 -8 12 0 0.00 0.0 0 11.1 24 300 M M 0 36 310
27 66 37 52 -8 13 0 T 0.0 0 8.4 20 340 M M 1 30 360
28 63 35 49 -11 16 0 0.00 0.0 0 5.7 13 30 M M 0 17 20
29 66 37 52 -8 13 0 0.00 0.0 0 5.6 12 120 M M 0 17 140
30 70 39 55 -4 10 0 0.00 0.0 0 4.9 10 110 M M 0 15 110
================================================================================
SM 2278 1639 100 115 4.93 T 221.1 M 81
================================================================================
AV 75.9 54.6 7.4 FASTST M M 3 MAX(MPH)
MISC ----> 29 220 40 220
================================================================================
NOTES:
# LAST OF SEVERAL OCCURRENCES
COLUMN 17 PEAK WIND IN M.P.H.
PRELIMINARY LOCAL CLIMATOLOGICAL DATA (WS FORM: F-6) , PAGE 2
STATION: DAVENPORT IA
MONTH: SEPTEMBER
YEAR: 2022
LATITUDE: 41 37 N
LONGITUDE: 90 35 W
[TEMPERATURE DATA] [PRECIPITATION DATA] SYMBOLS USED IN COLUMN 16
AVERAGE MONTHLY: 65.3 TOTAL FOR MONTH: 4.93 1 = FOG OR MIST
DPTR FM NORMAL: 0.7 DPTR FM NORMAL: 1.46 2 = FOG REDUCING VISIBILITY
HIGHEST: 94 ON 20 GRTST 24HR 1.72 ON 10-11 TO 1/4 MILE OR LESS
LOWEST: 35 ON 28 3 = THUNDER
SNOW, ICE PELLETS, HAIL 4 = ICE PELLETS
TOTAL MONTH: T 5 = HAIL
GRTST 24HR T ON 18-18 6 = FREEZING RAIN OR DRIZZLE
GRTST DEPTH: 0 7 = DUSTSTORM OR SANDSTORM:
VSBY 1/2 MILE OR LESS
8 = SMOKE OR HAZE
[NO. OF DAYS WITH] [WEATHER - DAYS WITH] 9 = BLOWING SNOW
X = TORNADO
MAX 32 OR BELOW: 0 0.01 INCH OR MORE: 6
MAX 90 OR ABOVE: 1 0.10 INCH OR MORE: 5
MIN 32 OR BELOW: 0 0.50 INCH OR MORE: 4
MIN 0 OR BELOW: 0 1.00 INCH OR MORE: 3
[HDD (BASE 65) ]
TOTAL THIS MO. 100 CLEAR (SCALE 0-3) 19
DPTR FM NORMAL -4 PTCLDY (SCALE 4-7) 8
TOTAL FM JUL 1 102 CLOUDY (SCALE 8-10) 3
DPTR FM NORMAL -14
[CDD (BASE 65) ]
TOTAL THIS MO. 115
DPTR FM NORMAL 23 [PRESSURE DATA]
TOTAL FM JAN 1 1002 HIGHEST SLP 30.53 ON 29
DPTR FM NORMAL 139 LOWEST SLP 29.78 ON 21
[REMARKS]
#FINAL-09-22#