000
CXUS55 KDVN 011000
CF6DVN
PRELIMINARY LOCAL CLIMATOLOGICAL DATA (WS FORM: F-6)
STATION: DAVENPORT IA
MONTH: SEPTEMBER
YEAR: 2023
LATITUDE: 41 37 N
LONGITUDE: 90 35 W
TEMPERATURE IN F: :PCPN: SNOW: WIND :SUNSHINE: SKY :PK WND
================================================================================
1 2 3 4 5 6A 6B 7 8 9 10 11 12 13 14 15 16 17 18
12Z AVG MX 2MIN
DY MAX MIN AVG DEP HDD CDD WTR SNW DPTH SPD SPD DIR MIN PSBL S-S WX SPD DR
================================================================================
1 84 50 67 -2 0 2 0.00 0.0 0 6.2 13 200 M M 0 20 180
2 89 57 73 4 0 8 0.00 0.0 0 8.4 18 190 M M 0 26 220
3 92 67 80 11 0 15 0.00 0.0 0 9.8 17 180 M M 0 24 180
4 95 72 84 16 0 19 0.00 0.0 0 10.0 20 170 M M 0 29 160
5 87 73 80 12 0 15 0.00 0.0 0 12.4 22 180 M M 1 31 170
6 77 63 70 2 0 5 T 0.0 0 11.8 20 280 M M 8 18 30 290
7 73 60 67 -1 0 2 0.00 0.0 0 7.9 16 10 M M 10 21 360
8 77 49 63 -4 2 0 0.00 0.0 0 5.2 14 60 M M 4 1 20 50
9 80 47 64 -3 1 0 0.00 0.0 0 3.2 9 50 M M 3 12 14 30
10 86 58 72 5 0 7 0.25 0.0 0 5.8 16 350 M M 4 13 21 330
11 68 53 61 -5 4 0 0.64 0.0 0 6.4 13 10 M M 8 12 17 350
12 76 49 63 -3 2 0 0.28 0.0 0 5.6 22 310 M M 2 13 37 300
13 70 48 59 -7 6 0 0.00 0.0 0 4.7 13 10 M M 3 1 18 10
14 77 46 62 -3 3 0 0.00 0.0 0 4.3 9 140 M M 0 14 130
15 80 48 64 -1 1 0 0.00 0.0 0 6.4 13 190 M M 5 19 200
16 79 56 68 3 0 3 0.41 0.0 0 4.1 20 10 M M 7 13 26 10
17 75 50 63 -1 2 0 0.00 0.0 0 5.3 15 10 M M 1 1 21 30
18 77 45 61 -3 4 0 0.00 0.0 0 5.6 12 180 M M 1 1 17 260
19 82 58 70 6 0 5 0.26 0.0 0 9.1 17 180 M M 4 13 25 160
20 81 64 73 10 0 8 T 0.0 0 5.1 13 170 M M 2 17 170
21 71 62 67 4 0 2 T 0.0 0 8.5 20 100 M M 8 18 27 90
22 81 65 73 11 0 8 0.01 0.0 0 10.7 18 100 M M 6 1 25 110
23 86 63 75 13 0 10 0.00 0.0 0 10.7 20 140 M M 2 1 28 160
24 84 61 73 11 0 8 0.98 0.0 0 9.4 30 240 M M 6 13 48 230
25 83 56 70 9 0 5 T 0.0 0 3.8 12 180 M M 6 128 17 180
26 77 57 67 6 0 2 0.06 0.0 0 2.5 23 280 M M 7 138 34 300
27 74 56 65 5 0 0 0.00 0.0 0 4.9 13 40 M M 7 12 16 60
28 75 56 66 6 0 1 0.00 0.0 0 6.0 13 80 M M 5 18 17 60
29 84 58 71 11 0 6 0.00 0.0 0 8.5 14 130 M M 1 1 20 140
30 92 63 78 19 0 13 0.00 0.0 0 8.3 17 150 M M 0 23 160
================================================================================
SM 2412 1710 25 144 2.89 0.0 210.6 M 111
================================================================================
AV 80.4 57.0 7.0 FASTST M M 4 MAX(MPH)
MISC ----> 30 240 48 230
================================================================================
NOTES:
# LAST OF SEVERAL OCCURRENCES
COLUMN 17 PEAK WIND IN M.P.H.
PRELIMINARY LOCAL CLIMATOLOGICAL DATA (WS FORM: F-6) , PAGE 2
STATION: DAVENPORT IA
MONTH: SEPTEMBER
YEAR: 2023
LATITUDE: 41 37 N
LONGITUDE: 90 35 W
[TEMPERATURE DATA] [PRECIPITATION DATA] SYMBOLS USED IN COLUMN 16
AVERAGE MONTHLY: 68.7 TOTAL FOR MONTH: 2.89 1 = FOG OR MIST
DPTR FM NORMAL: 4.1 DPTR FM NORMAL: -0.58 2 = FOG REDUCING VISIBILITY
HIGHEST: 95 ON 4 GRTST 24HR 0.98 ON 24-24 TO 1/4 MILE OR LESS
LOWEST: 45 ON 18 3 = THUNDER
SNOW, ICE PELLETS, HAIL 4 = ICE PELLETS
TOTAL MONTH: 0.0 INCH 5 = HAIL
GRTST 24HR 0.0 6 = FREEZING RAIN OR DRIZZLE
GRTST DEPTH: 0 7 = DUSTSTORM OR SANDSTORM:
VSBY 1/2 MILE OR LESS
8 = SMOKE OR HAZE
[NO. OF DAYS WITH] [WEATHER - DAYS WITH] 9 = BLOWING SNOW
X = TORNADO
MAX 32 OR BELOW: 0 0.01 INCH OR MORE: 8
MAX 90 OR ABOVE: 3 0.10 INCH OR MORE: 6
MIN 32 OR BELOW: 0 0.50 INCH OR MORE: 2
MIN 0 OR BELOW: 0 1.00 INCH OR MORE: 0
[HDD (BASE 65) ]
TOTAL THIS MO. 25 CLEAR (SCALE 0-3) 15
DPTR FM NORMAL -79 PTCLDY (SCALE 4-7) 12
TOTAL FM JUL 1 26 CLOUDY (SCALE 8-10) 3
DPTR FM NORMAL -90
[CDD (BASE 65) ]
TOTAL THIS MO. 144
DPTR FM NORMAL 52 [PRESSURE DATA]
TOTAL FM JAN 1 988 HIGHEST SLP 30.25 ON 9
DPTR FM NORMAL 125 LOWEST SLP 29.73 ON 6
[REMARKS]
#FINAL-09-23#