000
CXUS55 KPSR 011005
CF6DVT
PRELIMINARY LOCAL CLIMATOLOGICAL DATA (WS FORM: F-6)
STATION: DEER VLY/PHOENIX AZ
MONTH: NOVEMBER
YEAR: 2022
LATITUDE: 33 41 N
LONGITUDE: 112 4 W
TEMPERATURE IN F: :PCPN: SNOW: WIND :SUNSHINE: SKY :PK WND
================================================================================
1 2 3 4 5 6A 6B 7 8 9 10 11 12 13 14 15 16 17 18
12Z AVG MX 2MIN
DY MAX MIN AVG DEP HDD CDD WTR SNW DPTH SPD SPD DIR MIN PSBL S-S WX SPD DR
================================================================================
1 77 56 67 -2 0 2 0.00 M M 3.5 12 50 M M 0 15 180
2 76 59 68 0 0 3 0.00 M M 9.8 22 230 M M 3 28 230
3 65 46 56 -12 9 0 0.12 M M 9.4 29 240 M M 7 3 37 230
4 61 41 51 -16 14 0 0.00 M M 3.4 10 50 M M 0 14 240
5 67 43 55 -12 10 0 0.00 M M 2.9 13 60 M M 0 15 50
6 76 46 61 -6 4 0 0.00 M M 3.2 13 50 M M 0 16 40
7 77 50 64 -2 1 0 0.00 M M 2.0 8 50 M M 0 12 40
8 76 50 63 -3 2 0 0.00 M M 4.6 14 170 M M 0 20 190
9 66 52 59 -6 6 0 0.25 M M 7.6 22 310 M M 6 18 33 310
10 66 46 56 -9 9 0 0.00 M M 3.7 10 290 M M 0 14 40
11 68 46 57 -7 8 0 0.00 M M 4.0 12 50 M M 0 16 50
12 71 45 58 -6 7 0 0.00 M M 3.8 10 190 M M 0 15 160
13 66 41 54 -10 11 0 0.00 M M 7.7 22 280 M M 0 29 260
14 64 42 53 -10 12 0 0.00 M M 4.1 15 10 M M 0 22 350
15 69 41 55 -8 10 0 0.00 M M 3.2 13 40 M M 0 20 40
16 69 44 57 -5 8 0 0.00 M M 7.6 15 70 M M 0 22 90
17 70 46 58 -4 7 0 0.00 M M 4.6 13 40 M M 0 16 130
18 68 44 56 -5 9 0 0.00 M M 3.4 10 20 M M 0 15 70
19 73 49 61 0 4 0 0.00 M M 4.7 14 50 M M 0 21 50
20 71 47 59 -1 6 0 0.00 M M 4.0 14 50 M M 0 21 180
21 71 46 59 -1 6 0 0.00 M M 4.9 13 60 M M 0 15 50
22 73 49 61 1 4 0 0.00 M M 5.1 14 40 M M 0 18 50
23 69 46 58 -1 7 0 0.00 M M 3.7 13 50 M M 0 16 50
24 69 48 59 0 6 0 0.00 M M 10.2 18 70 M M 0 8 29 30
25 69 44 57 -1 8 0 0.00 M M 4.2 14 270 M M 0 17 270
26 65 39 52 -6 13 0 0.00 M M 3.1 10 40 M M 0 14 180
27 65 40 53 -4 12 0 0.00 M M 3.2 10 60 M M 0 13 40
28 67 45 56 -1 9 0 0.00 M M 3.3 12 170 M M 0 17 170
29 63 43 53 -4 12 0 0.00 M M 4.0 10 30 M M 0 14 50
30 70 47 59 3 6 0 0.00 M M 4.5 10 160 M M 0 15 190
================================================================================
SM 2077 1381 220 5 0.37 M 143.4 M 16
================================================================================
AV 69.2 46.0 4.8 FASTST M M 1 MAX(MPH)
MISC ----> 29 240 37 230
================================================================================
NOTES:
# LAST OF SEVERAL OCCURRENCES
COLUMN 17 PEAK WIND IN M.P.H.
PRELIMINARY LOCAL CLIMATOLOGICAL DATA (WS FORM: F-6) , PAGE 2
STATION: DEER VLY/PHOENIX AZ
MONTH: NOVEMBER
YEAR: 2022
LATITUDE: 33 41 N
LONGITUDE: 112 4 W
[TEMPERATURE DATA] [PRECIPITATION DATA] SYMBOLS USED IN COLUMN 16
AVERAGE MONTHLY: 57.6 TOTAL FOR MONTH: 0.37 1 = FOG OR MIST
DPTR FM NORMAL: -4.8 DPTR FM NORMAL: -0.53 2 = FOG REDUCING VISIBILITY
HIGHEST: 77 ON 7, 1 GRTST 24HR 0.25 ON 9- 9 TO 1/4 MILE OR LESS
LOWEST: 39 ON 26 3 = THUNDER
SNOW, ICE PELLETS, HAIL 4 = ICE PELLETS
TOTAL MONTH: M 5 = HAIL
GRTST 24HR M ON M 6 = FREEZING RAIN OR DRIZZLE
GRTST DEPTH: M ON M 7 = DUSTSTORM OR SANDSTORM:
VSBY 1/2 MILE OR LESS
8 = SMOKE OR HAZE
[NO. OF DAYS WITH] [WEATHER - DAYS WITH] 9 = BLOWING SNOW
X = TORNADO
MAX 32 OR BELOW: 0 0.01 INCH OR MORE: 2
MAX 90 OR ABOVE: 0 0.10 INCH OR MORE: 2
MIN 32 OR BELOW: 0 0.50 INCH OR MORE: 0
MIN 0 OR BELOW: 0 1.00 INCH OR MORE: 0
[HDD (BASE 65) ]
TOTAL THIS MO. 220 CLEAR (SCALE 0-3) 28
DPTR FM NORMAL 85 PTCLDY (SCALE 4-7) 2
TOTAL FM JUL 1 233 CLOUDY (SCALE 8-10) 0
DPTR FM NORMAL 87
[CDD (BASE 65) ]
TOTAL THIS MO. 5
DPTR FM NORMAL -52 [PRESSURE DATA]
TOTAL FM JAN 1 4163 HIGHEST SLP 30.32 ON 25
DPTR FM NORMAL 201 LOWEST SLP 29.73 ON 28
[REMARKS]
#FINAL-11-22#