000
CXUS55 KPSR 011005
CF6DVT
PRELIMINARY LOCAL CLIMATOLOGICAL DATA (WS FORM: F-6)
STATION: DEER VLY/PHOENIX AZ
MONTH: NOVEMBER
YEAR: 2020
LATITUDE: 33 41 N
LONGITUDE: 112 4 W
TEMPERATURE IN F: :PCPN: SNOW: WIND :SUNSHINE: SKY :PK WND
================================================================================
1 2 3 4 5 6A 6B 7 8 9 10 11 12 13 14 15 16 17 18
12Z AVG MX 2MIN
DY MAX MIN AVG DEP HDD CDD WTR SNW DPTH SPD SPD DIR MIN PSBL S-S WX SPD DR
================================================================================
1 93 62 78 10 0 13 0.00 M M 6.4 16 100 M M 0 23 80
2 92 74 83 16 0 18 0.00 M M 7.3 15 90 M M 0 22 70
3 90 69 80 13 0 15 0.00 M M 5.0 13 150 M M 0 17 170
4 89 62 76 10 0 11 0.00 M M 4.6 13 30 M M 0 16 30
5 95 61 78 12 0 13 0.00 M M 5.5 17 90 M M 0 25 100
6 87 73 80 15 0 15 T M M 6.1 15 120 M M 0 22 120
7 80 56 68 3 0 3 T M M 12.7 30 240 M M 4 37 240
8 63 46 55 -9 10 0 0.05 M M 9.9 29 230 M M 4 37 240
9 60 44 52 -12 13 0 0.01 M M 5.0 21 290 M M 3 26 290
10 65 41 53 -11 12 0 0.00 M M 3.5 12 20 M M 0 15 30
11 68 41 55 -8 10 0 0.00 M M 2.0 13 30 M M 0 14 30
12 70 43 57 -6 8 0 0.00 M M 2.4 9 10 M M 0 11 40
13 73 46 60 -2 5 0 0.00 M M 3.2 12 30 M M 0 13 30
14 73 46 60 -2 5 0 0.00 M M 3.0 8 240 M M 0 11 200
15 79 48 64 3 1 0 0.00 M M 3.9 10 30 M M 0 12 30
16 89 53 71 10 0 6 0.00 M M 4.2 14 20 M M 0 16 30
17 88 63 76 16 0 11 0.00 M M 4.8 13 30 M M 0 8 16 140
18 86 58 72 12 0 7 0.00 M M 2.7 9 180 M M 0 11 170
19 84 55 70 10 0 5 0.00 M M 3.6 14 30 M M 0 16 30
20 85 60 73 14 0 8 0.00 M M 3.7 12 20 M M 0 14 20
21 83 58 71 12 0 6 0.00 M M 2.5 10 20 M M 0 12 30
22 80 57 69 11 0 4 0.00 M M 1.9 8 80 M M 0 10 90
23 76 55 66 8 0 1 0.00 M M 4.2 16 200 M M 0 20 230
24 68 43 56 -1 9 0 0.00 M M 3.2 13 200 M M 0 15 220
25 68 43 56 -1 9 0 0.00 M M 2.4 12 160 M M 0 14 170
26 68 42 55 -2 10 0 0.00 M M 3.9 12 40 M M 0 14 250
27 62 37 50 -6 15 0 0.00 M M 3.6 13 220 M M 0 17 220
28 68 41 55 -1 10 0 0.00 M M 3.6 14 30 M M 0 15 30
29 71 40 56 0 9 0 0.00 M M 3.6 16 30 M M 0 19 30
30 72 47 60 5 5 0 0.00 M M 5.8 15 30 M M 0 18 50
================================================================================
SM 2325 1564 131 136 0.06 M 134.2 M 11
================================================================================
AV 77.5 52.1 4.5 FASTST M M 0 MAX(MPH)
MISC ----> 30 240 # 37 240
================================================================================
NOTES:
# LAST OF SEVERAL OCCURRENCES
COLUMN 17 PEAK WIND IN M.P.H.
PRELIMINARY LOCAL CLIMATOLOGICAL DATA (WS FORM: F-6) , PAGE 2
STATION: DEER VLY/PHOENIX AZ
MONTH: NOVEMBER
YEAR: 2020
LATITUDE: 33 41 N
LONGITUDE: 112 4 W
[TEMPERATURE DATA] [PRECIPITATION DATA] SYMBOLS USED IN COLUMN 16
AVERAGE MONTHLY: 64.8 TOTAL FOR MONTH: 0.06 1 = FOG OR MIST
DPTR FM NORMAL: 3.7 DPTR FM NORMAL: -0.80 2 = FOG REDUCING VISIBILITY
HIGHEST: 95 ON 5 GRTST 24HR 0.06 ON 8- 9 TO 1/4 MILE OR LESS
LOWEST: 37 ON 27 3 = THUNDER
SNOW, ICE PELLETS, HAIL 4 = ICE PELLETS
TOTAL MONTH: M 5 = HAIL
GRTST 24HR M ON M 6 = FREEZING RAIN OR DRIZZLE
GRTST DEPTH: M ON M 7 = DUSTSTORM OR SANDSTORM:
VSBY 1/2 MILE OR LESS
8 = SMOKE OR HAZE
[NO. OF DAYS WITH] [WEATHER - DAYS WITH] 9 = BLOWING SNOW
X = TORNADO
MAX 32 OR BELOW: 0 0.01 INCH OR MORE: 2
MAX 90 OR ABOVE: 4 0.10 INCH OR MORE: 0
MIN 32 OR BELOW: 0 0.50 INCH OR MORE: 0
MIN 0 OR BELOW: 0 1.00 INCH OR MORE: 0
[HDD (BASE 65) ]
TOTAL THIS MO. 131 CLEAR (SCALE 0-3) 28
DPTR FM NORMAL -30 PTCLDY (SCALE 4-7) 2
TOTAL FM JUL 1 156 CLOUDY (SCALE 8-10) 0
DPTR FM NORMAL -17
[CDD (BASE 65) ]
TOTAL THIS MO. 136
DPTR FM NORMAL 90 [PRESSURE DATA]
TOTAL FM JAN 1 4486 HIGHEST SLP 30.21 ON 30
DPTR FM NORMAL 599 LOWEST SLP 29.52 ON 7
[REMARKS]
#FINAL-11-20#