000
CXUS54 KHGX 011410
CF6DWH
PRELIMINARY LOCAL CLIMATOLOGICAL DATA (WS FORM: F-6)
STATION: HOUSTON/D.W._HOOKS
MONTH: JUNE
YEAR: 2023
LATITUDE: 30 4 N
LONGITUDE: 95 33 W
TEMPERATURE IN F: :PCPN: SNOW: WIND :SUNSHINE: SKY :PK WND
================================================================================
1 2 3 4 5 6A 6B 7 8 9 10 11 12 13 14 15 16 17 18
12Z AVG MX 2MIN
DY MAX MIN AVG DEP HDD CDD WTR SNW DPTH SPD SPD DIR MIN PSBL S-S WX SPD DR
================================================================================
1 89 66 78 -3 0 13 0.00 0.0 0 3.5 12 110 M M 2 1 19 130
2 91 67 79 -2 0 14 0.00 0.0 0 2.0 10 120 M M 1 1 16 150
3 93 72 83 2 0 18 0.00 0.0 0 4.2 10 200 M M 1 3 20 250
4 82 66 74 -7 0 9 1.63 0.0 0 3.5 29 320 M M 4 13 43 320
5 89 66 78 -3 0 13 0.07 0.0 0 3.3 22 120 M M 2 13 30 110
6 88 68 78 -4 0 13 0.20 0.0 0 2.4 20 140 M M 4 138 30 140
7 91 67 79 -3 0 14 0.05 0.0 0 2.3 14 70 M M 2 123 24 50
8 92 68 80 -2 0 15 0.19 0.0 0 3.8 18 330 M M 1 13 32 330
9 95 67 81 -1 0 16 0.00 0.0 0 2.1 8 170 M M 0 1 17 200
10 94 70 82 0 0 17 0.01 0.0 0 6.2 23 30 M M 2 3 43 20
11 94 70 82 0 0 17 0.01 0.0 0 6.9 16 210 M M 3 3 26 240
12 96 75 86 4 0 21 0.00 0.0 0 4.6 13 150 M M 2 24 190
13 94 75 85 3 0 20 0.00 0.0 0 5.4 14 140 M M 3 25 160
14 95 79 87 4 0 22 0.00 0.0 0 8.3 15 190 M M 4 8 24 210
15 98 81 90 7 0 25 0.00 0.0 0 8.5 15 210 M M 4 18 26 320
16 98 81 90 7 0 25 0.00 0.0 0 8.0 17 210 M M 4 18 28 210
17 97 81 89 6 0 24 0.00 0.0 0 6.0 14 200 M M 3 21 180
18 98 80 89 6 0 24 0.00 0.0 0 9.9 20 210 M M 2 30 200
19 99 81 90 7 0 25 0.00 0.0 0 8.3 15 200 M M 3 25 290
20 99 82 91 8 0 26 0.00 0.0 0 6.5 14 200 M M 3 21 180
21 100 72 86 3 0 21 0.18 0.0 0 6.3 38 10 M M 3 13 63 10
22 98 75 87 4 0 22 0.00 0.0 0 4.3 14 90 M M 1 18 18 120
23 98 77 88 5 0 23 0.00 0.0 0 4.1 16 130 M M 3 18 28 140
24 97 78 88 5 0 23 0.00 0.0 0 7.3 15 190 M M 2 24 190
25 97 81 89 6 0 24 0.00 0.0 0 9.2 16 200 M M 3 25 180
26 97 80 89 6 0 24 0.00 0.0 0 9.0 15 200 M M 4 22 170
27 99 80 90 7 0 25 0.00 0.0 0 7.4 14 200 M M 3 20 210
28 98 79 89 5 0 24 0.00 0.0 0 6.7 15 210 M M 3 8 23 270
29 99 79 89 5 0 24 0.00 0.0 0 5.5 13 210 M M 2 20 160
30 99 75 87 3 0 22 0.00 0.0 0 5.0 14 100 M M 2 1 22 150
================================================================================
SM 2854 2238 0 603 2.34 0.0 170.5 M 76
================================================================================
AV 95.1 74.6 5.7 FASTST M M 3 MAX(MPH)
MISC ----> 38 10 63 10
================================================================================
NOTES:
# LAST OF SEVERAL OCCURRENCES
COLUMN 17 PEAK WIND IN M.P.H.
PRELIMINARY LOCAL CLIMATOLOGICAL DATA (WS FORM: F-6) , PAGE 2
STATION: HOUSTON/D.W._HOOKS
MONTH: JUNE
YEAR: 2023
LATITUDE: 30 4 N
LONGITUDE: 95 33 W
[TEMPERATURE DATA] [PRECIPITATION DATA] SYMBOLS USED IN COLUMN 16
AVERAGE MONTHLY: 84.9 TOTAL FOR MONTH: 2.34 1 = FOG OR MIST
DPTR FM NORMAL: 2.4 DPTR FM NORMAL: -3.03 2 = FOG REDUCING VISIBILITY
HIGHEST: 100 ON 21 GRTST 24HR 1.63 ON 4- 4 TO 1/4 MILE OR LESS
LOWEST: 66 ON 5, 4 3 = THUNDER
SNOW, ICE PELLETS, HAIL 4 = ICE PELLETS
TOTAL MONTH: 0.0 INCH 5 = HAIL
GRTST 24HR 0.0 6 = FREEZING RAIN OR DRIZZLE
GRTST DEPTH: 0 7 = DUSTSTORM OR SANDSTORM:
VSBY 1/2 MILE OR LESS
8 = SMOKE OR HAZE
[NO. OF DAYS WITH] [WEATHER - DAYS WITH] 9 = BLOWING SNOW
X = TORNADO
MAX 32 OR BELOW: 0 0.01 INCH OR MORE: 8
MAX 90 OR ABOVE: 26 0.10 INCH OR MORE: 4
MIN 32 OR BELOW: 0 0.50 INCH OR MORE: 1
MIN 0 OR BELOW: 0 1.00 INCH OR MORE: 1
[HDD (BASE 65) ]
TOTAL THIS MO. 0 CLEAR (SCALE 0-3) 22
DPTR FM NORMAL 0 PTCLDY (SCALE 4-7) 8
TOTAL FM JUL 1 1149 CLOUDY (SCALE 8-10) 0
DPTR FM NORMAL -220
[CDD (BASE 65) ]
TOTAL THIS MO. 603
DPTR FM NORMAL 78 [PRESSURE DATA]
TOTAL FM JAN 1 1401 HIGHEST SLP 30.02 ON 30
DPTR FM NORMAL 211 LOWEST SLP 29.66 ON 14
[REMARKS]
#FINAL-06-23#