000
CXUS54 KMAF 011210
CF6E38
PRELIMINARY LOCAL CLIMATOLOGICAL DATA (WS FORM: F-6)
STATION: ALPINE-CASPARIS MUNICIPAL
MONTH: NOVEMBER
YEAR: 2021
LATITUDE: 30 23 N
LONGITUDE: 103 41 W
TEMPERATURE IN F: :PCPN: SNOW: WIND :SUNSHINE: SKY :PK WND
================================================================================
1 2 3 4 5 6A 6B 7 8 9 10 11 12 13 14 15 16 17 18
12Z AVG MX 2MIN
DY MAX MIN AVG DEP HDD CDD WTR SNW DPTH SPD SPD DIR MIN PSBL S-S WX SPD DR
================================================================================
1 80 39 60 M 5 0 M M M 4.2 14 60 M M 1 M M
2 78 47 63 M 2 0 M M M 7.2 13 230 M M 3 16 70
3 55 44 50 M 15 0 M M M 7.3 13 80 M M 10 M M
4 63 42 53 M 12 0 M M M 3.7 8 60 M M 5 M M
5 78 44 61 M 4 0 M M M 7.7 14 220 M M 0 21 230
6 80 48 64 M 1 0 M M M 7.3 12 230 M M 0 9 270
7 83 49 66 M 0 1 M M M 8.4 14 160 M M 0 20 160
8 83 55 69 M 0 4 M M M 7.2 14 220 M M 0 17 250
9 83 59 71 M 0 6 M M M 5.3 12 220 M M 0 M M
10 78 47 63 M 2 0 M M M 10.2 22 280 M M 0 29 260
11 73 41 57 M 8 0 M M M 4.7 10 50 M M 0 M M
12 74 38 56 M 9 0 M M M 8.2 18 30 M M 0 26 30
13 76 33 55 M 10 0 M M M 8.9 16 220 M M 0 22 220
14 79 47 63 M 2 0 M M M 5.9 12 250 M M 0 16 80
15 80 47 64 M 1 0 M M M 11.3 20 250 M M 0 24 250
16 80 52 66 M 0 1 M M M 10.5 20 270 M M 0 26 270
17 77 45 61 M 4 0 M M M 8.2 15 40 M M 0 22 40
18 51 34 43 M 22 0 M M M 8.6 17 40 M M 1 23 40
19 69 33 51 M 14 0 M M M 9.3 16 240 M M 0 24 230
20 78 50 64 M 1 0 M M M 10.7 18 230 M M 0 23 230
21 65 46 56 M 9 0 M M M 9.6 18 20 M M 3 28 10
22 67 34 51 M 14 0 M M M 4.3 10 220 M M 0 M M
23 75 49 62 M 3 0 M M M 9.0 18 200 M M 0 26 200
24 74 53 64 M 1 0 M M M 9.2 21 270 M M 1 28 250
25 57 40 49 M 16 0 M M M 10.3 17 40 M M 4 28 20
26 55 37 46 M 19 0 0.05 M M 2.8 10 240 M M 6 M M
27 59 43 51 M 14 0 M M M 11.0 22 250 M M 8 30 250
28 63 37 50 M 15 0 M M M 3.5 7 250 M M 2 M M
29 69 41 55 M 10 0 M M M 8.8 13 230 M M 0 17 220
30 75 49 62 M 3 0 M M M 7.8 14 220 M M 0 18 280
================================================================================
SM 2157 1323 216 12 0.05 M 230.9 M 44
================================================================================
AV 71.9 44.1 7.7 FASTST M M 1 MAX(MPH)
MISC ----> # 22 280 30 250
================================================================================
NOTES:
# LAST OF SEVERAL OCCURRENCES
COLUMN 17 PEAK WIND IN M.P.H.
PRELIMINARY LOCAL CLIMATOLOGICAL DATA (WS FORM: F-6) , PAGE 2
STATION: ALPINE-CASPARIS MUNICIPAL
MONTH: NOVEMBER
YEAR: 2021
LATITUDE: 30 23 N
LONGITUDE: 103 41 W
[TEMPERATURE DATA] [PRECIPITATION DATA] SYMBOLS USED IN COLUMN 16
AVERAGE MONTHLY: 58.0 TOTAL FOR MONTH: 0.05 1 = FOG OR MIST
DPTR FM NORMAL: 0.0 DPTR FM NORMAL: M 2 = FOG REDUCING VISIBILITY
HIGHEST: 83 ON 9, 8 GRTST 24HR 0.05 ON 26-26 TO 1/4 MILE OR LESS
LOWEST: 33 ON 19,13 3 = THUNDER
SNOW, ICE PELLETS, HAIL 4 = ICE PELLETS
TOTAL MONTH: M 5 = HAIL
GRTST 24HR M ON M 6 = FREEZING RAIN OR DRIZZLE
GRTST DEPTH: M ON M 7 = DUSTSTORM OR SANDSTORM:
VSBY 1/2 MILE OR LESS
8 = SMOKE OR HAZE
[NO. OF DAYS WITH] [WEATHER - DAYS WITH] 9 = BLOWING SNOW
X = TORNADO
MAX 32 OR BELOW: 0 0.01 INCH OR MORE: 1
MAX 90 OR ABOVE: 0 0.10 INCH OR MORE: 0
MIN 32 OR BELOW: 0 0.50 INCH OR MORE: 0
MIN 0 OR BELOW: 0 1.00 INCH OR MORE: 0
[HDD (BASE 65) ]
TOTAL THIS MO. 216 CLEAR (SCALE 0-3) 24
DPTR FM NORMAL M PTCLDY (SCALE 4-7) 5
TOTAL FM JUL 1 261 CLOUDY (SCALE 8-10) 1
DPTR FM NORMAL M
[CDD (BASE 65) ]
TOTAL THIS MO. 12
DPTR FM NORMAL M [PRESSURE DATA]
TOTAL FM JAN 1 1829 HIGHEST SLP M ON M
DPTR FM NORMAL M LOWEST SLP M ON M
[REMARKS]
#FINAL-11-21#