000
CXUS54 KMAF 040137
CF6E38
PRELIMINARY LOCAL CLIMATOLOGICAL DATA (WS FORM: F-6)
STATION: ALPINE-CASPARIS MUNICIPAL
MONTH: JULY
YEAR: 2021
LATITUDE: 30 23 N
LONGITUDE: 103 41 W
TEMPERATURE IN F: :PCPN: SNOW: WIND :SUNSHINE: SKY :PK WND
================================================================================
1 2 3 4 5 6A 6B 7 8 9 10 11 12 13 14 15 16 17 18
12Z AVG MX 2MIN
DY MAX MIN AVG DEP HDD CDD WTR SNW DPTH SPD SPD DIR MIN PSBL S-S WX SPD DR
================================================================================
1 87 67 77 M 0 12 M M M 5.8 14 140 M M 5 3 18 150
2 91 66 79 M 0 14 M M M 6.5 16 330 M M 3 23 110
3 89 62 76 M 0 11 0.24 M M 5.1 23 170 M M 3 3 36 170
4 87 64 76 M 0 11 0.67 M M 5.2 14 60 M M 3 3 32 60
5 84 63 74 M 0 9 0.25 M M 5.5 21 340 M M 2 28 340
6 83 64 74 M 0 9 M M M 7.8 16 40 M M 3 21 60
7 83 65 74 M 0 9 0.03 M M 7.8 15 70 M M 5 22 70
8 86 61 74 M 0 9 M M M 6.1 13 60 M M 2 18 80
9 87 62 75 M 0 10 M M M 6.2 14 80 M M 1 22 60
10 91 64 78 M 0 13 M M M 5.7 13 150 M M 2 21 130
11 88 65 77 M 0 12 M M M 6.3 14 110 M M 3 21 120
12 83 62 73 M 0 8 0.03 M M 6.2 15 20 M M 3 3 28 20
13 85 62 74 M 0 9 M M M 6.2 15 130 M M 1 21 140
14 89 64 77 M 0 12 M M M 9.2 14 150 M M 2 18 200
15 92 68 80 M 0 15 M M M 10.7 20 150 M M 1 25 150
16 95 63 79 M 0 14 0.68 M M 7.6 16 270 M M 2 30 240
17 90 63 77 M 0 12 0.65 M M 6.0 24 20 M M 2 54 20
18 85 64 75 M 0 10 0.01 M M 6.5 14 360 M M 2 24 40
19 89 65 77 M 0 12 M M M 5.1 15 50 M M 2 21 50
20 85 64 75 M 0 10 M M M 6.1 15 50 M M 3 23 50
21 85 59 72 M 0 7 M M M 5.0 13 10 M M 1 20 30
22 89 65 77 M 0 12 M M M 7.6 16 160 M M 2 25 130
23 91 68 80 M 0 15 M M M 7.9 14 210 M M 2 20 240
24 95 65 80 M 0 15 0.02 M M 5.0 13 30 M M 2 3 18 210
25 85 64 75 M 0 10 0.14 M M 3.5 18 190 M M 1 3 26 190
26 94 65 80 M 0 15 M M M 4.9 15 120 M M 0 18 120
27 93 62 78 M 0 13 M M M 5.2 10 120 M M 0 21 150
28 82 61 72 M 0 7 0.03 M M 4.7 10 50 M M 4 20 120
29 88 58 73 M 0 8 M M M 5.7 20 160 M M 2 29 160
30 88 60 74 M 0 9 M M M 5.6 12 150 M M 1 17 130
31 87 65 76 M 0 11 M M M 5.4 15 140 M M 1 3 18 140
================================================================================
SM 2726 1970 0 343 2.75 M 192.1 M 66
================================================================================
AV 87.9 63.5 6.2 FASTST M M 2 MAX(MPH)
MISC ----> 24 20 54 20
================================================================================
NOTES:
# LAST OF SEVERAL OCCURRENCES
COLUMN 17 PEAK WIND IN M.P.H.
PRELIMINARY LOCAL CLIMATOLOGICAL DATA (WS FORM: F-6) , PAGE 2
STATION: ALPINE-CASPARIS MUNICIPAL
MONTH: JULY
YEAR: 2021
LATITUDE: 30 23 N
LONGITUDE: 103 41 W
[TEMPERATURE DATA] [PRECIPITATION DATA] SYMBOLS USED IN COLUMN 16
AVERAGE MONTHLY: 75.7 TOTAL FOR MONTH: 2.75 1 = FOG OR MIST
DPTR FM NORMAL: 0.0 DPTR FM NORMAL: M 2 = FOG REDUCING VISIBILITY
HIGHEST: 95 ON 24,16 GRTST 24HR 0.68 ON 16-16 TO 1/4 MILE OR LESS
LOWEST: 58 ON 29 3 = THUNDER
SNOW, ICE PELLETS, HAIL 4 = ICE PELLETS
TOTAL MONTH: M 5 = HAIL
GRTST 24HR M ON M 6 = FREEZING RAIN OR DRIZZLE
GRTST DEPTH: M ON M 7 = DUSTSTORM OR SANDSTORM:
VSBY 1/2 MILE OR LESS
8 = SMOKE OR HAZE
[NO. OF DAYS WITH] [WEATHER - DAYS WITH] 9 = BLOWING SNOW
X = TORNADO
MAX 32 OR BELOW: 0 0.01 INCH OR MORE: 11
MAX 90 OR ABOVE: 9 0.10 INCH OR MORE: 6
MIN 32 OR BELOW: 0 0.50 INCH OR MORE: 3
MIN 0 OR BELOW: 0 1.00 INCH OR MORE: 0
[HDD (BASE 65) ]
TOTAL THIS MO. 0 CLEAR (SCALE 0-3) 25
DPTR FM NORMAL M PTCLDY (SCALE 4-7) 6
TOTAL FM JUL 1 0 CLOUDY (SCALE 8-10) 0
DPTR FM NORMAL M
[CDD (BASE 65) ]
TOTAL THIS MO. 343
DPTR FM NORMAL M [PRESSURE DATA]
TOTAL FM JAN 1 1082 HIGHEST SLP M ON M
DPTR FM NORMAL M LOWEST SLP M ON M
[REMARKS]
#FINAL-07-21#