000
CXUS56 KOTX 011010
CF6EAT
PRELIMINARY LOCAL CLIMATOLOGICAL DATA (WS FORM: F-6)
STATION: WENATCHEE WA PANGBORN FIELD
MONTH: DECEMBER
YEAR: 2023
LATITUDE: 47 23 N
LONGITUDE: 120 12 W
TEMPERATURE IN F: :PCPN: SNOW: WIND :SUNSHINE: SKY :PK WND
================================================================================
1 2 3 4 5 6A 6B 7 8 9 10 11 12 13 14 15 16 17 18
12Z AVG MX 2MIN
DY MAX MIN AVG DEP HDD CDD WTR SNW DPTH SPD SPD DIR MIN PSBL S-S WX SPD DR
================================================================================
1 31 23 27 -5 38 0 0.02 M M 5.0 12 90 M M 7 18 16 80
2 37 24 31 -1 34 0 0.10 M M 7.8 18 310 M M 5 12 23 300
3 35 29 32 0 33 0 0.08 M M 7.5 13 70 M M 8 12 17 70
4 35 26 31 0 34 0 0.11 M M 4.0 16 300 M M 8 12 19 300
5 37 33 35 4 30 0 T M M 3.2 9 310 M M 8 12 12 270
6 42 35 39 8 26 0 0.27 M M 4.5 12 320 M M 10 12 15 330
7 47 35 41 11 24 0 0.00 M M 5.9 17 280 M M 4 1 26 280
8 46 30 38 8 27 0 0.00 M M 5.1 15 310 M M 0 19 310
9 32 28 30 0 35 0 0.08 M M 3.4 12 130 M M 6 1 16 130
10 36 30 33 3 32 0 0.01 M M 2.1 8 280 M M 9 126 9 290
11 40 32 36 6 29 0 0.00 M M 4.8 13 290 M M 6 1 15 280
12 39 33 36 7 29 0 T M M 1.1 8 280 M M 10 1 9 250
13 36 32 34 5 31 0 0.11 M M 0.7 6 300 M M 10 1 6 300
14 38 34 36 7 29 0 T M M 1.7 6 270 M M 10 1 6 270
15 39 33 36 7 29 0 0.00 M M 4.0 8 290 M M 10 9 280
16 36 32 34 6 31 0 0.00 M M 4.3 9 90 M M 10 1 13 110
17 36 33 35 7 30 0 0.00 M M 3.0 9 40 M M 10 12 50
18 37 33 35 7 30 0 0.02 M M 2.6 8 280 M M 9 1 10 330
19 36 32 34 6 31 0 0.25 M M 4.1 9 300 M M 10 1 11 300
20 37 33 35 7 30 0 0.00 M M 2.4 7 320 M M 10 1 8 320
21 39 35 37 9 28 0 0.00 M M 0.7 6 120 M M 10 1 7 120
22 39 33 36 8 29 0 T M M 3.6 14 320 M M 6 1 17 320
23 43 27 35 7 30 0 0.00 M M 7.0 24 300 M M 0 29 310
24 31 25 28 0 37 0 T M M 1.8 6 230 M M 8 1 7 350
25 34 29 32 4 33 0 0.09 M M 2.1 7 260 M M 10 12 8 280
26 34 28 31 4 34 0 0.05 M M 2.7 9 300 M M 10 12 11 290
27 37 32 35 8 30 0 0.03 M M 3.8 9 250 M M 10 1 11 330
28 39 34 37 10 28 0 0.00 M M 2.8 9 320 M M 10 11 320
29 41 33 37 10 28 0 0.00 M M 6.1 10 320 M M 4 13 270
30 40 32 36 9 29 0 0.01 M M 1.8 12 320 M M 9 12 14 330
31 39 35 37 10 28 0 0.00 M M 2.9 7 280 M M 10 12 8 280
================================================================================
SM 1168 963 946 0 1.23 M 112.5 M 247
================================================================================
AV 37.7 31.1 3.6 FASTST M M 8 MAX(MPH)
MISC ----> 24 300 29 310
================================================================================
NOTES:
# LAST OF SEVERAL OCCURRENCES
COLUMN 17 PEAK WIND IN M.P.H.
PRELIMINARY LOCAL CLIMATOLOGICAL DATA (WS FORM: F-6) , PAGE 2
STATION: WENATCHEE WA PANGBORN FIELD
MONTH: DECEMBER
YEAR: 2023
LATITUDE: 47 23 N
LONGITUDE: 120 12 W
[TEMPERATURE DATA] [PRECIPITATION DATA] SYMBOLS USED IN COLUMN 16
AVERAGE MONTHLY: 34.4 TOTAL FOR MONTH: 1.23 1 = FOG OR MIST
DPTR FM NORMAL: 5.4 DPTR FM NORMAL: -0.08 2 = FOG REDUCING VISIBILITY
HIGHEST: 47 ON 7 GRTST 24HR 0.27 ON 6- 6 TO 1/4 MILE OR LESS
LOWEST: 23 ON 1 3 = THUNDER
SNOW, ICE PELLETS, HAIL 4 = ICE PELLETS
TOTAL MONTH: M 5 = HAIL
GRTST 24HR M ON M 6 = FREEZING RAIN OR DRIZZLE
GRTST DEPTH: M ON M 7 = DUSTSTORM OR SANDSTORM:
VSBY 1/2 MILE OR LESS
8 = SMOKE OR HAZE
[NO. OF DAYS WITH] [WEATHER - DAYS WITH] 9 = BLOWING SNOW
X = TORNADO
MAX 32 OR BELOW: 3 0.01 INCH OR MORE: 14
MAX 90 OR ABOVE: 0 0.10 INCH OR MORE: 5
MIN 32 OR BELOW: 17 0.50 INCH OR MORE: 0
MIN 0 OR BELOW: 0 1.00 INCH OR MORE: 0
[HDD (BASE 65) ]
TOTAL THIS MO. 946 CLEAR (SCALE 0-3) 2
DPTR FM NORMAL -172 PTCLDY (SCALE 4-7) 9
TOTAL FM JUL 1 2244 CLOUDY (SCALE 8-10) 20
DPTR FM NORMAL -255
[CDD (BASE 65) ]
TOTAL THIS MO. 0
DPTR FM NORMAL 0 [PRESSURE DATA]
TOTAL FM JAN 1 1097 HIGHEST SLP M ON M
DPTR FM NORMAL 290 LOWEST SLP 29.53 ON 2
[REMARKS]
#FINAL-12-23#