000
CXUS56 KOTX 010900
CF6EAT
PRELIMINARY LOCAL CLIMATOLOGICAL DATA (WS FORM: F-6)
STATION: WENATCHEE WA PANGBORN FIELD
MONTH: MARCH
YEAR: 2020
LATITUDE: 47 23 N
LONGITUDE: 120 12 W
TEMPERATURE IN F: :PCPN: SNOW: WIND :SUNSHINE: SKY :PK WND
================================================================================
1 2 3 4 5 6A 6B 7 8 9 10 11 12 13 14 15 16 17 18
12Z AVG MX 2MIN
DY MAX MIN AVG DEP HDD CDD WTR SNW DPTH SPD SPD DIR MIN PSBL S-S WX SPD DR
================================================================================
1 50 28 39 0 26 0 0.00 M M 8.7 24 300 M M 1 28 300
2 59 36 48 9 17 0 0.00 M M 7.7 21 310 M M 1 26 300
3 62 37 50 10 15 0 0.00 M M 9.9 32 280 M M 0 40 290
4 52 36 44 4 21 0 T M M 12.6 35 280 M M 0 46 290
5 50 31 41 1 24 0 0.00 M M 4.7 13 130 M M 0 16 110
6 53 32 43 2 22 0 T M M 4.8 16 300 M M 4 18 300
7 52 36 44 3 21 0 0.01 M M 7.4 17 280 M M 4 21 230
8 50 29 40 -1 25 0 0.00 M M 7.2 16 310 M M 1 20 320
9 50 24 37 -5 28 0 0.00 M M 5.2 12 280 M M 0 14 260
10 54 31 43 1 22 0 0.00 M M 6.4 23 290 M M 2 31 270
11 55 33 44 1 21 0 0.00 M M 12.2 32 310 M M 2 8 37 310
12 52 29 41 -2 24 0 0.00 M M 7.7 17 290 M M 0 21 290
13 37 31 34 -9 31 0 0.38 M M 6.2 21 20 M M 10 12 30 40
14 32 26 29 -15 36 0 T M M 13.6 36 30 M M 10 8 49 30
15 38 21 30 -14 35 0 0.00 M M 5.5 15 300 M M 3 17 310
16 50 25 38 -6 27 0 0.00 M M 5.7 13 300 M M 0 13 280
17 52 27 40 -5 25 0 0.00 M M 3.7 14 300 M M 0 16 290
18 59 30 45 0 20 0 0.00 M M 5.4 14 290 M M 0 16 290
19 59 31 45 0 20 0 0.00 M M 5.4 14 160 M M 1 16 290
20 66 35 51 5 14 0 0.00 M M 8.9 18 290 M M 0 24 300
21 63 39 51 5 14 0 0.00 M M 7.6 18 300 M M 0 23 300
22 61 35 48 2 17 0 0.00 M M 7.7 16 130 M M 0 22 130
23 55 38 47 0 18 0 T M M 9.9 24 280 M M 1 31 200
24 50 32 41 -6 24 0 0.00 M M 6.2 21 310 M M 1 25 280
25 54 34 44 -3 21 0 T M M 6.8 15 40 M M 6 19 50
26 53 31 42 -5 23 0 0.00 M M 9.2 21 290 M M 2 26 310
27 56 41 49 1 16 0 0.00 M M 7.1 14 300 M M 6 17 320
28 59 38 49 1 16 0 0.00 M M 4.6 16 280 M M 7 21 270
29 60 41 51 3 14 0 0.00 M M 8.0 26 280 M M 3 33 280
30 54 34 44 -4 21 0 0.02 M M 14.8 36 270 M M 2 43 270
31 54 34 44 -4 21 0 0.00 M M 11.2 25 310 M M 2 29 290
================================================================================
SM 1651 1005 679 0 0.41 M 242.0 M 69
================================================================================
AV 53.3 32.4 7.8 FASTST M M 2 MAX(MPH)
MISC ----> # 36 30 # 49 30
================================================================================
NOTES:
# LAST OF SEVERAL OCCURRENCES
COLUMN 17 PEAK WIND IN M.P.H.
PRELIMINARY LOCAL CLIMATOLOGICAL DATA (WS FORM: F-6) , PAGE 2
STATION: WENATCHEE WA PANGBORN FIELD
MONTH: MARCH
YEAR: 2020
LATITUDE: 47 23 N
LONGITUDE: 120 12 W
[TEMPERATURE DATA] [PRECIPITATION DATA] SYMBOLS USED IN COLUMN 16
AVERAGE MONTHLY: 42.8 TOTAL FOR MONTH: 0.41 1 = FOG OR MIST
DPTR FM NORMAL: -1.3 DPTR FM NORMAL: -0.23 2 = FOG REDUCING VISIBILITY
HIGHEST: 66 ON 20 GRTST 24HR 0.38 ON 13-13 TO 1/4 MILE OR LESS
LOWEST: 21 ON 15 3 = THUNDER
SNOW, ICE PELLETS, HAIL 4 = ICE PELLETS
TOTAL MONTH: M 5 = HAIL
GRTST 24HR M ON M 6 = FREEZING RAIN OR DRIZZLE
GRTST DEPTH: M ON M 7 = DUSTSTORM OR SANDSTORM:
VSBY 1/2 MILE OR LESS
8 = SMOKE OR HAZE
[NO. OF DAYS WITH] [WEATHER - DAYS WITH] 9 = BLOWING SNOW
X = TORNADO
MAX 32 OR BELOW: 1 0.01 INCH OR MORE: 3
MAX 90 OR ABOVE: 0 0.10 INCH OR MORE: 1
MIN 32 OR BELOW: 16 0.50 INCH OR MORE: 0
MIN 0 OR BELOW: 0 1.00 INCH OR MORE: 0
[HDD (BASE 65) ]
TOTAL THIS MO. 679 CLEAR (SCALE 0-3) 24
DPTR FM NORMAL 31 PTCLDY (SCALE 4-7) 5
TOTAL FM JUL 1 5105 CLOUDY (SCALE 8-10) 2
DPTR FM NORMAL -7
[CDD (BASE 65) ]
TOTAL THIS MO. 0
DPTR FM NORMAL -2 [PRESSURE DATA]
TOTAL FM JAN 1 0 HIGHEST SLP 0.00 ON 28
DPTR FM NORMAL -2 LOWEST SLP 29.49 ON 13
[REMARKS]
#FINAL-03-20#