000
CXUS53 KEAX 011040
CF6EAX
PRELIMINARY LOCAL CLIMATOLOGICAL DATA (WS FORM: F-6)
STATION: PLEASANT HILL NWS MO
MONTH: MAY
YEAR: 2021
LATITUDE: 38 48 N
LONGITUDE: 94 16 W
TEMPERATURE IN F: :PCPN: SNOW: WIND :SUNSHINE: SKY :PK WND
================================================================================
1 2 3 4 5 6A 6B 7 8 9 10 11 12 13 14 15 16 17 18
12Z AVG MX 2MIN
DY MAX MIN AVG DEP HDD CDD WTR SNW DPTH SPD SPD DIR MIN PSBL S-S WX SPD DR
================================================================================
1 78 57 68 8 0 3 0.00 0.0 0 M M M M M M M M
2 73 60 67 7 0 2 0.00 0.0 0 M M M M M M M M
3 70 58 64 4 1 0 0.00 0.0 0 M M M M M M M M
4 63 46 55 -6 10 0 0.09 0.0 0 M M M M M M M M
5 70 41 56 -5 9 0 T 0.0 0 M M M M M M M M
6 63 47 55 -6 10 0 0.03 0.0 0 M M M M M M M M
7 72 45 59 -3 6 0 0.00 0.0 0 M M M M M M M M
8 77 55 66 4 0 1 T 0.0 0 M M M M M M M M
9 59 43 51 -11 14 0 1.27 0.0 0 M M M M M M 13 M M
10 60 41 51 -12 14 0 0.00 0.0 0 M M M M M M M M
11 64 44 54 -9 11 0 0.01 0.0 0 M M M M M M M M
12 64 48 56 -7 9 0 0.00 0.0 0 M M M M M M M M
13 68 43 56 -8 9 0 0.00 0.0 0 M M M M M M M M
14 72 48 60 -4 5 0 0.00 0.0 0 M M M M M M M M
15 62 53 58 -6 7 0 0.18 0.0 0 M M M M M M M M
16 60 54 57 -8 8 0 2.72 0.0 0 M M M M M M 13 M M
17 69 60 65 0 0 0 0.21 0.0 0 M M M M M M M M
18 79 62 71 5 0 6 0.07 0.0 0 M M M M M M 3 M M
19 75 65 70 4 0 5 0.05 0.0 0 M M M M M M 1 M M
20 72 65 69 3 0 4 0.39 0.0 0 M M M M M M M M
21 74 66 70 3 0 5 0.06 0.0 0 M M M M M M M M
22 70 62 66 -1 0 1 0.31 0.0 0 M M M M M M M M
23 80 63 72 5 0 7 0.01 0.0 0 M M M M M M 1 M M
24 79 66 73 5 0 8 0.00 0.0 0 M M M M M M M M
25 76 65 71 3 0 6 T 0.0 0 M M M M M M M M
26 85 64 75 7 0 10 0.00 0.0 0 M M M M M M M M
27 72 60 66 -3 0 1 0.89 0.0 0 M M M M M M 3 M M
28 60 50 55 -14 10 0 T 0.0 0 M M M M M M M M
29 66 46 56 -13 9 0 T 0.0 0 M M M M M M M M
30 66 45 56 -14 9 0 T 0.0 0 M M M M M M M M
31 67 58 63 -7 2 0 0.26 0.0 0 M M M M M M M M
================================================================================
SM 2165 1680 143 59 6.55 0.0 M M M
================================================================================
AV 69.8 54.2 M FASTST M M M MAX(MPH)
MISC ----> M M M M
================================================================================
NOTES:
# LAST OF SEVERAL OCCURRENCES
COLUMN 17 PEAK WIND IN M.P.H.
PRELIMINARY LOCAL CLIMATOLOGICAL DATA (WS FORM: F-6) , PAGE 2
STATION: PLEASANT HILL NWS MO
MONTH: MAY
YEAR: 2021
LATITUDE: 38 48 N
LONGITUDE: 94 16 W
[TEMPERATURE DATA] [PRECIPITATION DATA] SYMBOLS USED IN COLUMN 16
AVERAGE MONTHLY: 62.0 TOTAL FOR MONTH: 6.55 1 = FOG OR MIST
DPTR FM NORMAL: -2.8 DPTR FM NORMAL: 0.78 2 = FOG REDUCING VISIBILITY
HIGHEST: 85 ON 26 GRTST 24HR 2.73 ON 16-17 TO 1/4 MILE OR LESS
LOWEST: 41 ON 10, 5 3 = THUNDER
SNOW, ICE PELLETS, HAIL 4 = ICE PELLETS
TOTAL MONTH: 0.0 INCH 5 = HAIL
GRTST 24HR 0.0 6 = FREEZING RAIN OR DRIZZLE
GRTST DEPTH: 0 7 = DUSTSTORM OR SANDSTORM:
VSBY 1/2 MILE OR LESS
8 = SMOKE OR HAZE
[NO. OF DAYS WITH] [WEATHER - DAYS WITH] 9 = BLOWING SNOW
X = TORNADO
MAX 32 OR BELOW: 0 0.01 INCH OR MORE: 15
MAX 90 OR ABOVE: 0 0.10 INCH OR MORE: 8
MIN 32 OR BELOW: 0 0.50 INCH OR MORE: 3
MIN 0 OR BELOW: 0 1.00 INCH OR MORE: 2
[HDD (BASE 65) ]
TOTAL THIS MO. 143 CLEAR (SCALE 0-3) 0
DPTR FM NORMAL 39 PTCLDY (SCALE 4-7) 0
TOTAL FM JUL 1 4847 CLOUDY (SCALE 8-10) 31
DPTR FM NORMAL -66
[CDD (BASE 65) ]
TOTAL THIS MO. 59
DPTR FM NORMAL -40 [PRESSURE DATA]
TOTAL FM JAN 1 78 HIGHEST SLP M ON M
DPTR FM NORMAL -39 LOWEST SLP M ON M
[REMARKS]
#FINAL-05-21#