272
CXUS51 KAKQ 040921
CF6ECG
PRELIMINARY LOCAL CLIMATOLOGICAL DATA (WS FORM: F-6)
STATION: ELIZABETH CITY NC
MONTH: MARCH
YEAR: 2020
LATITUDE: 36 16 N
LONGITUDE: 76 11 W
TEMPERATURE IN F: :PCPN: SNOW: WIND :SUNSHINE: SKY :PK WND
================================================================================
1 2 3 4 5 6A 6B 7 8 9 10 11 12 13 14 15 16 17 18
12Z AVG MX 2MIN
DY MAX MIN AVG DEP HDD CDD WTR SNW DPTH SPD SPD DIR MIN PSBL S-S WX SPD DR
================================================================================
1 53 25 39 -7 26 0 0.00 0.0 0 6.2 14 230 M M 0 19 230
2 70 39 55 9 10 0 0.00 0.0 0 10.8 21 210 M M 1 27 170
3 72 54 63 16 2 0 0.05 0.0 0 11.3 24 210 M M 3 1 31 210
4 65 47 56 9 9 0 0.00 0.0 0 7.4 15 260 M M 1 21 270
5 55 47 51 4 14 0 0.18 0.0 0 11.1 25 30 M M 3 1 32 30
6 55 44 50 3 15 0 0.39 0.0 0 11.6 26 330 M M 10 1 34 320
7 54 32 43 -5 22 0 0.00 0.0 0 15.0 26 340 M M 5 33 320
8 59 30 45 -3 20 0 0.00 0.0 0 4.5 13 210 M M 0 17 190
9 72 40 56 8 9 0 0.00 0.0 0 11.6 22 220 M M 0 28 210
10 75 56 66 18 0 1 T 0.0 0 12.2 26 200 M M 3 35 200
11 69 53 61 12 4 0 0.00 0.0 0 6.5 14 50 M M 3 16 40
12 75 52 64 15 1 0 0.00 0.0 0 7.6 14 120 M M 1 1 25 160
13 79 61 70 21 0 5 0.01 0.0 0 11.0 21 240 M M 3 28 210
14 65 51 58 9 7 0 T 0.0 0 10.0 20 40 M M 3 23 50
15 53 47 50 0 15 0 0.10 0.0 0 15.1 23 20 M M 9 1 28 20
16 52 47 50 0 15 0 T 0.0 0 13.7 21 30 M M 10 26 40
17 66 41 54 4 11 0 T 0.0 0 7.0 15 210 M M 6 1 19 220
18 63 46 55 4 10 0 0.00 0.0 0 10.7 24 40 M M 4 12 27 40
19 83 53 68 17 0 3 0.02 0.0 0 10.2 18 230 M M 4 1 24 220
20 87 67 77 26 0 12 0.00 0.0 0 17.2 28 210 M M 0 36 210
21 71 51 61 9 4 0 0.16 0.0 0 12.6 26 30 M M 8 1 33 30
22 57 49 53 1 12 0 0.02 0.0 0 17.8 25 40 M M 10 1 31 40
23 57 51 54 2 11 0 1.41 0.0 0 8.9 18 260 M M 9 1 28 220
24 59 47 53 1 12 0 0.33 0.0 0 9.3 16 80 M M 6 1 21 80
25 59 49 54 1 11 0 1.27 0.0 0 15.6 25 360 M M 10 1 33 10
26 61 45 53 0 12 0 0.00 0.0 0 8.7 17 200 M M 3 23 200
27 78 54 66 13 0 1 T 0.0 0 11.2 20 220 M M 2 32 300
28 86 60 73 19 0 8 0.00 0.0 0 8.5 15 210 M M 3 12 18 190
29 88 68 78 24 0 13 0.00 0.0 0 13.6 18 210 M M 0 28 220
30 79 60 70 16 0 5 0.00 0.0 0 8.2 21 280 M M 0 41 20
31 63 50 57 3 8 0 0.97 0.0 0 16.4 32 30 M M 6 1 38 30
================================================================================
SM 2080 1516 260 48 4.91 0.0 341.5 M 126
================================================================================
AV 67.1 48.9 11.0 FASTST M M 4 MAX(MPH)
MISC ----> # 32 30 # 41 20
================================================================================
NOTES:
# LAST OF SEVERAL OCCURRENCES
COLUMN 17 PEAK WIND IN M.P.H.
PRELIMINARY LOCAL CLIMATOLOGICAL DATA (WS FORM: F-6) , PAGE 2
STATION: ELIZABETH CITY NC
MONTH: MARCH
YEAR: 2020
LATITUDE: 36 16 N
LONGITUDE: 76 11 W
[TEMPERATURE DATA] [PRECIPITATION DATA] SYMBOLS USED IN COLUMN 16
AVERAGE MONTHLY: 58.0 TOTAL FOR MONTH: 4.91 1 = FOG OR MIST
DPTR FM NORMAL: 7.9 DPTR FM NORMAL: 0.93 2 = FOG REDUCING VISIBILITY
HIGHEST: 88 ON 29 GRTST 24HR 1.41 ON 23-23 TO 1/4 MILE OR LESS
LOWEST: 25 ON 1 3 = THUNDER
SNOW, ICE PELLETS, HAIL 4 = ICE PELLETS
TOTAL MONTH: 0.0 INCH 5 = HAIL
GRTST 24HR 0.0 6 = FREEZING RAIN OR DRIZZLE
GRTST DEPTH: 0 7 = DUSTSTORM OR SANDSTORM:
VSBY 1/2 MILE OR LESS
8 = SMOKE OR HAZE
[NO. OF DAYS WITH] [WEATHER - DAYS WITH] 9 = BLOWING SNOW
X = TORNADO
MAX 32 OR BELOW: 0 0.01 INCH OR MORE: 12
MAX 90 OR ABOVE: 0 0.10 INCH OR MORE: 8
MIN 32 OR BELOW: 3 0.50 INCH OR MORE: 3
MIN 0 OR BELOW: 0 1.00 INCH OR MORE: 2
[HDD (BASE 65) ]
TOTAL THIS MO. 260 CLEAR (SCALE 0-3) 17
DPTR FM NORMAL -205 PTCLDY (SCALE 4-7) 8
TOTAL FM JUL 1 2109 CLOUDY (SCALE 8-10) 6
DPTR FM NORMAL -828
[CDD (BASE 65) ]
TOTAL THIS MO. 48
DPTR FM NORMAL 43 [PRESSURE DATA]
TOTAL FM JAN 1 62 HIGHEST SLP 30.63 ON 8
DPTR FM NORMAL 55 LOWEST SLP 29.53 ON 31
[REMARKS]
#FINAL-03-20#