000
CXUS54 KEWX 051854
CF6ECU
PRELIMINARY LOCAL CLIMATOLOGICAL DATA (WS FORM: F-6)
STATION: EDWARDS COUNTY AIRPORT
MONTH: JUNE
YEAR: 2022
LATITUDE: 29 57 N
LONGITUDE: 100 10 W
TEMPERATURE IN F: :PCPN: SNOW: WIND :SUNSHINE: SKY :PK WND
================================================================================
1 2 3 4 5 6A 6B 7 8 9 10 11 12 13 14 15 16 17 18
12Z AVG MX 2MIN
DY MAX MIN AVG DEP HDD CDD WTR SNW DPTH SPD SPD DIR MIN PSBL S-S WX SPD DR
================================================================================
1 91 70 81 M 0 16 0.00 M M 13.1 18 150 M M 6 33 140
2 91 72 82 M 0 17 0.00 M M 8.7 16 160 M M 8 25 160
3 91 70 81 M 0 16 0.00 M M 9.2 16 140 M M 4 23 130
4 93 63 78 M 0 13 0.09 M M 9.1 18 320 M M 2 36 320
5 99 70 85 M 0 20 0.00 M M 14.4 20 150 M M 0 26 150
6 102 70 86 M 0 21 0.00 M M 13.1 21 160 M M 0 30 150
7 99 70 85 M 0 20 0.00 M M 15.2 20 150 M M 2 8 26 150
8 100 68 84 M 0 19 0.00 M M 13.1 18 160 M M 1 1 29 140
9 93 72 83 M 0 18 0.00 M M 11.0 17 150 M M 2 8 24 150
10 97 73 85 M 0 20 0.00 M M 9.7 17 160 M M 2 20 160
11 99 73 86 M 0 21 0.00 M M 9.1 14 150 M M 0 18 99
12 100 73 87 M 0 22 0.00 M M 13.7 18 180 M M 0 25 160
13 97 72 85 M 0 20 0.00 M M 18.7 25 140 M M 0 8 37 140
14 93 72 83 M 0 18 0.00 M M 19.5 24 160 M M 3 35 150
15 95 73 84 M 0 19 0.00 M M 18.4 24 140 M M 6 32 140
16 95 70 83 M 0 18 0.00 M M 16.2 21 150 M M 3 18 30 160
17 95 66 81 M 0 16 0.00 M M 9.6 15 160 M M 1 8 23 150
18 93 68 81 M 0 16 0.00 M M 11.2 16 160 M M 1 25 150
19 93 72 83 M 0 18 0.00 M M 11.9 15 140 M M 3 24 140
20 95 72 84 M 0 19 0.00 M M 13.4 23 150 M M 0 30 150
21 95 72 84 M 0 19 0.00 M M 12.2 15 140 M M 0 25 140
22 93 70 82 M 0 17 0.00 M M 10.9 17 140 M M 3 24 140
23 97 70 84 M 0 19 0.00 M M 9.9 18 150 M M 0 23 150
24 97 73 85 M 0 20 0.00 M M 11.2 17 150 M M 0 22 140
25 95 72 84 M 0 19 0.00 M M 11.9 20 140 M M 0 25 140
26 97 70 84 M 0 19 0.00 M M 10.0 17 140 M M 1 23 140
27 93 72 83 M 0 18 0.73 M M 7.7 15 360 M M 4 22 360
28 86 68 77 M 0 12 0.00 M M 7.4 18 130 M M 4 25 130
29 93 68 81 M 0 16 0.00 M M 4.8 10 160 M M 4 16 40
30 93 72 83 M 0 18 0.00 M M 6.7 12 100 M M 3 20 0
================================================================================
SM 2850 2116 0 544 0.82 M 351.1 M 63
================================================================================
AV 95.0 70.5 11.7 FASTST M M 2 MAX(MPH)
MISC ----> 25 140 37 140
================================================================================
NOTES:
# LAST OF SEVERAL OCCURRENCES
COLUMN 17 PEAK WIND IN M.P.H.
PRELIMINARY LOCAL CLIMATOLOGICAL DATA (WS FORM: F-6) , PAGE 2
STATION: EDWARDS COUNTY AIRPORT
MONTH: JUNE
YEAR: 2022
LATITUDE: 29 57 N
LONGITUDE: 100 10 W
[TEMPERATURE DATA] [PRECIPITATION DATA] SYMBOLS USED IN COLUMN 16
AVERAGE MONTHLY: 82.8 TOTAL FOR MONTH: 0.82 1 = FOG OR MIST
DPTR FM NORMAL: 0.0 DPTR FM NORMAL: M 2 = FOG REDUCING VISIBILITY
HIGHEST: 102 ON 6 GRTST 24HR 0.73 ON 27-27 TO 1/4 MILE OR LESS
LOWEST: 63 ON 4 3 = THUNDER
SNOW, ICE PELLETS, HAIL 4 = ICE PELLETS
TOTAL MONTH: M 5 = HAIL
GRTST 24HR M ON M 6 = FREEZING RAIN OR DRIZZLE
GRTST DEPTH: M ON M 7 = DUSTSTORM OR SANDSTORM:
VSBY 1/2 MILE OR LESS
8 = SMOKE OR HAZE
[NO. OF DAYS WITH] [WEATHER - DAYS WITH] 9 = BLOWING SNOW
X = TORNADO
MAX 32 OR BELOW: 0 0.01 INCH OR MORE: 2
MAX 90 OR ABOVE: 29 0.10 INCH OR MORE: 1
MIN 32 OR BELOW: 0 0.50 INCH OR MORE: 1
MIN 0 OR BELOW: 0 1.00 INCH OR MORE: 0
[HDD (BASE 65) ]
TOTAL THIS MO. 0 CLEAR (SCALE 0-3) 23
DPTR FM NORMAL M PTCLDY (SCALE 4-7) 7
TOTAL FM JUL 1 1289 CLOUDY (SCALE 8-10) 0
DPTR FM NORMAL M
[CDD (BASE 65) ]
TOTAL THIS MO. 544
DPTR FM NORMAL M [PRESSURE DATA]
TOTAL FM JAN 1 972 HIGHEST SLP M ON M
DPTR FM NORMAL M LOWEST SLP M ON M
[REMARKS]
#FINAL-06-22#