000
CXUS55 KVEF 010910
CF6EED
PRELIMINARY LOCAL CLIMATOLOGICAL DATA (WS FORM: F-6)
STATION: NEEDLES CA
MONTH: AUGUST
YEAR: 2022
LATITUDE: 34 46 N
LONGITUDE: 114 37 W
TEMPERATURE IN F: :PCPN: SNOW: WIND :SUNSHINE: SKY :PK WND
================================================================================
1 2 3 4 5 6A 6B 7 8 9 10 11 12 13 14 15 16 17 18
12Z AVG MX 2MIN
DY MAX MIN AVG DEP HDD CDD WTR SNW DPTH SPD SPD DIR MIN PSBL S-S WX SPD DR
================================================================================
1 105 81 93 -6 0 28 0.00 M M 4.2 21 290 M M 1 27 290
2 106 87 97 -2 0 32 0.11 M M 4.9 35 200 M M 2 8 44 200
3 112 86 99 0 0 34 0.00 M M 7.4 18 210 M M 0 25 220
4 100 79 90 -9 0 25 0.31 M M 7.1 25 180 M M 3 38 33 170
5 104 80 92 -7 0 27 0.00 M M 4.3 14 120 M M 2 21 120
6 110 86 98 0 0 33 0.00 M M 3.8 12 60 M M 0 16 20
7 109 90 100 2 0 35 0.00 M M 7.9 22 110 M M 4 38 28 120
8 104 93 99 1 0 34 0.00 M M 9.8 20 190 M M 0 25 170
9 105 87 96 -2 0 31 0.02 M M 5.6 28 210 M M 1 3 35 210
10 107 85 96 -2 0 31 0.00 M M 5.3 25 50 M M 2 34 40
11 107 85 96 -2 0 31 T M M 4.7 25 170 M M 1 3 34 330
12 106 85 96 -2 0 31 T M M 8.1 38 290 M M 1 3 53 240
13 105 82 94 -4 0 29 0.29 M M 3.7 28 270 M M 1 3 35 280
14 104 83 94 -4 0 29 T M M 5.5 35 290 M M 0 3 46 300
15 103 80 92 -6 0 27 T M M 2.5 9 10 M M 1 15 340
16 109 86 98 0 0 33 0.00 M M 5.9 21 230 M M 0 25 240
17 108 86 97 -1 0 32 0.03 M M 5.8 41 200 M M 1 3 63 200
18 107 84 96 -1 0 31 0.01 M M 4.7 28 320 M M 0 3 35 330
19 107 83 95 -2 0 30 0.00 M M 4.9 22 140 M M 0 28 130
20 105 84 95 -2 0 30 0.00 M M 8.3 20 190 M M 0 28 200
21 106 79 93 -4 0 28 T M M 12.5 36 110 M M 0 8 46 110
22 108 81 95 -2 0 30 0.00 M M 6.6 20 240 M M 0 26 240
23 110 86 98 1 0 33 0.00 M M 6.8 24 160 M M 0 37 90
24 107 74 91 -5 0 26 0.87 M M 9.4 44 210 M M 2 13 56 210
25 100 76 88 -8 0 23 0.00 M M 4.0 16 360 M M 0 19 10
26 105 83 94 -2 0 29 M M M 3.6 22 150 M M 0 3 27 150
27 110 83 97 1 0 32 0.00 M M 6.4 17 80 M M 0 23 50
28 106 87 97 1 0 32 0.00 M M 6.9 17 170 M M 0 25 200
29 108 87 98 2 0 33 0.00 M M 3.6 13 230 M M 0 17 170
30 115 87 101 6 0 36 0.00 M M 4.4 15 280 M M 1 21 270
31 113 89 101 6 0 36 0.00 M M 3.9 14 120 M M 1 19 130
================================================================================
SM 3311 2604 0 951 1.64 M 182.5 M 24
================================================================================
AV106.8 84.0 5.9 FASTST M M 1 MAX(MPH)
MISC ----> 44 210 63 200
================================================================================
NOTES:
# LAST OF SEVERAL OCCURRENCES
COLUMN 17 PEAK WIND IN M.P.H.
PRELIMINARY LOCAL CLIMATOLOGICAL DATA (WS FORM: F-6) , PAGE 2
STATION: NEEDLES CA
MONTH: AUGUST
YEAR: 2022
LATITUDE: 34 46 N
LONGITUDE: 114 37 W
[TEMPERATURE DATA] [PRECIPITATION DATA] SYMBOLS USED IN COLUMN 16
AVERAGE MONTHLY: 95.4 TOTAL FOR MONTH: 1.64 1 = FOG OR MIST
DPTR FM NORMAL: -2.0 DPTR FM NORMAL: 1.25 2 = FOG REDUCING VISIBILITY
HIGHEST: 115 ON 30 GRTST 24HR 0.87 ON 24-24 TO 1/4 MILE OR LESS
LOWEST: 74 ON 24 3 = THUNDER
SNOW, ICE PELLETS, HAIL 4 = ICE PELLETS
TOTAL MONTH: M 5 = HAIL
GRTST 24HR M ON M 6 = FREEZING RAIN OR DRIZZLE
GRTST DEPTH: M ON M 7 = DUSTSTORM OR SANDSTORM:
VSBY 1/2 MILE OR LESS
8 = SMOKE OR HAZE
[NO. OF DAYS WITH] [WEATHER - DAYS WITH] 9 = BLOWING SNOW
X = TORNADO
MAX 32 OR BELOW: 0 0.01 INCH OR MORE: 7
MAX 90 OR ABOVE: 31 0.10 INCH OR MORE: 4
MIN 32 OR BELOW: 0 0.50 INCH OR MORE: 1
MIN 0 OR BELOW: 0 1.00 INCH OR MORE: 0
[HDD (BASE 65) ]
TOTAL THIS MO. 0 CLEAR (SCALE 0-3) 30
DPTR FM NORMAL 0 PTCLDY (SCALE 4-7) 1
TOTAL FM JUL 1 0 CLOUDY (SCALE 8-10) 0
DPTR FM NORMAL 0
[CDD (BASE 65) ]
TOTAL THIS MO. 951
DPTR FM NORMAL -52 [PRESSURE DATA]
TOTAL FM JAN 1 3953 HIGHEST SLP M ON M
DPTR FM NORMAL 103 LOWEST SLP 29.50 ON 27
[REMARKS]
#FINAL-08-22#